{"id":2671,"date":"2023-01-02T20:30:33","date_gmt":"2023-01-02T20:30:33","guid":{"rendered":"https:\/\/cartasonorademallorca.com\/listing\/jeroni-marti-poderos-organista-de-lesglesia-desporles\/"},"modified":"2023-01-08T16:06:24","modified_gmt":"2023-01-08T16:06:24","slug":"jeroni-marti-poderos-organista-de-lesglesia-desporles","status":"publish","type":"listing","link":"https:\/\/cartasonorademallorca.com\/en\/listing\/jeroni-marti-poderos-organista-de-lesglesia-desporles\/","title":{"rendered":"Jeroni Mart\u00ed Poder\u00f3s, organista de l&#8217;esgl\u00e8sia d&#8217;Esporles"},"content":{"rendered":"<p>A l&#8217;Arxiu del Regne de Mallorca s&#8217;hi guarda una acta del notari Joanot Garcia segons la qual el dia set de febrer de 1685 el rector d&#8217;Esporles, Mn. Joan Baptista Vanrell, atenent que en aquell moment no hi havia cap prevere ni clergue que toc\u00e0s l&#8217;orgue a l&#8217;esgl\u00e9sia d&#8217;Esporles, encarrega aquesta tasca &#8220;a Jeroni Mart\u00ed Poder\u00f3s, clergue, amb els corresponents emoluments que li pertoquin&#8221;.<\/p>\n<p>&nbsp;<\/p>\n","protected":false},"featured_media":2654,"comment_status":"closed","ping_status":"closed","template":"","tags":[386,387],"listing_category":[390],"listing_location":[391],"listing_feature":[48,157],"class_list":["post-2671","listing","type-listing","status-publish","has-post-thumbnail","hentry","tag-esporles-en","tag-orgue-en","custom_tags_1-jeroni-marti-poderos-en","custom_tags_1-joan-baptista-vanrell-en","listing_category-text-en","listing_location-esporles-en","listing_feature-ambit-religios","listing_feature-documentacio-musics"],"acf":[],"yoast_head":"<!-- This site is optimized with the Yoast SEO plugin v27.4 - https:\/\/yoast.com\/product\/yoast-seo-wordpress\/ -->\n<title>Jeroni Mart\u00ed Poder\u00f3s, organista de l&#039;esgl\u00e8sia d&#039;Esporles - Carta Sonora de Mallorca<\/title>\n<meta name=\"robots\" content=\"index, follow, max-snippet:-1, max-image-preview:large, max-video-preview:-1\" \/>\n<link rel=\"canonical\" href=\"https:\/\/cartasonorademallorca.com\/en\/listing\/jeroni-marti-poderos-organista-de-lesglesia-desporles\/\" \/>\n<meta property=\"og:locale\" content=\"en_US\" \/>\n<meta property=\"og:type\" content=\"article\" \/>\n<meta property=\"og:title\" content=\"Jeroni Mart\u00ed Poder\u00f3s, organista de l&#039;esgl\u00e8sia d&#039;Esporles - Carta Sonora de Mallorca\" \/>\n<meta property=\"og:description\" content=\"A l&#8217;Arxiu del Regne de Mallorca s&#8217;hi guarda una acta del notari Joanot Garcia segons la qual el dia set de febrer de 1685 el rector d&#8217;Esporles, Mn. Joan Baptista Vanrell, atenent que en aquell moment no hi havia cap prevere ni clergue que toc\u00e0s l&#8217;orgue a l&#8217;esgl\u00e9sia d&#8217;Esporles, encarrega aquesta tasca &#8220;a Jeroni Mart\u00ed [&hellip;]\" \/>\n<meta property=\"og:url\" content=\"https:\/\/cartasonorademallorca.com\/en\/listing\/jeroni-marti-poderos-organista-de-lesglesia-desporles\/\" \/>\n<meta property=\"og:site_name\" content=\"Carta Sonora de Mallorca\" \/>\n<meta property=\"article:modified_time\" content=\"2023-01-08T16:06:24+00:00\" \/>\n<meta property=\"og:image\" content=\"https:\/\/cartasonorademallorca.com\/wp-content\/uploads\/2023\/01\/Esporles_Iglesia_de_Sant_Pere_fachada_principal.jpg\" \/>\n\t<meta property=\"og:image:width\" content=\"1365\" \/>\n\t<meta property=\"og:image:height\" content=\"2047\" \/>\n\t<meta property=\"og:image:type\" content=\"image\/jpeg\" \/>\n<meta name=\"twitter:card\" content=\"summary_large_image\" \/>\n<meta name=\"twitter:label1\" content=\"Est. reading time\" \/>\n\t<meta name=\"twitter:data1\" content=\"1 minute\" \/>\n<script type=\"application\/ld+json\" class=\"yoast-schema-graph\">{\"@context\":\"https:\\\/\\\/schema.org\",\"@graph\":[{\"@type\":\"WebPage\",\"@id\":\"https:\\\/\\\/cartasonorademallorca.com\\\/en\\\/listing\\\/jeroni-marti-poderos-organista-de-lesglesia-desporles\\\/\",\"url\":\"https:\\\/\\\/cartasonorademallorca.com\\\/en\\\/listing\\\/jeroni-marti-poderos-organista-de-lesglesia-desporles\\\/\",\"name\":\"Jeroni Mart\u00ed Poder\u00f3s, organista de l'esgl\u00e8sia d'Esporles - Carta Sonora de Mallorca\",\"isPartOf\":{\"@id\":\"https:\\\/\\\/cartasonorademallorca.com\\\/en\\\/#website\"},\"primaryImageOfPage\":{\"@id\":\"https:\\\/\\\/cartasonorademallorca.com\\\/en\\\/listing\\\/jeroni-marti-poderos-organista-de-lesglesia-desporles\\\/#primaryimage\"},\"image\":{\"@id\":\"https:\\\/\\\/cartasonorademallorca.com\\\/en\\\/listing\\\/jeroni-marti-poderos-organista-de-lesglesia-desporles\\\/#primaryimage\"},\"thumbnailUrl\":\"https:\\\/\\\/cartasonorademallorca.com\\\/wp-content\\\/uploads\\\/2023\\\/01\\\/Esporles_Iglesia_de_Sant_Pere_fachada_principal.jpg\",\"datePublished\":\"2023-01-02T20:30:33+00:00\",\"dateModified\":\"2023-01-08T16:06:24+00:00\",\"breadcrumb\":{\"@id\":\"https:\\\/\\\/cartasonorademallorca.com\\\/en\\\/listing\\\/jeroni-marti-poderos-organista-de-lesglesia-desporles\\\/#breadcrumb\"},\"inLanguage\":\"en-US\",\"potentialAction\":[{\"@type\":\"ReadAction\",\"target\":[\"https:\\\/\\\/cartasonorademallorca.com\\\/en\\\/listing\\\/jeroni-marti-poderos-organista-de-lesglesia-desporles\\\/\"]}]},{\"@type\":\"ImageObject\",\"inLanguage\":\"en-US\",\"@id\":\"https:\\\/\\\/cartasonorademallorca.com\\\/en\\\/listing\\\/jeroni-marti-poderos-organista-de-lesglesia-desporles\\\/#primaryimage\",\"url\":\"https:\\\/\\\/cartasonorademallorca.com\\\/wp-content\\\/uploads\\\/2023\\\/01\\\/Esporles_Iglesia_de_Sant_Pere_fachada_principal.jpg\",\"contentUrl\":\"https:\\\/\\\/cartasonorademallorca.com\\\/wp-content\\\/uploads\\\/2023\\\/01\\\/Esporles_Iglesia_de_Sant_Pere_fachada_principal.jpg\",\"width\":1365,\"height\":2047,\"caption\":\"Fotografia: Ma Lopez 21 (2017). Font: https:\\\/\\\/commons.wikimedia.org\\\/wiki\\\/File:Esporles,_Iglesia_de_Sant_Pere,_fachada_principal.jpg\"},{\"@type\":\"BreadcrumbList\",\"@id\":\"https:\\\/\\\/cartasonorademallorca.com\\\/en\\\/listing\\\/jeroni-marti-poderos-organista-de-lesglesia-desporles\\\/#breadcrumb\",\"itemListElement\":[{\"@type\":\"ListItem\",\"position\":1,\"name\":\"Portada\",\"item\":\"https:\\\/\\\/cartasonorademallorca.com\\\/en\\\/\"},{\"@type\":\"ListItem\",\"position\":2,\"name\":\"Llistats\",\"item\":\"https:\\\/\\\/cartasonorademallorca.com\\\/en\\\/arxiu\\\/\"},{\"@type\":\"ListItem\",\"position\":3,\"name\":\"Jeroni Mart\u00ed Poder\u00f3s, organista de l&#8217;esgl\u00e8sia d&#8217;Esporles\"}]},{\"@type\":\"WebSite\",\"@id\":\"https:\\\/\\\/cartasonorademallorca.com\\\/en\\\/#website\",\"url\":\"https:\\\/\\\/cartasonorademallorca.com\\\/en\\\/\",\"name\":\"Carta Sonora de Mallorca\",\"description\":\"\",\"potentialAction\":[{\"@type\":\"SearchAction\",\"target\":{\"@type\":\"EntryPoint\",\"urlTemplate\":\"https:\\\/\\\/cartasonorademallorca.com\\\/en\\\/?s={search_term_string}\"},\"query-input\":{\"@type\":\"PropertyValueSpecification\",\"valueRequired\":true,\"valueName\":\"search_term_string\"}}],\"inLanguage\":\"en-US\"}]}<\/script>\n<!-- \/ Yoast SEO plugin. -->","yoast_head_json":{"title":"Jeroni Mart\u00ed Poder\u00f3s, organista de l'esgl\u00e8sia d'Esporles - Carta Sonora de Mallorca","robots":{"index":"index","follow":"follow","max-snippet":"max-snippet:-1","max-image-preview":"max-image-preview:large","max-video-preview":"max-video-preview:-1"},"canonical":"https:\/\/cartasonorademallorca.com\/en\/listing\/jeroni-marti-poderos-organista-de-lesglesia-desporles\/","og_locale":"en_US","og_type":"article","og_title":"Jeroni Mart\u00ed Poder\u00f3s, organista de l'esgl\u00e8sia d'Esporles - Carta Sonora de Mallorca","og_description":"A l&#8217;Arxiu del Regne de Mallorca s&#8217;hi guarda una acta del notari Joanot Garcia segons la qual el dia set de febrer de 1685 el rector d&#8217;Esporles, Mn. Joan Baptista Vanrell, atenent que en aquell moment no hi havia cap prevere ni clergue que toc\u00e0s l&#8217;orgue a l&#8217;esgl\u00e9sia d&#8217;Esporles, encarrega aquesta tasca &#8220;a Jeroni Mart\u00ed [&hellip;]","og_url":"https:\/\/cartasonorademallorca.com\/en\/listing\/jeroni-marti-poderos-organista-de-lesglesia-desporles\/","og_site_name":"Carta Sonora de Mallorca","article_modified_time":"2023-01-08T16:06:24+00:00","og_image":[{"width":1365,"height":2047,"url":"https:\/\/cartasonorademallorca.com\/wp-content\/uploads\/2023\/01\/Esporles_Iglesia_de_Sant_Pere_fachada_principal.jpg","type":"image\/jpeg"}],"twitter_card":"summary_large_image","twitter_misc":{"Est. reading time":"1 minute"},"schema":{"@context":"https:\/\/schema.org","@graph":[{"@type":"WebPage","@id":"https:\/\/cartasonorademallorca.com\/en\/listing\/jeroni-marti-poderos-organista-de-lesglesia-desporles\/","url":"https:\/\/cartasonorademallorca.com\/en\/listing\/jeroni-marti-poderos-organista-de-lesglesia-desporles\/","name":"Jeroni Mart\u00ed Poder\u00f3s, organista de l'esgl\u00e8sia d'Esporles - Carta Sonora de Mallorca","isPartOf":{"@id":"https:\/\/cartasonorademallorca.com\/en\/#website"},"primaryImageOfPage":{"@id":"https:\/\/cartasonorademallorca.com\/en\/listing\/jeroni-marti-poderos-organista-de-lesglesia-desporles\/#primaryimage"},"image":{"@id":"https:\/\/cartasonorademallorca.com\/en\/listing\/jeroni-marti-poderos-organista-de-lesglesia-desporles\/#primaryimage"},"thumbnailUrl":"https:\/\/cartasonorademallorca.com\/wp-content\/uploads\/2023\/01\/Esporles_Iglesia_de_Sant_Pere_fachada_principal.jpg","datePublished":"2023-01-02T20:30:33+00:00","dateModified":"2023-01-08T16:06:24+00:00","breadcrumb":{"@id":"https:\/\/cartasonorademallorca.com\/en\/listing\/jeroni-marti-poderos-organista-de-lesglesia-desporles\/#breadcrumb"},"inLanguage":"en-US","potentialAction":[{"@type":"ReadAction","target":["https:\/\/cartasonorademallorca.com\/en\/listing\/jeroni-marti-poderos-organista-de-lesglesia-desporles\/"]}]},{"@type":"ImageObject","inLanguage":"en-US","@id":"https:\/\/cartasonorademallorca.com\/en\/listing\/jeroni-marti-poderos-organista-de-lesglesia-desporles\/#primaryimage","url":"https:\/\/cartasonorademallorca.com\/wp-content\/uploads\/2023\/01\/Esporles_Iglesia_de_Sant_Pere_fachada_principal.jpg","contentUrl":"https:\/\/cartasonorademallorca.com\/wp-content\/uploads\/2023\/01\/Esporles_Iglesia_de_Sant_Pere_fachada_principal.jpg","width":1365,"height":2047,"caption":"Fotografia: Ma Lopez 21 (2017). Font: https:\/\/commons.wikimedia.org\/wiki\/File:Esporles,_Iglesia_de_Sant_Pere,_fachada_principal.jpg"},{"@type":"BreadcrumbList","@id":"https:\/\/cartasonorademallorca.com\/en\/listing\/jeroni-marti-poderos-organista-de-lesglesia-desporles\/#breadcrumb","itemListElement":[{"@type":"ListItem","position":1,"name":"Portada","item":"https:\/\/cartasonorademallorca.com\/en\/"},{"@type":"ListItem","position":2,"name":"Llistats","item":"https:\/\/cartasonorademallorca.com\/en\/arxiu\/"},{"@type":"ListItem","position":3,"name":"Jeroni Mart\u00ed Poder\u00f3s, organista de l&#8217;esgl\u00e8sia d&#8217;Esporles"}]},{"@type":"WebSite","@id":"https:\/\/cartasonorademallorca.com\/en\/#website","url":"https:\/\/cartasonorademallorca.com\/en\/","name":"Carta Sonora de Mallorca","description":"","potentialAction":[{"@type":"SearchAction","target":{"@type":"EntryPoint","urlTemplate":"https:\/\/cartasonorademallorca.com\/en\/?s={search_term_string}"},"query-input":{"@type":"PropertyValueSpecification","valueRequired":true,"valueName":"search_term_string"}}],"inLanguage":"en-US"}]}},"_links":{"self":[{"href":"https:\/\/cartasonorademallorca.com\/en\/wp-json\/wp\/v2\/listing\/2671","targetHints":{"allow":["GET"]}}],"collection":[{"href":"https:\/\/cartasonorademallorca.com\/en\/wp-json\/wp\/v2\/listing"}],"about":[{"href":"https:\/\/cartasonorademallorca.com\/en\/wp-json\/wp\/v2\/types\/listing"}],"replies":[{"embeddable":true,"href":"https:\/\/cartasonorademallorca.com\/en\/wp-json\/wp\/v2\/comments?post=2671"}],"wp:featuredmedia":[{"embeddable":true,"href":"https:\/\/cartasonorademallorca.com\/en\/wp-json\/wp\/v2\/media\/2654"}],"wp:attachment":[{"href":"https:\/\/cartasonorademallorca.com\/en\/wp-json\/wp\/v2\/media?parent=2671"}],"wp:term":[{"taxonomy":"post_tag","embeddable":true,"href":"https:\/\/cartasonorademallorca.com\/en\/wp-json\/wp\/v2\/tags?post=2671"},{"taxonomy":"listing_category","embeddable":true,"href":"https:\/\/cartasonorademallorca.com\/en\/wp-json\/wp\/v2\/listing_category?post=2671"},{"taxonomy":"listing_location","embeddable":true,"href":"https:\/\/cartasonorademallorca.com\/en\/wp-json\/wp\/v2\/listing_location?post=2671"},{"taxonomy":"listing_feature","embeddable":true,"href":"https:\/\/cartasonorademallorca.com\/en\/wp-json\/wp\/v2\/listing_feature?post=2671"}],"curies":[{"name":"wp","href":"https:\/\/api.w.org\/{rel}","templated":true}]}}

Jeroni Martí Poderós, organista de l&#8217;esglèsia d&#8217;Esporles

<p>A l&#8217;Arxiu del Regne de Mallorca s&#8217;hi guarda una acta del notari Joanot Garcia segons la qual el dia set de febrer de 1685 el rector d&#8217;Esporles, Mn. Joan Baptista Vanrell, atenent que en aquell moment no hi havia cap prevere ni clergue que tocàs l&#8217;orgue a l&#8217;església d&#8217;Esporles, encarrega aquesta tasca &#8220;a Jeroni Martí Poderós, clergue, amb els corresponents emoluments que li pertoquin&#8221;.</p>
<p>&nbsp;</p>

<!-- This site is optimized with the Yoast SEO plugin v27.4 - https://yoast.com/product/yoast-seo-wordpress/ -->
<title>Jeroni Martí Poderós, organista de l&#039;esglèsia d&#039;Esporles - Carta Sonora de Mallorca</title>
<meta name="robots" content="index, follow, max-snippet:-1, max-image-preview:large, max-video-preview:-1" />
<link rel="canonical" href="https://cartasonorademallorca.com/en/listing/jeroni-marti-poderos-organista-de-lesglesia-desporles/" />
<meta property="og:locale" content="en_US" />
<meta property="og:type" content="article" />
<meta property="og:title" content="Jeroni Martí Poderós, organista de l&#039;esglèsia d&#039;Esporles - Carta Sonora de Mallorca" />
<meta property="og:description" content="A l&#8217;Arxiu del Regne de Mallorca s&#8217;hi guarda una acta del notari Joanot Garcia segons la qual el dia set de febrer de 1685 el rector d&#8217;Esporles, Mn. Joan Baptista Vanrell, atenent que en aquell moment no hi havia cap prevere ni clergue que tocàs l&#8217;orgue a l&#8217;església d&#8217;Esporles, encarrega aquesta tasca &#8220;a Jeroni Martí [&hellip;]" />
<meta property="og:url" content="https://cartasonorademallorca.com/en/listing/jeroni-marti-poderos-organista-de-lesglesia-desporles/" />
<meta property="og:site_name" content="Carta Sonora de Mallorca" />
<meta property="article:modified_time" content="2023-01-08T16:06:24+00:00" />
<meta property="og:image" content="https://cartasonorademallorca.com/wp-content/uploads/2023/01/Esporles_Iglesia_de_Sant_Pere_fachada_principal.jpg" />
	<meta property="og:image:width" content="1365" />
	<meta property="og:image:height" content="2047" />
	<meta property="og:image:type" content="image/jpeg" />
<meta name="twitter:card" content="summary_large_image" />
<meta name="twitter:label1" content="Est. reading time" />
	<meta name="twitter:data1" content="1 minute" />
<script type="application/ld+json" class="yoast-schema-graph">{"@context":"https:\/\/schema.org","@graph":[{"@type":"WebPage","@id":"https:\/\/cartasonorademallorca.com\/en\/listing\/jeroni-marti-poderos-organista-de-lesglesia-desporles\/","url":"https:\/\/cartasonorademallorca.com\/en\/listing\/jeroni-marti-poderos-organista-de-lesglesia-desporles\/","name":"Jeroni Martí Poderós, organista de l'esglèsia d'Esporles - Carta Sonora de Mallorca","isPartOf":{"@id":"https:\/\/cartasonorademallorca.com\/en\/#website"},"primaryImageOfPage":{"@id":"https:\/\/cartasonorademallorca.com\/en\/listing\/jeroni-marti-poderos-organista-de-lesglesia-desporles\/#primaryimage"},"image":{"@id":"https:\/\/cartasonorademallorca.com\/en\/listing\/jeroni-marti-poderos-organista-de-lesglesia-desporles\/#primaryimage"},"thumbnailUrl":"https:\/\/cartasonorademallorca.com\/wp-content\/uploads\/2023\/01\/Esporles_Iglesia_de_Sant_Pere_fachada_principal.jpg","datePublished":"2023-01-02T20:30:33+00:00","dateModified":"2023-01-08T16:06:24+00:00","breadcrumb":{"@id":"https:\/\/cartasonorademallorca.com\/en\/listing\/jeroni-marti-poderos-organista-de-lesglesia-desporles\/#breadcrumb"},"inLanguage":"en-US","potentialAction":[{"@type":"ReadAction","target":["https:\/\/cartasonorademallorca.com\/en\/listing\/jeroni-marti-poderos-organista-de-lesglesia-desporles\/"]}]},{"@type":"ImageObject","inLanguage":"en-US","@id":"https:\/\/cartasonorademallorca.com\/en\/listing\/jeroni-marti-poderos-organista-de-lesglesia-desporles\/#primaryimage","url":"https:\/\/cartasonorademallorca.com\/wp-content\/uploads\/2023\/01\/Esporles_Iglesia_de_Sant_Pere_fachada_principal.jpg","contentUrl":"https:\/\/cartasonorademallorca.com\/wp-content\/uploads\/2023\/01\/Esporles_Iglesia_de_Sant_Pere_fachada_principal.jpg","width":1365,"height":2047,"caption":"Fotografia: Ma Lopez 21 (2017). Font: https:\/\/commons.wikimedia.org\/wiki\/File:Esporles,_Iglesia_de_Sant_Pere,_fachada_principal.jpg"},{"@type":"BreadcrumbList","@id":"https:\/\/cartasonorademallorca.com\/en\/listing\/jeroni-marti-poderos-organista-de-lesglesia-desporles\/#breadcrumb","itemListElement":[{"@type":"ListItem","position":1,"name":"Portada","item":"https:\/\/cartasonorademallorca.com\/en\/"},{"@type":"ListItem","position":2,"name":"Llistats","item":"https:\/\/cartasonorademallorca.com\/en\/arxiu\/"},{"@type":"ListItem","position":3,"name":"Jeroni Martí Poderós, organista de l&#8217;esglèsia d&#8217;Esporles"}]},{"@type":"WebSite","@id":"https:\/\/cartasonorademallorca.com\/en\/#website","url":"https:\/\/cartasonorademallorca.com\/en\/","name":"Carta Sonora de Mallorca","description":"","potentialAction":[{"@type":"SearchAction","target":{"@type":"EntryPoint","urlTemplate":"https:\/\/cartasonorademallorca.com\/en\/?s={search_term_string}"},"query-input":{"@type":"PropertyValueSpecification","valueRequired":true,"valueName":"search_term_string"}}],"inLanguage":"en-US"}]}</script>
<!-- / Yoast SEO plugin. -->

Jeroni Martí Poderós, organista de l'esglèsia d'Esporles - Carta Sonora de Mallorca

A l&#8217;Arxiu del Regne de Mallorca s&#8217;hi guarda una acta del notari Joanot Garcia segons la qual el dia set de febrer de 1685 el rector d&#8217;Esporles, Mn. Joan Baptista Vanrell, atenent que en aquell moment no hi havia cap prevere ni clergue que tocàs l&#8217;orgue a l&#8217;església d&#8217;Esporles, encarrega aquesta tasca &#8220;a Jeroni Martí [&hellip;]
