{"id":2726,"date":"2022-11-13T20:33:36","date_gmt":"2022-11-13T20:33:36","guid":{"rendered":"https:\/\/cartasonorademallorca.com\/listing\/paisatge-sonor-de-la-industria-sabatera\/"},"modified":"2023-01-08T15:41:30","modified_gmt":"2023-01-08T15:41:30","slug":"paisatge-sonor-de-la-industria-sabatera","status":"publish","type":"listing","link":"https:\/\/cartasonorademallorca.com\/en\/listing\/paisatge-sonor-de-la-industria-sabatera\/","title":{"rendered":"Paisatge sonor de la ind\u00fastria sabatera"},"content":{"rendered":"<p>El 2022 l&#8217;Ajuntament de Llucmajor va promoure una exposici\u00f3 temporal, ubicada al claustre de Sant Bonaventura, per explicar el moviment industrial sabater a Llucmajor. Per a la dita exposici\u00f3 es va realitzar un documental anomenat Llucmajor <span class=\"hiddenSpellError\">SabatEra<\/span> en el que es recullen algunes veus d&#8217;empresaris, treballadors i coneixedors del panorama sabater de Llucmajor.<\/p>\n<blockquote><p>Lluc Tom\u00e0s \u2013A dins ses f\u00e0briques, lo que feia m\u00e9s renou de tot eren ses m\u00e0quines de desviar. Que eren ses m\u00e0quines que rebaixaven els tacons. Eren unes cutxilles que voltaven a tres o quatre mil voltes i feien un gisco, feia com a por. \u00a0Incl\u00fas quan veies que la manejaven, si t&#8217;agafava es tac\u00f3 el te tirava a s&#8217;altra \u00a0part de f\u00e0brica\u2013.<\/p>\n<p>\u2013A Llucmajor el renou que sentien era es renou des bi&#8230; des martell amb el bigalot, toc, toc, toc, toc,\u2013<\/p>\n<p>Antoni Munar \u2013Eren ses riveteres que a ca seva, amb sa finestra oberta, il\u00b7lusi\u00f3nava, posava il\u00b7lusi\u00f3, el doblava i picava, per llavors poder cosir\u2013.<\/p>\n<p>Margalida Terrasa \u2013Ses m\u00e0quines, ses m\u00e0quines de cosir, i ses m\u00e0quines d&#8217;entatxar\u2013.<\/p>\n<p>\u2013 I els renous dels carros quan venien o de foravila o de tomar ametlles amb els carrers sense esfaltar\u2013.<\/p>\n<p>Miquel Cardell \u2013 Aix\u00f2 era una percussi\u00f3 generelitzada estesa pel poble, i el renou de ses sirenes que que tocaven s&#8217;entrada i sa sortida de ses f\u00e0briques. Un torrent de persones que si no el veies era un torrent de veus que convocat per ses sirenes travessaven &#8230;\u2013.<\/p>\n<p>\u2013Aquests renous se sentien, si. Una m\u00fasica diferent\u2013.<\/p><\/blockquote>\n<p>Per saber-ne m\u00e9s: Llegeix l&#8217;article &#8220;L&#8217;esplendor\u00f3s passat sabater de Llucmajor&#8221; d&#8217;Antoni Janer Torrens al Diari Ara de 02\/10\/22<\/p>\n","protected":false},"featured_media":2361,"comment_status":"open","ping_status":"open","template":"","tags":[767,768,769,770,771,772],"listing_category":[428],"listing_location":[542],"listing_feature":[34,125,126],"class_list":["post-2726","listing","type-listing","status-publish","has-post-thumbnail","hentry","tag-fabrica-en","tag-industria-en","tag-maquina-de-cosir-en","tag-martell-en","tag-ripuntar-en","tag-sirena-en","custom_tags_1-ajuntament-de-llucmajor-en","listing_category-video-en","listing_location-llucmajor-en","listing_feature-ambit-domestic","listing_feature-paisatge-sonor-antropofonia","listing_feature-paisatge-sonor-tecnofonia"],"acf":[],"yoast_head":"<!-- This site is optimized with the Yoast SEO plugin v27.4 - https:\/\/yoast.com\/product\/yoast-seo-wordpress\/ -->\n<title>Paisatge sonor de la ind\u00fastria sabatera - Carta Sonora de Mallorca<\/title>\n<meta name=\"robots\" content=\"index, follow, max-snippet:-1, max-image-preview:large, max-video-preview:-1\" \/>\n<link rel=\"canonical\" href=\"https:\/\/cartasonorademallorca.com\/en\/listing\/paisatge-sonor-de-la-industria-sabatera\/\" \/>\n<meta property=\"og:locale\" content=\"en_US\" \/>\n<meta property=\"og:type\" content=\"article\" \/>\n<meta property=\"og:title\" content=\"Paisatge sonor de la ind\u00fastria sabatera - Carta Sonora de Mallorca\" \/>\n<meta property=\"og:description\" content=\"El 2022 l&#8217;Ajuntament de Llucmajor va promoure una exposici\u00f3 temporal, ubicada al claustre de Sant Bonaventura, per explicar el moviment industrial sabater a Llucmajor. Per a la dita exposici\u00f3 es va realitzar un documental anomenat Llucmajor SabatEra en el que es recullen algunes veus d&#8217;empresaris, treballadors i coneixedors del panorama sabater de Llucmajor. Lluc Tom\u00e0s [&hellip;]\" \/>\n<meta property=\"og:url\" content=\"https:\/\/cartasonorademallorca.com\/en\/listing\/paisatge-sonor-de-la-industria-sabatera\/\" \/>\n<meta property=\"og:site_name\" content=\"Carta Sonora de Mallorca\" \/>\n<meta property=\"article:modified_time\" content=\"2023-01-08T15:41:30+00:00\" \/>\n<meta property=\"og:image\" content=\"https:\/\/cartasonorademallorca.com\/wp-content\/uploads\/2022\/11\/Captura-de-pantalla-2022-11-09-a-les-12.26.43-1024x553.png\" \/>\n\t<meta property=\"og:image:width\" content=\"1024\" \/>\n\t<meta property=\"og:image:height\" content=\"553\" \/>\n\t<meta property=\"og:image:type\" content=\"image\/png\" \/>\n<meta name=\"twitter:card\" content=\"summary_large_image\" \/>\n<meta name=\"twitter:label1\" content=\"Est. reading time\" \/>\n\t<meta name=\"twitter:data1\" content=\"2 minutes\" \/>\n<script type=\"application\/ld+json\" class=\"yoast-schema-graph\">{\"@context\":\"https:\\\/\\\/schema.org\",\"@graph\":[{\"@type\":\"WebPage\",\"@id\":\"https:\\\/\\\/cartasonorademallorca.com\\\/en\\\/listing\\\/paisatge-sonor-de-la-industria-sabatera\\\/\",\"url\":\"https:\\\/\\\/cartasonorademallorca.com\\\/en\\\/listing\\\/paisatge-sonor-de-la-industria-sabatera\\\/\",\"name\":\"Paisatge sonor de la ind\u00fastria sabatera - Carta Sonora de Mallorca\",\"isPartOf\":{\"@id\":\"https:\\\/\\\/cartasonorademallorca.com\\\/en\\\/#website\"},\"primaryImageOfPage\":{\"@id\":\"https:\\\/\\\/cartasonorademallorca.com\\\/en\\\/listing\\\/paisatge-sonor-de-la-industria-sabatera\\\/#primaryimage\"},\"image\":{\"@id\":\"https:\\\/\\\/cartasonorademallorca.com\\\/en\\\/listing\\\/paisatge-sonor-de-la-industria-sabatera\\\/#primaryimage\"},\"thumbnailUrl\":\"https:\\\/\\\/cartasonorademallorca.com\\\/wp-content\\\/uploads\\\/2022\\\/11\\\/Captura-de-pantalla-2022-11-09-a-les-12.26.43.png\",\"datePublished\":\"2022-11-13T20:33:36+00:00\",\"dateModified\":\"2023-01-08T15:41:30+00:00\",\"breadcrumb\":{\"@id\":\"https:\\\/\\\/cartasonorademallorca.com\\\/en\\\/listing\\\/paisatge-sonor-de-la-industria-sabatera\\\/#breadcrumb\"},\"inLanguage\":\"en-US\",\"potentialAction\":[{\"@type\":\"ReadAction\",\"target\":[\"https:\\\/\\\/cartasonorademallorca.com\\\/en\\\/listing\\\/paisatge-sonor-de-la-industria-sabatera\\\/\"]}]},{\"@type\":\"ImageObject\",\"inLanguage\":\"en-US\",\"@id\":\"https:\\\/\\\/cartasonorademallorca.com\\\/en\\\/listing\\\/paisatge-sonor-de-la-industria-sabatera\\\/#primaryimage\",\"url\":\"https:\\\/\\\/cartasonorademallorca.com\\\/wp-content\\\/uploads\\\/2022\\\/11\\\/Captura-de-pantalla-2022-11-09-a-les-12.26.43.png\",\"contentUrl\":\"https:\\\/\\\/cartasonorademallorca.com\\\/wp-content\\\/uploads\\\/2022\\\/11\\\/Captura-de-pantalla-2022-11-09-a-les-12.26.43.png\",\"width\":2880,\"height\":1556,\"caption\":\"Autor: Ajuntament de Llucmajor. Font: Llucmajor SabatEra https:\\\/\\\/www.youtube.com\\\/watch?v=wH-ODgCCil4&t=121s\"},{\"@type\":\"BreadcrumbList\",\"@id\":\"https:\\\/\\\/cartasonorademallorca.com\\\/en\\\/listing\\\/paisatge-sonor-de-la-industria-sabatera\\\/#breadcrumb\",\"itemListElement\":[{\"@type\":\"ListItem\",\"position\":1,\"name\":\"Portada\",\"item\":\"https:\\\/\\\/cartasonorademallorca.com\\\/en\\\/\"},{\"@type\":\"ListItem\",\"position\":2,\"name\":\"Llistats\",\"item\":\"https:\\\/\\\/cartasonorademallorca.com\\\/en\\\/arxiu\\\/\"},{\"@type\":\"ListItem\",\"position\":3,\"name\":\"Paisatge sonor de la ind\u00fastria sabatera\"}]},{\"@type\":\"WebSite\",\"@id\":\"https:\\\/\\\/cartasonorademallorca.com\\\/en\\\/#website\",\"url\":\"https:\\\/\\\/cartasonorademallorca.com\\\/en\\\/\",\"name\":\"Carta Sonora de Mallorca\",\"description\":\"\",\"potentialAction\":[{\"@type\":\"SearchAction\",\"target\":{\"@type\":\"EntryPoint\",\"urlTemplate\":\"https:\\\/\\\/cartasonorademallorca.com\\\/en\\\/?s={search_term_string}\"},\"query-input\":{\"@type\":\"PropertyValueSpecification\",\"valueRequired\":true,\"valueName\":\"search_term_string\"}}],\"inLanguage\":\"en-US\"}]}<\/script>\n<!-- \/ Yoast SEO plugin. -->","yoast_head_json":{"title":"Paisatge sonor de la ind\u00fastria sabatera - Carta Sonora de Mallorca","robots":{"index":"index","follow":"follow","max-snippet":"max-snippet:-1","max-image-preview":"max-image-preview:large","max-video-preview":"max-video-preview:-1"},"canonical":"https:\/\/cartasonorademallorca.com\/en\/listing\/paisatge-sonor-de-la-industria-sabatera\/","og_locale":"en_US","og_type":"article","og_title":"Paisatge sonor de la ind\u00fastria sabatera - Carta Sonora de Mallorca","og_description":"El 2022 l&#8217;Ajuntament de Llucmajor va promoure una exposici\u00f3 temporal, ubicada al claustre de Sant Bonaventura, per explicar el moviment industrial sabater a Llucmajor. Per a la dita exposici\u00f3 es va realitzar un documental anomenat Llucmajor SabatEra en el que es recullen algunes veus d&#8217;empresaris, treballadors i coneixedors del panorama sabater de Llucmajor. Lluc Tom\u00e0s [&hellip;]","og_url":"https:\/\/cartasonorademallorca.com\/en\/listing\/paisatge-sonor-de-la-industria-sabatera\/","og_site_name":"Carta Sonora de Mallorca","article_modified_time":"2023-01-08T15:41:30+00:00","og_image":[{"width":1024,"height":553,"url":"https:\/\/cartasonorademallorca.com\/wp-content\/uploads\/2022\/11\/Captura-de-pantalla-2022-11-09-a-les-12.26.43-1024x553.png","type":"image\/png"}],"twitter_card":"summary_large_image","twitter_misc":{"Est. reading time":"2 minutes"},"schema":{"@context":"https:\/\/schema.org","@graph":[{"@type":"WebPage","@id":"https:\/\/cartasonorademallorca.com\/en\/listing\/paisatge-sonor-de-la-industria-sabatera\/","url":"https:\/\/cartasonorademallorca.com\/en\/listing\/paisatge-sonor-de-la-industria-sabatera\/","name":"Paisatge sonor de la ind\u00fastria sabatera - Carta Sonora de Mallorca","isPartOf":{"@id":"https:\/\/cartasonorademallorca.com\/en\/#website"},"primaryImageOfPage":{"@id":"https:\/\/cartasonorademallorca.com\/en\/listing\/paisatge-sonor-de-la-industria-sabatera\/#primaryimage"},"image":{"@id":"https:\/\/cartasonorademallorca.com\/en\/listing\/paisatge-sonor-de-la-industria-sabatera\/#primaryimage"},"thumbnailUrl":"https:\/\/cartasonorademallorca.com\/wp-content\/uploads\/2022\/11\/Captura-de-pantalla-2022-11-09-a-les-12.26.43.png","datePublished":"2022-11-13T20:33:36+00:00","dateModified":"2023-01-08T15:41:30+00:00","breadcrumb":{"@id":"https:\/\/cartasonorademallorca.com\/en\/listing\/paisatge-sonor-de-la-industria-sabatera\/#breadcrumb"},"inLanguage":"en-US","potentialAction":[{"@type":"ReadAction","target":["https:\/\/cartasonorademallorca.com\/en\/listing\/paisatge-sonor-de-la-industria-sabatera\/"]}]},{"@type":"ImageObject","inLanguage":"en-US","@id":"https:\/\/cartasonorademallorca.com\/en\/listing\/paisatge-sonor-de-la-industria-sabatera\/#primaryimage","url":"https:\/\/cartasonorademallorca.com\/wp-content\/uploads\/2022\/11\/Captura-de-pantalla-2022-11-09-a-les-12.26.43.png","contentUrl":"https:\/\/cartasonorademallorca.com\/wp-content\/uploads\/2022\/11\/Captura-de-pantalla-2022-11-09-a-les-12.26.43.png","width":2880,"height":1556,"caption":"Autor: Ajuntament de Llucmajor. Font: Llucmajor SabatEra https:\/\/www.youtube.com\/watch?v=wH-ODgCCil4&t=121s"},{"@type":"BreadcrumbList","@id":"https:\/\/cartasonorademallorca.com\/en\/listing\/paisatge-sonor-de-la-industria-sabatera\/#breadcrumb","itemListElement":[{"@type":"ListItem","position":1,"name":"Portada","item":"https:\/\/cartasonorademallorca.com\/en\/"},{"@type":"ListItem","position":2,"name":"Llistats","item":"https:\/\/cartasonorademallorca.com\/en\/arxiu\/"},{"@type":"ListItem","position":3,"name":"Paisatge sonor de la ind\u00fastria sabatera"}]},{"@type":"WebSite","@id":"https:\/\/cartasonorademallorca.com\/en\/#website","url":"https:\/\/cartasonorademallorca.com\/en\/","name":"Carta Sonora de Mallorca","description":"","potentialAction":[{"@type":"SearchAction","target":{"@type":"EntryPoint","urlTemplate":"https:\/\/cartasonorademallorca.com\/en\/?s={search_term_string}"},"query-input":{"@type":"PropertyValueSpecification","valueRequired":true,"valueName":"search_term_string"}}],"inLanguage":"en-US"}]}},"_links":{"self":[{"href":"https:\/\/cartasonorademallorca.com\/en\/wp-json\/wp\/v2\/listing\/2726","targetHints":{"allow":["GET"]}}],"collection":[{"href":"https:\/\/cartasonorademallorca.com\/en\/wp-json\/wp\/v2\/listing"}],"about":[{"href":"https:\/\/cartasonorademallorca.com\/en\/wp-json\/wp\/v2\/types\/listing"}],"replies":[{"embeddable":true,"href":"https:\/\/cartasonorademallorca.com\/en\/wp-json\/wp\/v2\/comments?post=2726"}],"wp:featuredmedia":[{"embeddable":true,"href":"https:\/\/cartasonorademallorca.com\/en\/wp-json\/wp\/v2\/media\/2361"}],"wp:attachment":[{"href":"https:\/\/cartasonorademallorca.com\/en\/wp-json\/wp\/v2\/media?parent=2726"}],"wp:term":[{"taxonomy":"post_tag","embeddable":true,"href":"https:\/\/cartasonorademallorca.com\/en\/wp-json\/wp\/v2\/tags?post=2726"},{"taxonomy":"listing_category","embeddable":true,"href":"https:\/\/cartasonorademallorca.com\/en\/wp-json\/wp\/v2\/listing_category?post=2726"},{"taxonomy":"listing_location","embeddable":true,"href":"https:\/\/cartasonorademallorca.com\/en\/wp-json\/wp\/v2\/listing_location?post=2726"},{"taxonomy":"listing_feature","embeddable":true,"href":"https:\/\/cartasonorademallorca.com\/en\/wp-json\/wp\/v2\/listing_feature?post=2726"}],"curies":[{"name":"wp","href":"https:\/\/api.w.org\/{rel}","templated":true}]}}

Paisatge sonor de la indústria sabatera

<p>El 2022 l&#8217;Ajuntament de Llucmajor va promoure una exposició temporal, ubicada al claustre de Sant Bonaventura, per explicar el moviment industrial sabater a Llucmajor. Per a la dita exposició es va realitzar un documental anomenat Llucmajor <span class="hiddenSpellError">SabatEra</span> en el que es recullen algunes veus d&#8217;empresaris, treballadors i coneixedors del panorama sabater de Llucmajor.</p>
<blockquote><p>Lluc Tomàs –A dins ses fàbriques, lo que feia més renou de tot eren ses màquines de desviar. Que eren ses màquines que rebaixaven els tacons. Eren unes cutxilles que voltaven a tres o quatre mil voltes i feien un gisco, feia com a por.  Inclús quan veies que la manejaven, si t&#8217;agafava es tacó el te tirava a s&#8217;altra  part de fàbrica–.</p>
<p>–A Llucmajor el renou que sentien era es renou des bi&#8230; des martell amb el bigalot, toc, toc, toc, toc,–</p>
<p>Antoni Munar –Eren ses riveteres que a ca seva, amb sa finestra oberta, il·lusiónava, posava il·lusió, el doblava i picava, per llavors poder cosir–.</p>
<p>Margalida Terrasa –Ses màquines, ses màquines de cosir, i ses màquines d&#8217;entatxar–.</p>
<p>– I els renous dels carros quan venien o de foravila o de tomar ametlles amb els carrers sense esfaltar–.</p>
<p>Miquel Cardell – Això era una percussió generelitzada estesa pel poble, i el renou de ses sirenes que que tocaven s&#8217;entrada i sa sortida de ses fàbriques. Un torrent de persones que si no el veies era un torrent de veus que convocat per ses sirenes travessaven &#8230;–.</p>
<p>–Aquests renous se sentien, si. Una música diferent–.</p></blockquote>
<p>Per saber-ne més: Llegeix l&#8217;article &#8220;L&#8217;esplendorós passat sabater de Llucmajor&#8221; d&#8217;Antoni Janer Torrens al Diari Ara de 02/10/22</p>

<!-- This site is optimized with the Yoast SEO plugin v27.4 - https://yoast.com/product/yoast-seo-wordpress/ -->
<title>Paisatge sonor de la indústria sabatera - Carta Sonora de Mallorca</title>
<meta name="robots" content="index, follow, max-snippet:-1, max-image-preview:large, max-video-preview:-1" />
<link rel="canonical" href="https://cartasonorademallorca.com/en/listing/paisatge-sonor-de-la-industria-sabatera/" />
<meta property="og:locale" content="en_US" />
<meta property="og:type" content="article" />
<meta property="og:title" content="Paisatge sonor de la indústria sabatera - Carta Sonora de Mallorca" />
<meta property="og:description" content="El 2022 l&#8217;Ajuntament de Llucmajor va promoure una exposició temporal, ubicada al claustre de Sant Bonaventura, per explicar el moviment industrial sabater a Llucmajor. Per a la dita exposició es va realitzar un documental anomenat Llucmajor SabatEra en el que es recullen algunes veus d&#8217;empresaris, treballadors i coneixedors del panorama sabater de Llucmajor. Lluc Tomàs [&hellip;]" />
<meta property="og:url" content="https://cartasonorademallorca.com/en/listing/paisatge-sonor-de-la-industria-sabatera/" />
<meta property="og:site_name" content="Carta Sonora de Mallorca" />
<meta property="article:modified_time" content="2023-01-08T15:41:30+00:00" />
<meta property="og:image" content="https://cartasonorademallorca.com/wp-content/uploads/2022/11/Captura-de-pantalla-2022-11-09-a-les-12.26.43-1024x553.png" />
	<meta property="og:image:width" content="1024" />
	<meta property="og:image:height" content="553" />
	<meta property="og:image:type" content="image/png" />
<meta name="twitter:card" content="summary_large_image" />
<meta name="twitter:label1" content="Est. reading time" />
	<meta name="twitter:data1" content="2 minutes" />
<script type="application/ld+json" class="yoast-schema-graph">{"@context":"https:\/\/schema.org","@graph":[{"@type":"WebPage","@id":"https:\/\/cartasonorademallorca.com\/en\/listing\/paisatge-sonor-de-la-industria-sabatera\/","url":"https:\/\/cartasonorademallorca.com\/en\/listing\/paisatge-sonor-de-la-industria-sabatera\/","name":"Paisatge sonor de la indústria sabatera - Carta Sonora de Mallorca","isPartOf":{"@id":"https:\/\/cartasonorademallorca.com\/en\/#website"},"primaryImageOfPage":{"@id":"https:\/\/cartasonorademallorca.com\/en\/listing\/paisatge-sonor-de-la-industria-sabatera\/#primaryimage"},"image":{"@id":"https:\/\/cartasonorademallorca.com\/en\/listing\/paisatge-sonor-de-la-industria-sabatera\/#primaryimage"},"thumbnailUrl":"https:\/\/cartasonorademallorca.com\/wp-content\/uploads\/2022\/11\/Captura-de-pantalla-2022-11-09-a-les-12.26.43.png","datePublished":"2022-11-13T20:33:36+00:00","dateModified":"2023-01-08T15:41:30+00:00","breadcrumb":{"@id":"https:\/\/cartasonorademallorca.com\/en\/listing\/paisatge-sonor-de-la-industria-sabatera\/#breadcrumb"},"inLanguage":"en-US","potentialAction":[{"@type":"ReadAction","target":["https:\/\/cartasonorademallorca.com\/en\/listing\/paisatge-sonor-de-la-industria-sabatera\/"]}]},{"@type":"ImageObject","inLanguage":"en-US","@id":"https:\/\/cartasonorademallorca.com\/en\/listing\/paisatge-sonor-de-la-industria-sabatera\/#primaryimage","url":"https:\/\/cartasonorademallorca.com\/wp-content\/uploads\/2022\/11\/Captura-de-pantalla-2022-11-09-a-les-12.26.43.png","contentUrl":"https:\/\/cartasonorademallorca.com\/wp-content\/uploads\/2022\/11\/Captura-de-pantalla-2022-11-09-a-les-12.26.43.png","width":2880,"height":1556,"caption":"Autor: Ajuntament de Llucmajor. Font: Llucmajor SabatEra https:\/\/www.youtube.com\/watch?v=wH-ODgCCil4&t=121s"},{"@type":"BreadcrumbList","@id":"https:\/\/cartasonorademallorca.com\/en\/listing\/paisatge-sonor-de-la-industria-sabatera\/#breadcrumb","itemListElement":[{"@type":"ListItem","position":1,"name":"Portada","item":"https:\/\/cartasonorademallorca.com\/en\/"},{"@type":"ListItem","position":2,"name":"Llistats","item":"https:\/\/cartasonorademallorca.com\/en\/arxiu\/"},{"@type":"ListItem","position":3,"name":"Paisatge sonor de la indústria sabatera"}]},{"@type":"WebSite","@id":"https:\/\/cartasonorademallorca.com\/en\/#website","url":"https:\/\/cartasonorademallorca.com\/en\/","name":"Carta Sonora de Mallorca","description":"","potentialAction":[{"@type":"SearchAction","target":{"@type":"EntryPoint","urlTemplate":"https:\/\/cartasonorademallorca.com\/en\/?s={search_term_string}"},"query-input":{"@type":"PropertyValueSpecification","valueRequired":true,"valueName":"search_term_string"}}],"inLanguage":"en-US"}]}</script>
<!-- / Yoast SEO plugin. -->

Paisatge sonor de la indústria sabatera - Carta Sonora de Mallorca

El 2022 l&#8217;Ajuntament de Llucmajor va promoure una exposició temporal, ubicada al claustre de Sant Bonaventura, per explicar el moviment industrial sabater a Llucmajor. Per a la dita exposició es va realitzar un documental anomenat Llucmajor SabatEra en el que es recullen algunes veus d&#8217;empresaris, treballadors i coneixedors del panorama sabater de Llucmajor. Lluc Tomàs [&hellip;]
