{"id":2749,"date":"2022-12-07T08:26:03","date_gmt":"2022-12-07T08:26:03","guid":{"rendered":"https:\/\/cartasonorademallorca.com\/listing\/paisatge-sonor-del-cami-de-biniaraix\/"},"modified":"2023-01-08T15:58:06","modified_gmt":"2023-01-08T15:58:06","slug":"paisatge-sonor-del-cami-de-biniaraix","status":"publish","type":"listing","link":"https:\/\/cartasonorademallorca.com\/en\/listing\/paisatge-sonor-del-cami-de-biniaraix\/","title":{"rendered":"Paisatge sonor del cam\u00ed de Biniaraix"},"content":{"rendered":"<p>Durant el confinament de 2020 l&#8217;activitat humana de Mallorca va minvar fins al punt de deixar-nos imaginar un paisatge lliure de la petjada humana. Aquest \u00e9s un exemple de la sonoritat del Cam\u00ed de <span class=\"hiddenSpellError\">Biniaraix<\/span>, en qu\u00e8 podem sentir gran varietat de fauna, especialment ocells i una de les poques aeronaus que sobrevolaven l&#8217;illa en aquells dies.<\/p>\n","protected":false},"featured_media":2440,"comment_status":"open","ping_status":"open","template":"","tags":[851,852,853,351,354,793,356,854,855],"listing_category":[369],"listing_location":[858,859],"listing_feature":[58,126],"class_list":["post-2749","listing","type-listing","status-publish","has-post-thumbnail","hentry","tag-aeronau-en","tag-avio-en","tag-biniaraix-en","tag-biofonia-en","tag-confinament-en","tag-ocells-en","tag-paisatge-sonor-en","tag-soller-en","tag-tecnofonia-en","custom_tags_1-aeronau-en","custom_tags_1-avio-en","custom_tags_1-ocells-en","listing_category-audio-en","listing_location-biniaraix-en","listing_location-soller-en","listing_feature-paisatge-sonor-biofonia","listing_feature-paisatge-sonor-tecnofonia"],"acf":[],"yoast_head":"<!-- This site is optimized with the Yoast SEO plugin v27.4 - https:\/\/yoast.com\/product\/yoast-seo-wordpress\/ -->\n<title>Paisatge sonor del cam\u00ed de Biniaraix - Carta Sonora de Mallorca<\/title>\n<meta name=\"robots\" content=\"index, follow, max-snippet:-1, max-image-preview:large, max-video-preview:-1\" \/>\n<link rel=\"canonical\" href=\"https:\/\/cartasonorademallorca.com\/en\/listing\/paisatge-sonor-del-cami-de-biniaraix\/\" \/>\n<meta property=\"og:locale\" content=\"en_US\" \/>\n<meta property=\"og:type\" content=\"article\" \/>\n<meta property=\"og:title\" content=\"Paisatge sonor del cam\u00ed de Biniaraix - Carta Sonora de Mallorca\" \/>\n<meta property=\"og:description\" content=\"Durant el confinament de 2020 l&#8217;activitat humana de Mallorca va minvar fins al punt de deixar-nos imaginar un paisatge lliure de la petjada humana. Aquest \u00e9s un exemple de la sonoritat del Cam\u00ed de Biniaraix, en qu\u00e8 podem sentir gran varietat de fauna, especialment ocells i una de les poques aeronaus que sobrevolaven l&#8217;illa en [&hellip;]\" \/>\n<meta property=\"og:url\" content=\"https:\/\/cartasonorademallorca.com\/en\/listing\/paisatge-sonor-del-cami-de-biniaraix\/\" \/>\n<meta property=\"og:site_name\" content=\"Carta Sonora de Mallorca\" \/>\n<meta property=\"article:modified_time\" content=\"2023-01-08T15:58:06+00:00\" \/>\n<meta property=\"og:image\" content=\"https:\/\/cartasonorademallorca.com\/wp-content\/uploads\/2022\/12\/20180818_cami.jpg\" \/>\n\t<meta property=\"og:image:width\" content=\"1024\" \/>\n\t<meta property=\"og:image:height\" content=\"768\" \/>\n\t<meta property=\"og:image:type\" content=\"image\/jpeg\" \/>\n<meta name=\"twitter:card\" content=\"summary_large_image\" \/>\n<meta name=\"twitter:label1\" content=\"Est. reading time\" \/>\n\t<meta name=\"twitter:data1\" content=\"1 minute\" \/>\n<script type=\"application\/ld+json\" class=\"yoast-schema-graph\">{\"@context\":\"https:\\\/\\\/schema.org\",\"@graph\":[{\"@type\":\"WebPage\",\"@id\":\"https:\\\/\\\/cartasonorademallorca.com\\\/en\\\/listing\\\/paisatge-sonor-del-cami-de-biniaraix\\\/\",\"url\":\"https:\\\/\\\/cartasonorademallorca.com\\\/en\\\/listing\\\/paisatge-sonor-del-cami-de-biniaraix\\\/\",\"name\":\"Paisatge sonor del cam\u00ed de Biniaraix - Carta Sonora de Mallorca\",\"isPartOf\":{\"@id\":\"https:\\\/\\\/cartasonorademallorca.com\\\/en\\\/#website\"},\"primaryImageOfPage\":{\"@id\":\"https:\\\/\\\/cartasonorademallorca.com\\\/en\\\/listing\\\/paisatge-sonor-del-cami-de-biniaraix\\\/#primaryimage\"},\"image\":{\"@id\":\"https:\\\/\\\/cartasonorademallorca.com\\\/en\\\/listing\\\/paisatge-sonor-del-cami-de-biniaraix\\\/#primaryimage\"},\"thumbnailUrl\":\"https:\\\/\\\/cartasonorademallorca.com\\\/wp-content\\\/uploads\\\/2022\\\/12\\\/20180818_cami.jpg\",\"datePublished\":\"2022-12-07T08:26:03+00:00\",\"dateModified\":\"2023-01-08T15:58:06+00:00\",\"breadcrumb\":{\"@id\":\"https:\\\/\\\/cartasonorademallorca.com\\\/en\\\/listing\\\/paisatge-sonor-del-cami-de-biniaraix\\\/#breadcrumb\"},\"inLanguage\":\"en-US\",\"potentialAction\":[{\"@type\":\"ReadAction\",\"target\":[\"https:\\\/\\\/cartasonorademallorca.com\\\/en\\\/listing\\\/paisatge-sonor-del-cami-de-biniaraix\\\/\"]}]},{\"@type\":\"ImageObject\",\"inLanguage\":\"en-US\",\"@id\":\"https:\\\/\\\/cartasonorademallorca.com\\\/en\\\/listing\\\/paisatge-sonor-del-cami-de-biniaraix\\\/#primaryimage\",\"url\":\"https:\\\/\\\/cartasonorademallorca.com\\\/wp-content\\\/uploads\\\/2022\\\/12\\\/20180818_cami.jpg\",\"contentUrl\":\"https:\\\/\\\/cartasonorademallorca.com\\\/wp-content\\\/uploads\\\/2022\\\/12\\\/20180818_cami.jpg\",\"width\":1024,\"height\":768},{\"@type\":\"BreadcrumbList\",\"@id\":\"https:\\\/\\\/cartasonorademallorca.com\\\/en\\\/listing\\\/paisatge-sonor-del-cami-de-biniaraix\\\/#breadcrumb\",\"itemListElement\":[{\"@type\":\"ListItem\",\"position\":1,\"name\":\"Portada\",\"item\":\"https:\\\/\\\/cartasonorademallorca.com\\\/en\\\/\"},{\"@type\":\"ListItem\",\"position\":2,\"name\":\"Llistats\",\"item\":\"https:\\\/\\\/cartasonorademallorca.com\\\/en\\\/arxiu\\\/\"},{\"@type\":\"ListItem\",\"position\":3,\"name\":\"Paisatge sonor del cam\u00ed de Biniaraix\"}]},{\"@type\":\"WebSite\",\"@id\":\"https:\\\/\\\/cartasonorademallorca.com\\\/en\\\/#website\",\"url\":\"https:\\\/\\\/cartasonorademallorca.com\\\/en\\\/\",\"name\":\"Carta Sonora de Mallorca\",\"description\":\"\",\"potentialAction\":[{\"@type\":\"SearchAction\",\"target\":{\"@type\":\"EntryPoint\",\"urlTemplate\":\"https:\\\/\\\/cartasonorademallorca.com\\\/en\\\/?s={search_term_string}\"},\"query-input\":{\"@type\":\"PropertyValueSpecification\",\"valueRequired\":true,\"valueName\":\"search_term_string\"}}],\"inLanguage\":\"en-US\"}]}<\/script>\n<!-- \/ Yoast SEO plugin. -->","yoast_head_json":{"title":"Paisatge sonor del cam\u00ed de Biniaraix - Carta Sonora de Mallorca","robots":{"index":"index","follow":"follow","max-snippet":"max-snippet:-1","max-image-preview":"max-image-preview:large","max-video-preview":"max-video-preview:-1"},"canonical":"https:\/\/cartasonorademallorca.com\/en\/listing\/paisatge-sonor-del-cami-de-biniaraix\/","og_locale":"en_US","og_type":"article","og_title":"Paisatge sonor del cam\u00ed de Biniaraix - Carta Sonora de Mallorca","og_description":"Durant el confinament de 2020 l&#8217;activitat humana de Mallorca va minvar fins al punt de deixar-nos imaginar un paisatge lliure de la petjada humana. Aquest \u00e9s un exemple de la sonoritat del Cam\u00ed de Biniaraix, en qu\u00e8 podem sentir gran varietat de fauna, especialment ocells i una de les poques aeronaus que sobrevolaven l&#8217;illa en [&hellip;]","og_url":"https:\/\/cartasonorademallorca.com\/en\/listing\/paisatge-sonor-del-cami-de-biniaraix\/","og_site_name":"Carta Sonora de Mallorca","article_modified_time":"2023-01-08T15:58:06+00:00","og_image":[{"width":1024,"height":768,"url":"https:\/\/cartasonorademallorca.com\/wp-content\/uploads\/2022\/12\/20180818_cami.jpg","type":"image\/jpeg"}],"twitter_card":"summary_large_image","twitter_misc":{"Est. reading time":"1 minute"},"schema":{"@context":"https:\/\/schema.org","@graph":[{"@type":"WebPage","@id":"https:\/\/cartasonorademallorca.com\/en\/listing\/paisatge-sonor-del-cami-de-biniaraix\/","url":"https:\/\/cartasonorademallorca.com\/en\/listing\/paisatge-sonor-del-cami-de-biniaraix\/","name":"Paisatge sonor del cam\u00ed de Biniaraix - Carta Sonora de Mallorca","isPartOf":{"@id":"https:\/\/cartasonorademallorca.com\/en\/#website"},"primaryImageOfPage":{"@id":"https:\/\/cartasonorademallorca.com\/en\/listing\/paisatge-sonor-del-cami-de-biniaraix\/#primaryimage"},"image":{"@id":"https:\/\/cartasonorademallorca.com\/en\/listing\/paisatge-sonor-del-cami-de-biniaraix\/#primaryimage"},"thumbnailUrl":"https:\/\/cartasonorademallorca.com\/wp-content\/uploads\/2022\/12\/20180818_cami.jpg","datePublished":"2022-12-07T08:26:03+00:00","dateModified":"2023-01-08T15:58:06+00:00","breadcrumb":{"@id":"https:\/\/cartasonorademallorca.com\/en\/listing\/paisatge-sonor-del-cami-de-biniaraix\/#breadcrumb"},"inLanguage":"en-US","potentialAction":[{"@type":"ReadAction","target":["https:\/\/cartasonorademallorca.com\/en\/listing\/paisatge-sonor-del-cami-de-biniaraix\/"]}]},{"@type":"ImageObject","inLanguage":"en-US","@id":"https:\/\/cartasonorademallorca.com\/en\/listing\/paisatge-sonor-del-cami-de-biniaraix\/#primaryimage","url":"https:\/\/cartasonorademallorca.com\/wp-content\/uploads\/2022\/12\/20180818_cami.jpg","contentUrl":"https:\/\/cartasonorademallorca.com\/wp-content\/uploads\/2022\/12\/20180818_cami.jpg","width":1024,"height":768},{"@type":"BreadcrumbList","@id":"https:\/\/cartasonorademallorca.com\/en\/listing\/paisatge-sonor-del-cami-de-biniaraix\/#breadcrumb","itemListElement":[{"@type":"ListItem","position":1,"name":"Portada","item":"https:\/\/cartasonorademallorca.com\/en\/"},{"@type":"ListItem","position":2,"name":"Llistats","item":"https:\/\/cartasonorademallorca.com\/en\/arxiu\/"},{"@type":"ListItem","position":3,"name":"Paisatge sonor del cam\u00ed de Biniaraix"}]},{"@type":"WebSite","@id":"https:\/\/cartasonorademallorca.com\/en\/#website","url":"https:\/\/cartasonorademallorca.com\/en\/","name":"Carta Sonora de Mallorca","description":"","potentialAction":[{"@type":"SearchAction","target":{"@type":"EntryPoint","urlTemplate":"https:\/\/cartasonorademallorca.com\/en\/?s={search_term_string}"},"query-input":{"@type":"PropertyValueSpecification","valueRequired":true,"valueName":"search_term_string"}}],"inLanguage":"en-US"}]}},"_links":{"self":[{"href":"https:\/\/cartasonorademallorca.com\/en\/wp-json\/wp\/v2\/listing\/2749","targetHints":{"allow":["GET"]}}],"collection":[{"href":"https:\/\/cartasonorademallorca.com\/en\/wp-json\/wp\/v2\/listing"}],"about":[{"href":"https:\/\/cartasonorademallorca.com\/en\/wp-json\/wp\/v2\/types\/listing"}],"replies":[{"embeddable":true,"href":"https:\/\/cartasonorademallorca.com\/en\/wp-json\/wp\/v2\/comments?post=2749"}],"wp:featuredmedia":[{"embeddable":true,"href":"https:\/\/cartasonorademallorca.com\/en\/wp-json\/wp\/v2\/media\/2440"}],"wp:attachment":[{"href":"https:\/\/cartasonorademallorca.com\/en\/wp-json\/wp\/v2\/media?parent=2749"}],"wp:term":[{"taxonomy":"post_tag","embeddable":true,"href":"https:\/\/cartasonorademallorca.com\/en\/wp-json\/wp\/v2\/tags?post=2749"},{"taxonomy":"listing_category","embeddable":true,"href":"https:\/\/cartasonorademallorca.com\/en\/wp-json\/wp\/v2\/listing_category?post=2749"},{"taxonomy":"listing_location","embeddable":true,"href":"https:\/\/cartasonorademallorca.com\/en\/wp-json\/wp\/v2\/listing_location?post=2749"},{"taxonomy":"listing_feature","embeddable":true,"href":"https:\/\/cartasonorademallorca.com\/en\/wp-json\/wp\/v2\/listing_feature?post=2749"}],"curies":[{"name":"wp","href":"https:\/\/api.w.org\/{rel}","templated":true}]}}

Paisatge sonor del camí de Biniaraix

<p>Durant el confinament de 2020 l&#8217;activitat humana de Mallorca va minvar fins al punt de deixar-nos imaginar un paisatge lliure de la petjada humana. Aquest és un exemple de la sonoritat del Camí de <span class="hiddenSpellError">Biniaraix</span>, en què podem sentir gran varietat de fauna, especialment ocells i una de les poques aeronaus que sobrevolaven l&#8217;illa en aquells dies.</p>

<!-- This site is optimized with the Yoast SEO plugin v27.4 - https://yoast.com/product/yoast-seo-wordpress/ -->
<title>Paisatge sonor del camí de Biniaraix - Carta Sonora de Mallorca</title>
<meta name="robots" content="index, follow, max-snippet:-1, max-image-preview:large, max-video-preview:-1" />
<link rel="canonical" href="https://cartasonorademallorca.com/en/listing/paisatge-sonor-del-cami-de-biniaraix/" />
<meta property="og:locale" content="en_US" />
<meta property="og:type" content="article" />
<meta property="og:title" content="Paisatge sonor del camí de Biniaraix - Carta Sonora de Mallorca" />
<meta property="og:description" content="Durant el confinament de 2020 l&#8217;activitat humana de Mallorca va minvar fins al punt de deixar-nos imaginar un paisatge lliure de la petjada humana. Aquest és un exemple de la sonoritat del Camí de Biniaraix, en què podem sentir gran varietat de fauna, especialment ocells i una de les poques aeronaus que sobrevolaven l&#8217;illa en [&hellip;]" />
<meta property="og:url" content="https://cartasonorademallorca.com/en/listing/paisatge-sonor-del-cami-de-biniaraix/" />
<meta property="og:site_name" content="Carta Sonora de Mallorca" />
<meta property="article:modified_time" content="2023-01-08T15:58:06+00:00" />
<meta property="og:image" content="https://cartasonorademallorca.com/wp-content/uploads/2022/12/20180818_cami.jpg" />
	<meta property="og:image:width" content="1024" />
	<meta property="og:image:height" content="768" />
	<meta property="og:image:type" content="image/jpeg" />
<meta name="twitter:card" content="summary_large_image" />
<meta name="twitter:label1" content="Est. reading time" />
	<meta name="twitter:data1" content="1 minute" />
<script type="application/ld+json" class="yoast-schema-graph">{"@context":"https:\/\/schema.org","@graph":[{"@type":"WebPage","@id":"https:\/\/cartasonorademallorca.com\/en\/listing\/paisatge-sonor-del-cami-de-biniaraix\/","url":"https:\/\/cartasonorademallorca.com\/en\/listing\/paisatge-sonor-del-cami-de-biniaraix\/","name":"Paisatge sonor del camí de Biniaraix - Carta Sonora de Mallorca","isPartOf":{"@id":"https:\/\/cartasonorademallorca.com\/en\/#website"},"primaryImageOfPage":{"@id":"https:\/\/cartasonorademallorca.com\/en\/listing\/paisatge-sonor-del-cami-de-biniaraix\/#primaryimage"},"image":{"@id":"https:\/\/cartasonorademallorca.com\/en\/listing\/paisatge-sonor-del-cami-de-biniaraix\/#primaryimage"},"thumbnailUrl":"https:\/\/cartasonorademallorca.com\/wp-content\/uploads\/2022\/12\/20180818_cami.jpg","datePublished":"2022-12-07T08:26:03+00:00","dateModified":"2023-01-08T15:58:06+00:00","breadcrumb":{"@id":"https:\/\/cartasonorademallorca.com\/en\/listing\/paisatge-sonor-del-cami-de-biniaraix\/#breadcrumb"},"inLanguage":"en-US","potentialAction":[{"@type":"ReadAction","target":["https:\/\/cartasonorademallorca.com\/en\/listing\/paisatge-sonor-del-cami-de-biniaraix\/"]}]},{"@type":"ImageObject","inLanguage":"en-US","@id":"https:\/\/cartasonorademallorca.com\/en\/listing\/paisatge-sonor-del-cami-de-biniaraix\/#primaryimage","url":"https:\/\/cartasonorademallorca.com\/wp-content\/uploads\/2022\/12\/20180818_cami.jpg","contentUrl":"https:\/\/cartasonorademallorca.com\/wp-content\/uploads\/2022\/12\/20180818_cami.jpg","width":1024,"height":768},{"@type":"BreadcrumbList","@id":"https:\/\/cartasonorademallorca.com\/en\/listing\/paisatge-sonor-del-cami-de-biniaraix\/#breadcrumb","itemListElement":[{"@type":"ListItem","position":1,"name":"Portada","item":"https:\/\/cartasonorademallorca.com\/en\/"},{"@type":"ListItem","position":2,"name":"Llistats","item":"https:\/\/cartasonorademallorca.com\/en\/arxiu\/"},{"@type":"ListItem","position":3,"name":"Paisatge sonor del camí de Biniaraix"}]},{"@type":"WebSite","@id":"https:\/\/cartasonorademallorca.com\/en\/#website","url":"https:\/\/cartasonorademallorca.com\/en\/","name":"Carta Sonora de Mallorca","description":"","potentialAction":[{"@type":"SearchAction","target":{"@type":"EntryPoint","urlTemplate":"https:\/\/cartasonorademallorca.com\/en\/?s={search_term_string}"},"query-input":{"@type":"PropertyValueSpecification","valueRequired":true,"valueName":"search_term_string"}}],"inLanguage":"en-US"}]}</script>
<!-- / Yoast SEO plugin. -->

Paisatge sonor del camí de Biniaraix - Carta Sonora de Mallorca

Durant el confinament de 2020 l&#8217;activitat humana de Mallorca va minvar fins al punt de deixar-nos imaginar un paisatge lliure de la petjada humana. Aquest és un exemple de la sonoritat del Camí de Biniaraix, en què podem sentir gran varietat de fauna, especialment ocells i una de les poques aeronaus que sobrevolaven l&#8217;illa en [&hellip;]
