{"id":2799,"date":"2023-01-13T21:24:28","date_gmt":"2023-01-13T21:24:28","guid":{"rendered":"https:\/\/cartasonorademallorca.com\/listing\/canvi-de-murta-a-can-joan-siulo\/"},"modified":"2023-01-13T21:24:47","modified_gmt":"2023-01-13T21:24:47","slug":"canvi-de-murta-a-can-joan-siulo","status":"publish","type":"listing","link":"https:\/\/cartasonorademallorca.com\/en\/listing\/canvi-de-murta-a-can-joan-siulo\/","title":{"rendered":"Canvi de Murta a can Joan Siulo"},"content":{"rendered":"<p>Com cada 13 de gener, la fam\u00edlia Siulo de Son Servera celebra el seu Canvi de Murta, una festa al voltant de la figura del dimoni amb balls, m\u00fasiques i c\u00e0ntics. A l&#8217;exterior de la casa familiar s&#8217;hi concentren centenars de persones que animen la festa amb cants i crits. A l&#8217;interior, els m\u00e9s propers a la fam\u00edlia es reuneixen per glosar i cantar mentre esperen la sortida dels dimonis per a ballar al carrer. Aquest \u00e9s un instant sonor de l&#8217;ambient dins can Siulo instants abans de sortir els dimonis.<\/p>\n","protected":false},"featured_media":2797,"comment_status":"open","ping_status":"open","template":"","tags":[991,992,578,993,994,995,996],"listing_category":[428],"listing_location":[999],"listing_feature":[34,178],"class_list":["post-2799","listing","type-listing","status-publish","has-post-thumbnail","hentry","tag-canvi-de-murta-en","tag-dimoni-en","tag-festa-en","tag-glosada-en","tag-glosar-en","tag-sant-antoni-en","tag-son-servera-en","custom_tags_1-glosadors-en","custom_tags_1-joan-siulo-en","listing_category-video-en","listing_location-son-servera-en","listing_feature-ambit-domestic","listing_feature-festa"],"acf":[],"yoast_head":"<!-- This site is optimized with the Yoast SEO plugin v27.4 - https:\/\/yoast.com\/product\/yoast-seo-wordpress\/ -->\n<title>Canvi de Murta a can Joan Siulo - Carta Sonora de Mallorca<\/title>\n<meta name=\"robots\" content=\"index, follow, max-snippet:-1, max-image-preview:large, max-video-preview:-1\" \/>\n<link rel=\"canonical\" href=\"https:\/\/cartasonorademallorca.com\/en\/listing\/canvi-de-murta-a-can-joan-siulo\/\" \/>\n<meta property=\"og:locale\" content=\"en_US\" \/>\n<meta property=\"og:type\" content=\"article\" \/>\n<meta property=\"og:title\" content=\"Canvi de Murta a can Joan Siulo - Carta Sonora de Mallorca\" \/>\n<meta property=\"og:description\" content=\"Com cada 13 de gener, la fam\u00edlia Siulo de Son Servera celebra el seu Canvi de Murta, una festa al voltant de la figura del dimoni amb balls, m\u00fasiques i c\u00e0ntics. A l&#8217;exterior de la casa familiar s&#8217;hi concentren centenars de persones que animen la festa amb cants i crits. A l&#8217;interior, els m\u00e9s propers [&hellip;]\" \/>\n<meta property=\"og:url\" content=\"https:\/\/cartasonorademallorca.com\/en\/listing\/canvi-de-murta-a-can-joan-siulo\/\" \/>\n<meta property=\"og:site_name\" content=\"Carta Sonora de Mallorca\" \/>\n<meta property=\"article:modified_time\" content=\"2023-01-13T21:24:47+00:00\" \/>\n<meta property=\"og:image\" content=\"https:\/\/cartasonorademallorca.com\/wp-content\/uploads\/2023\/01\/Captura-de-pantalla-2023-01-13-a-les-22.20.52-1024x572.png\" \/>\n\t<meta property=\"og:image:width\" content=\"1024\" \/>\n\t<meta property=\"og:image:height\" content=\"572\" \/>\n\t<meta property=\"og:image:type\" content=\"image\/png\" \/>\n<meta name=\"twitter:card\" content=\"summary_large_image\" \/>\n<meta name=\"twitter:label1\" content=\"Est. reading time\" \/>\n\t<meta name=\"twitter:data1\" content=\"1 minute\" \/>\n<script type=\"application\/ld+json\" class=\"yoast-schema-graph\">{\"@context\":\"https:\\\/\\\/schema.org\",\"@graph\":[{\"@type\":\"WebPage\",\"@id\":\"https:\\\/\\\/cartasonorademallorca.com\\\/en\\\/listing\\\/canvi-de-murta-a-can-joan-siulo\\\/\",\"url\":\"https:\\\/\\\/cartasonorademallorca.com\\\/en\\\/listing\\\/canvi-de-murta-a-can-joan-siulo\\\/\",\"name\":\"Canvi de Murta a can Joan Siulo - Carta Sonora de Mallorca\",\"isPartOf\":{\"@id\":\"https:\\\/\\\/cartasonorademallorca.com\\\/en\\\/#website\"},\"primaryImageOfPage\":{\"@id\":\"https:\\\/\\\/cartasonorademallorca.com\\\/en\\\/listing\\\/canvi-de-murta-a-can-joan-siulo\\\/#primaryimage\"},\"image\":{\"@id\":\"https:\\\/\\\/cartasonorademallorca.com\\\/en\\\/listing\\\/canvi-de-murta-a-can-joan-siulo\\\/#primaryimage\"},\"thumbnailUrl\":\"https:\\\/\\\/cartasonorademallorca.com\\\/wp-content\\\/uploads\\\/2023\\\/01\\\/Captura-de-pantalla-2023-01-13-a-les-22.20.52.png\",\"datePublished\":\"2023-01-13T21:24:28+00:00\",\"dateModified\":\"2023-01-13T21:24:47+00:00\",\"breadcrumb\":{\"@id\":\"https:\\\/\\\/cartasonorademallorca.com\\\/en\\\/listing\\\/canvi-de-murta-a-can-joan-siulo\\\/#breadcrumb\"},\"inLanguage\":\"en-US\",\"potentialAction\":[{\"@type\":\"ReadAction\",\"target\":[\"https:\\\/\\\/cartasonorademallorca.com\\\/en\\\/listing\\\/canvi-de-murta-a-can-joan-siulo\\\/\"]}]},{\"@type\":\"ImageObject\",\"inLanguage\":\"en-US\",\"@id\":\"https:\\\/\\\/cartasonorademallorca.com\\\/en\\\/listing\\\/canvi-de-murta-a-can-joan-siulo\\\/#primaryimage\",\"url\":\"https:\\\/\\\/cartasonorademallorca.com\\\/wp-content\\\/uploads\\\/2023\\\/01\\\/Captura-de-pantalla-2023-01-13-a-les-22.20.52.png\",\"contentUrl\":\"https:\\\/\\\/cartasonorademallorca.com\\\/wp-content\\\/uploads\\\/2023\\\/01\\\/Captura-de-pantalla-2023-01-13-a-les-22.20.52.png\",\"width\":2874,\"height\":1606,\"caption\":\"Fotografia: JAB\"},{\"@type\":\"BreadcrumbList\",\"@id\":\"https:\\\/\\\/cartasonorademallorca.com\\\/en\\\/listing\\\/canvi-de-murta-a-can-joan-siulo\\\/#breadcrumb\",\"itemListElement\":[{\"@type\":\"ListItem\",\"position\":1,\"name\":\"Portada\",\"item\":\"https:\\\/\\\/cartasonorademallorca.com\\\/en\\\/\"},{\"@type\":\"ListItem\",\"position\":2,\"name\":\"Llistats\",\"item\":\"https:\\\/\\\/cartasonorademallorca.com\\\/en\\\/arxiu\\\/\"},{\"@type\":\"ListItem\",\"position\":3,\"name\":\"Canvi de Murta a can Joan Siulo\"}]},{\"@type\":\"WebSite\",\"@id\":\"https:\\\/\\\/cartasonorademallorca.com\\\/en\\\/#website\",\"url\":\"https:\\\/\\\/cartasonorademallorca.com\\\/en\\\/\",\"name\":\"Carta Sonora de Mallorca\",\"description\":\"\",\"potentialAction\":[{\"@type\":\"SearchAction\",\"target\":{\"@type\":\"EntryPoint\",\"urlTemplate\":\"https:\\\/\\\/cartasonorademallorca.com\\\/en\\\/?s={search_term_string}\"},\"query-input\":{\"@type\":\"PropertyValueSpecification\",\"valueRequired\":true,\"valueName\":\"search_term_string\"}}],\"inLanguage\":\"en-US\"}]}<\/script>\n<!-- \/ Yoast SEO plugin. -->","yoast_head_json":{"title":"Canvi de Murta a can Joan Siulo - Carta Sonora de Mallorca","robots":{"index":"index","follow":"follow","max-snippet":"max-snippet:-1","max-image-preview":"max-image-preview:large","max-video-preview":"max-video-preview:-1"},"canonical":"https:\/\/cartasonorademallorca.com\/en\/listing\/canvi-de-murta-a-can-joan-siulo\/","og_locale":"en_US","og_type":"article","og_title":"Canvi de Murta a can Joan Siulo - Carta Sonora de Mallorca","og_description":"Com cada 13 de gener, la fam\u00edlia Siulo de Son Servera celebra el seu Canvi de Murta, una festa al voltant de la figura del dimoni amb balls, m\u00fasiques i c\u00e0ntics. A l&#8217;exterior de la casa familiar s&#8217;hi concentren centenars de persones que animen la festa amb cants i crits. A l&#8217;interior, els m\u00e9s propers [&hellip;]","og_url":"https:\/\/cartasonorademallorca.com\/en\/listing\/canvi-de-murta-a-can-joan-siulo\/","og_site_name":"Carta Sonora de Mallorca","article_modified_time":"2023-01-13T21:24:47+00:00","og_image":[{"width":1024,"height":572,"url":"https:\/\/cartasonorademallorca.com\/wp-content\/uploads\/2023\/01\/Captura-de-pantalla-2023-01-13-a-les-22.20.52-1024x572.png","type":"image\/png"}],"twitter_card":"summary_large_image","twitter_misc":{"Est. reading time":"1 minute"},"schema":{"@context":"https:\/\/schema.org","@graph":[{"@type":"WebPage","@id":"https:\/\/cartasonorademallorca.com\/en\/listing\/canvi-de-murta-a-can-joan-siulo\/","url":"https:\/\/cartasonorademallorca.com\/en\/listing\/canvi-de-murta-a-can-joan-siulo\/","name":"Canvi de Murta a can Joan Siulo - Carta Sonora de Mallorca","isPartOf":{"@id":"https:\/\/cartasonorademallorca.com\/en\/#website"},"primaryImageOfPage":{"@id":"https:\/\/cartasonorademallorca.com\/en\/listing\/canvi-de-murta-a-can-joan-siulo\/#primaryimage"},"image":{"@id":"https:\/\/cartasonorademallorca.com\/en\/listing\/canvi-de-murta-a-can-joan-siulo\/#primaryimage"},"thumbnailUrl":"https:\/\/cartasonorademallorca.com\/wp-content\/uploads\/2023\/01\/Captura-de-pantalla-2023-01-13-a-les-22.20.52.png","datePublished":"2023-01-13T21:24:28+00:00","dateModified":"2023-01-13T21:24:47+00:00","breadcrumb":{"@id":"https:\/\/cartasonorademallorca.com\/en\/listing\/canvi-de-murta-a-can-joan-siulo\/#breadcrumb"},"inLanguage":"en-US","potentialAction":[{"@type":"ReadAction","target":["https:\/\/cartasonorademallorca.com\/en\/listing\/canvi-de-murta-a-can-joan-siulo\/"]}]},{"@type":"ImageObject","inLanguage":"en-US","@id":"https:\/\/cartasonorademallorca.com\/en\/listing\/canvi-de-murta-a-can-joan-siulo\/#primaryimage","url":"https:\/\/cartasonorademallorca.com\/wp-content\/uploads\/2023\/01\/Captura-de-pantalla-2023-01-13-a-les-22.20.52.png","contentUrl":"https:\/\/cartasonorademallorca.com\/wp-content\/uploads\/2023\/01\/Captura-de-pantalla-2023-01-13-a-les-22.20.52.png","width":2874,"height":1606,"caption":"Fotografia: JAB"},{"@type":"BreadcrumbList","@id":"https:\/\/cartasonorademallorca.com\/en\/listing\/canvi-de-murta-a-can-joan-siulo\/#breadcrumb","itemListElement":[{"@type":"ListItem","position":1,"name":"Portada","item":"https:\/\/cartasonorademallorca.com\/en\/"},{"@type":"ListItem","position":2,"name":"Llistats","item":"https:\/\/cartasonorademallorca.com\/en\/arxiu\/"},{"@type":"ListItem","position":3,"name":"Canvi de Murta a can Joan Siulo"}]},{"@type":"WebSite","@id":"https:\/\/cartasonorademallorca.com\/en\/#website","url":"https:\/\/cartasonorademallorca.com\/en\/","name":"Carta Sonora de Mallorca","description":"","potentialAction":[{"@type":"SearchAction","target":{"@type":"EntryPoint","urlTemplate":"https:\/\/cartasonorademallorca.com\/en\/?s={search_term_string}"},"query-input":{"@type":"PropertyValueSpecification","valueRequired":true,"valueName":"search_term_string"}}],"inLanguage":"en-US"}]}},"_links":{"self":[{"href":"https:\/\/cartasonorademallorca.com\/en\/wp-json\/wp\/v2\/listing\/2799","targetHints":{"allow":["GET"]}}],"collection":[{"href":"https:\/\/cartasonorademallorca.com\/en\/wp-json\/wp\/v2\/listing"}],"about":[{"href":"https:\/\/cartasonorademallorca.com\/en\/wp-json\/wp\/v2\/types\/listing"}],"replies":[{"embeddable":true,"href":"https:\/\/cartasonorademallorca.com\/en\/wp-json\/wp\/v2\/comments?post=2799"}],"wp:featuredmedia":[{"embeddable":true,"href":"https:\/\/cartasonorademallorca.com\/en\/wp-json\/wp\/v2\/media\/2797"}],"wp:attachment":[{"href":"https:\/\/cartasonorademallorca.com\/en\/wp-json\/wp\/v2\/media?parent=2799"}],"wp:term":[{"taxonomy":"post_tag","embeddable":true,"href":"https:\/\/cartasonorademallorca.com\/en\/wp-json\/wp\/v2\/tags?post=2799"},{"taxonomy":"listing_category","embeddable":true,"href":"https:\/\/cartasonorademallorca.com\/en\/wp-json\/wp\/v2\/listing_category?post=2799"},{"taxonomy":"listing_location","embeddable":true,"href":"https:\/\/cartasonorademallorca.com\/en\/wp-json\/wp\/v2\/listing_location?post=2799"},{"taxonomy":"listing_feature","embeddable":true,"href":"https:\/\/cartasonorademallorca.com\/en\/wp-json\/wp\/v2\/listing_feature?post=2799"}],"curies":[{"name":"wp","href":"https:\/\/api.w.org\/{rel}","templated":true}]}}

<p>Com cada 13 de gener, la família Siulo de Son Servera celebra el seu Canvi de Murta, una festa al voltant de la figura del dimoni amb balls, músiques i càntics. A l&#8217;exterior de la casa familiar s&#8217;hi concentren centenars de persones que animen la festa amb cants i crits. A l&#8217;interior, els més propers a la família es reuneixen per glosar i cantar mentre esperen la sortida dels dimonis per a ballar al carrer. Aquest és un instant sonor de l&#8217;ambient dins can Siulo instants abans de sortir els dimonis.</p>

<!-- This site is optimized with the Yoast SEO plugin v27.4 - https://yoast.com/product/yoast-seo-wordpress/ -->
<title>Canvi de Murta a can Joan Siulo - Carta Sonora de Mallorca</title>
<meta name="robots" content="index, follow, max-snippet:-1, max-image-preview:large, max-video-preview:-1" />
<link rel="canonical" href="https://cartasonorademallorca.com/en/listing/canvi-de-murta-a-can-joan-siulo/" />
<meta property="og:locale" content="en_US" />
<meta property="og:type" content="article" />
<meta property="og:title" content="Canvi de Murta a can Joan Siulo - Carta Sonora de Mallorca" />
<meta property="og:description" content="Com cada 13 de gener, la família Siulo de Son Servera celebra el seu Canvi de Murta, una festa al voltant de la figura del dimoni amb balls, músiques i càntics. A l&#8217;exterior de la casa familiar s&#8217;hi concentren centenars de persones que animen la festa amb cants i crits. A l&#8217;interior, els més propers [&hellip;]" />
<meta property="og:url" content="https://cartasonorademallorca.com/en/listing/canvi-de-murta-a-can-joan-siulo/" />
<meta property="og:site_name" content="Carta Sonora de Mallorca" />
<meta property="article:modified_time" content="2023-01-13T21:24:47+00:00" />
<meta property="og:image" content="https://cartasonorademallorca.com/wp-content/uploads/2023/01/Captura-de-pantalla-2023-01-13-a-les-22.20.52-1024x572.png" />
	<meta property="og:image:width" content="1024" />
	<meta property="og:image:height" content="572" />
	<meta property="og:image:type" content="image/png" />
<meta name="twitter:card" content="summary_large_image" />
<meta name="twitter:label1" content="Est. reading time" />
	<meta name="twitter:data1" content="1 minute" />
<script type="application/ld+json" class="yoast-schema-graph">{"@context":"https:\/\/schema.org","@graph":[{"@type":"WebPage","@id":"https:\/\/cartasonorademallorca.com\/en\/listing\/canvi-de-murta-a-can-joan-siulo\/","url":"https:\/\/cartasonorademallorca.com\/en\/listing\/canvi-de-murta-a-can-joan-siulo\/","name":"Canvi de Murta a can Joan Siulo - Carta Sonora de Mallorca","isPartOf":{"@id":"https:\/\/cartasonorademallorca.com\/en\/#website"},"primaryImageOfPage":{"@id":"https:\/\/cartasonorademallorca.com\/en\/listing\/canvi-de-murta-a-can-joan-siulo\/#primaryimage"},"image":{"@id":"https:\/\/cartasonorademallorca.com\/en\/listing\/canvi-de-murta-a-can-joan-siulo\/#primaryimage"},"thumbnailUrl":"https:\/\/cartasonorademallorca.com\/wp-content\/uploads\/2023\/01\/Captura-de-pantalla-2023-01-13-a-les-22.20.52.png","datePublished":"2023-01-13T21:24:28+00:00","dateModified":"2023-01-13T21:24:47+00:00","breadcrumb":{"@id":"https:\/\/cartasonorademallorca.com\/en\/listing\/canvi-de-murta-a-can-joan-siulo\/#breadcrumb"},"inLanguage":"en-US","potentialAction":[{"@type":"ReadAction","target":["https:\/\/cartasonorademallorca.com\/en\/listing\/canvi-de-murta-a-can-joan-siulo\/"]}]},{"@type":"ImageObject","inLanguage":"en-US","@id":"https:\/\/cartasonorademallorca.com\/en\/listing\/canvi-de-murta-a-can-joan-siulo\/#primaryimage","url":"https:\/\/cartasonorademallorca.com\/wp-content\/uploads\/2023\/01\/Captura-de-pantalla-2023-01-13-a-les-22.20.52.png","contentUrl":"https:\/\/cartasonorademallorca.com\/wp-content\/uploads\/2023\/01\/Captura-de-pantalla-2023-01-13-a-les-22.20.52.png","width":2874,"height":1606,"caption":"Fotografia: JAB"},{"@type":"BreadcrumbList","@id":"https:\/\/cartasonorademallorca.com\/en\/listing\/canvi-de-murta-a-can-joan-siulo\/#breadcrumb","itemListElement":[{"@type":"ListItem","position":1,"name":"Portada","item":"https:\/\/cartasonorademallorca.com\/en\/"},{"@type":"ListItem","position":2,"name":"Llistats","item":"https:\/\/cartasonorademallorca.com\/en\/arxiu\/"},{"@type":"ListItem","position":3,"name":"Canvi de Murta a can Joan Siulo"}]},{"@type":"WebSite","@id":"https:\/\/cartasonorademallorca.com\/en\/#website","url":"https:\/\/cartasonorademallorca.com\/en\/","name":"Carta Sonora de Mallorca","description":"","potentialAction":[{"@type":"SearchAction","target":{"@type":"EntryPoint","urlTemplate":"https:\/\/cartasonorademallorca.com\/en\/?s={search_term_string}"},"query-input":{"@type":"PropertyValueSpecification","valueRequired":true,"valueName":"search_term_string"}}],"inLanguage":"en-US"}]}</script>
<!-- / Yoast SEO plugin. -->

Com cada 13 de gener, la família Siulo de Son Servera celebra el seu Canvi de Murta, una festa al voltant de la figura del dimoni amb balls, músiques i càntics. A l&#8217;exterior de la casa familiar s&#8217;hi concentren centenars de persones que animen la festa amb cants i crits. A l&#8217;interior, els més propers [&hellip;]
