{"id":2867,"date":"2023-02-08T15:50:00","date_gmt":"2023-02-08T15:50:00","guid":{"rendered":"https:\/\/cartasonorademallorca.com\/listing\/joan-evangelista-fiorelli-professor-de-ball\/"},"modified":"2023-02-08T15:51:10","modified_gmt":"2023-02-08T15:51:10","slug":"joan-evangelista-fiorelli-professor-de-ball","status":"publish","type":"listing","link":"https:\/\/cartasonorademallorca.com\/en\/listing\/joan-evangelista-fiorelli-professor-de-ball\/","title":{"rendered":"Joan Evangelista Fiorelli, professor de ball"},"content":{"rendered":"<p>Joan Evangelista Fiorelli s&#8217;anunciava, a les p\u00e0gines del <em>Diario de Mallorca<\/em> del dia 21 de mar\u00e7 de 1811, com a professor de ball de sala i de teatre.<\/p>\n<blockquote><p><span style=\"font-weight: 400;\">Joan Evangelista Fiorielli, de naci\u00f3n italiana maestro de professi\u00f3n baylarin con el correspondiente permiso hace saber \u00e1 este respetable p\u00fablico que el s\u00e1bado 23 del corriente, abrir\u00e1 escuela de bayle de sala y de teatro. Los Sres. que quieren aprender, poran concurir en casa del maestro Miguel Vert carpintero, \u00e1 la esquina del quartel grande de S. Martin n\u00ba. 9 desde las 7 hasta las 9 de la noche. Si algunos se\u00f1ores quisieren tomar lecci\u00f3n en su casa, se serviran avisarlos en dicha casa.<\/span><\/p><\/blockquote>\n<p>Aquest tipus d&#8217;anuncis s\u00f3n m\u00e9s o menys presents al diari d&#8217;en\u00e7\u00e0 que aquest es va fundar l&#8217;any 1808. Aquests evidencien un raig seguit de persones, foranies i estrangers, que venien a l&#8217;illa intentant viure del seu art.<\/p>\n","protected":false},"featured_media":2865,"comment_status":"open","ping_status":"open","template":"","tags":[612,1130,1131,1132,1133,1134,1119],"listing_category":[390],"listing_location":[429],"listing_feature":[34,28,157],"class_list":["post-2867","listing","type-listing","status-publish","has-post-thumbnail","hentry","tag-ball-en","tag-ball-de-sala-en","tag-classes-de-ball-en","tag-classes-de-teatre-en","tag-professor-de-ball-en","tag-professor-de-teatre-en","tag-turisme-en","custom_tags_1-joan-evangelista-fiorelli-professor-de-ball-en","custom_tags_1-miguel-vert-carpintero-en","listing_category-text-en","listing_location-palma-en","listing_feature-ambit-domestic","listing_feature-ambit-profa","listing_feature-documentacio-musics"],"acf":[],"yoast_head":"<!-- This site is optimized with the Yoast SEO plugin v27.4 - https:\/\/yoast.com\/product\/yoast-seo-wordpress\/ -->\n<title>Joan Evangelista Fiorelli, professor de ball - Carta Sonora de Mallorca<\/title>\n<meta name=\"robots\" content=\"index, follow, max-snippet:-1, max-image-preview:large, max-video-preview:-1\" \/>\n<link rel=\"canonical\" href=\"https:\/\/cartasonorademallorca.com\/en\/listing\/joan-evangelista-fiorelli-professor-de-ball\/\" \/>\n<meta property=\"og:locale\" content=\"en_US\" \/>\n<meta property=\"og:type\" content=\"article\" \/>\n<meta property=\"og:title\" content=\"Joan Evangelista Fiorelli, professor de ball - Carta Sonora de Mallorca\" \/>\n<meta property=\"og:description\" content=\"Joan Evangelista Fiorelli s&#8217;anunciava, a les p\u00e0gines del Diario de Mallorca del dia 21 de mar\u00e7 de 1811, com a professor de ball de sala i de teatre. Joan Evangelista Fiorielli, de naci\u00f3n italiana maestro de professi\u00f3n baylarin con el correspondiente permiso hace saber \u00e1 este respetable p\u00fablico que el s\u00e1bado 23 del corriente, abrir\u00e1 [&hellip;]\" \/>\n<meta property=\"og:url\" content=\"https:\/\/cartasonorademallorca.com\/en\/listing\/joan-evangelista-fiorelli-professor-de-ball\/\" \/>\n<meta property=\"og:site_name\" content=\"Carta Sonora de Mallorca\" \/>\n<meta property=\"article:modified_time\" content=\"2023-02-08T15:51:10+00:00\" \/>\n<meta property=\"og:image\" content=\"https:\/\/cartasonorademallorca.com\/wp-content\/uploads\/2023\/02\/Captura-de-pantalla-2023-02-08-a-les-16.46.25-1024x486.png\" \/>\n\t<meta property=\"og:image:width\" content=\"1024\" \/>\n\t<meta property=\"og:image:height\" content=\"486\" \/>\n\t<meta property=\"og:image:type\" content=\"image\/png\" \/>\n<meta name=\"twitter:card\" content=\"summary_large_image\" \/>\n<meta name=\"twitter:label1\" content=\"Est. reading time\" \/>\n\t<meta name=\"twitter:data1\" content=\"1 minute\" \/>\n<script type=\"application\/ld+json\" class=\"yoast-schema-graph\">{\"@context\":\"https:\\\/\\\/schema.org\",\"@graph\":[{\"@type\":\"WebPage\",\"@id\":\"https:\\\/\\\/cartasonorademallorca.com\\\/en\\\/listing\\\/joan-evangelista-fiorelli-professor-de-ball\\\/\",\"url\":\"https:\\\/\\\/cartasonorademallorca.com\\\/en\\\/listing\\\/joan-evangelista-fiorelli-professor-de-ball\\\/\",\"name\":\"Joan Evangelista Fiorelli, professor de ball - Carta Sonora de Mallorca\",\"isPartOf\":{\"@id\":\"https:\\\/\\\/cartasonorademallorca.com\\\/en\\\/#website\"},\"primaryImageOfPage\":{\"@id\":\"https:\\\/\\\/cartasonorademallorca.com\\\/en\\\/listing\\\/joan-evangelista-fiorelli-professor-de-ball\\\/#primaryimage\"},\"image\":{\"@id\":\"https:\\\/\\\/cartasonorademallorca.com\\\/en\\\/listing\\\/joan-evangelista-fiorelli-professor-de-ball\\\/#primaryimage\"},\"thumbnailUrl\":\"https:\\\/\\\/cartasonorademallorca.com\\\/wp-content\\\/uploads\\\/2023\\\/02\\\/Captura-de-pantalla-2023-02-08-a-les-16.46.25.png\",\"datePublished\":\"2023-02-08T15:50:00+00:00\",\"dateModified\":\"2023-02-08T15:51:10+00:00\",\"breadcrumb\":{\"@id\":\"https:\\\/\\\/cartasonorademallorca.com\\\/en\\\/listing\\\/joan-evangelista-fiorelli-professor-de-ball\\\/#breadcrumb\"},\"inLanguage\":\"en-US\",\"potentialAction\":[{\"@type\":\"ReadAction\",\"target\":[\"https:\\\/\\\/cartasonorademallorca.com\\\/en\\\/listing\\\/joan-evangelista-fiorelli-professor-de-ball\\\/\"]}]},{\"@type\":\"ImageObject\",\"inLanguage\":\"en-US\",\"@id\":\"https:\\\/\\\/cartasonorademallorca.com\\\/en\\\/listing\\\/joan-evangelista-fiorelli-professor-de-ball\\\/#primaryimage\",\"url\":\"https:\\\/\\\/cartasonorademallorca.com\\\/wp-content\\\/uploads\\\/2023\\\/02\\\/Captura-de-pantalla-2023-02-08-a-les-16.46.25.png\",\"contentUrl\":\"https:\\\/\\\/cartasonorademallorca.com\\\/wp-content\\\/uploads\\\/2023\\\/02\\\/Captura-de-pantalla-2023-02-08-a-les-16.46.25.png\",\"width\":2272,\"height\":1078,\"caption\":\"Fotografia: JAB\"},{\"@type\":\"BreadcrumbList\",\"@id\":\"https:\\\/\\\/cartasonorademallorca.com\\\/en\\\/listing\\\/joan-evangelista-fiorelli-professor-de-ball\\\/#breadcrumb\",\"itemListElement\":[{\"@type\":\"ListItem\",\"position\":1,\"name\":\"Portada\",\"item\":\"https:\\\/\\\/cartasonorademallorca.com\\\/en\\\/\"},{\"@type\":\"ListItem\",\"position\":2,\"name\":\"Llistats\",\"item\":\"https:\\\/\\\/cartasonorademallorca.com\\\/en\\\/arxiu\\\/\"},{\"@type\":\"ListItem\",\"position\":3,\"name\":\"Joan Evangelista Fiorelli, professor de ball\"}]},{\"@type\":\"WebSite\",\"@id\":\"https:\\\/\\\/cartasonorademallorca.com\\\/en\\\/#website\",\"url\":\"https:\\\/\\\/cartasonorademallorca.com\\\/en\\\/\",\"name\":\"Carta Sonora de Mallorca\",\"description\":\"\",\"potentialAction\":[{\"@type\":\"SearchAction\",\"target\":{\"@type\":\"EntryPoint\",\"urlTemplate\":\"https:\\\/\\\/cartasonorademallorca.com\\\/en\\\/?s={search_term_string}\"},\"query-input\":{\"@type\":\"PropertyValueSpecification\",\"valueRequired\":true,\"valueName\":\"search_term_string\"}}],\"inLanguage\":\"en-US\"}]}<\/script>\n<!-- \/ Yoast SEO plugin. -->","yoast_head_json":{"title":"Joan Evangelista Fiorelli, professor de ball - Carta Sonora de Mallorca","robots":{"index":"index","follow":"follow","max-snippet":"max-snippet:-1","max-image-preview":"max-image-preview:large","max-video-preview":"max-video-preview:-1"},"canonical":"https:\/\/cartasonorademallorca.com\/en\/listing\/joan-evangelista-fiorelli-professor-de-ball\/","og_locale":"en_US","og_type":"article","og_title":"Joan Evangelista Fiorelli, professor de ball - Carta Sonora de Mallorca","og_description":"Joan Evangelista Fiorelli s&#8217;anunciava, a les p\u00e0gines del Diario de Mallorca del dia 21 de mar\u00e7 de 1811, com a professor de ball de sala i de teatre. Joan Evangelista Fiorielli, de naci\u00f3n italiana maestro de professi\u00f3n baylarin con el correspondiente permiso hace saber \u00e1 este respetable p\u00fablico que el s\u00e1bado 23 del corriente, abrir\u00e1 [&hellip;]","og_url":"https:\/\/cartasonorademallorca.com\/en\/listing\/joan-evangelista-fiorelli-professor-de-ball\/","og_site_name":"Carta Sonora de Mallorca","article_modified_time":"2023-02-08T15:51:10+00:00","og_image":[{"width":1024,"height":486,"url":"https:\/\/cartasonorademallorca.com\/wp-content\/uploads\/2023\/02\/Captura-de-pantalla-2023-02-08-a-les-16.46.25-1024x486.png","type":"image\/png"}],"twitter_card":"summary_large_image","twitter_misc":{"Est. reading time":"1 minute"},"schema":{"@context":"https:\/\/schema.org","@graph":[{"@type":"WebPage","@id":"https:\/\/cartasonorademallorca.com\/en\/listing\/joan-evangelista-fiorelli-professor-de-ball\/","url":"https:\/\/cartasonorademallorca.com\/en\/listing\/joan-evangelista-fiorelli-professor-de-ball\/","name":"Joan Evangelista Fiorelli, professor de ball - Carta Sonora de Mallorca","isPartOf":{"@id":"https:\/\/cartasonorademallorca.com\/en\/#website"},"primaryImageOfPage":{"@id":"https:\/\/cartasonorademallorca.com\/en\/listing\/joan-evangelista-fiorelli-professor-de-ball\/#primaryimage"},"image":{"@id":"https:\/\/cartasonorademallorca.com\/en\/listing\/joan-evangelista-fiorelli-professor-de-ball\/#primaryimage"},"thumbnailUrl":"https:\/\/cartasonorademallorca.com\/wp-content\/uploads\/2023\/02\/Captura-de-pantalla-2023-02-08-a-les-16.46.25.png","datePublished":"2023-02-08T15:50:00+00:00","dateModified":"2023-02-08T15:51:10+00:00","breadcrumb":{"@id":"https:\/\/cartasonorademallorca.com\/en\/listing\/joan-evangelista-fiorelli-professor-de-ball\/#breadcrumb"},"inLanguage":"en-US","potentialAction":[{"@type":"ReadAction","target":["https:\/\/cartasonorademallorca.com\/en\/listing\/joan-evangelista-fiorelli-professor-de-ball\/"]}]},{"@type":"ImageObject","inLanguage":"en-US","@id":"https:\/\/cartasonorademallorca.com\/en\/listing\/joan-evangelista-fiorelli-professor-de-ball\/#primaryimage","url":"https:\/\/cartasonorademallorca.com\/wp-content\/uploads\/2023\/02\/Captura-de-pantalla-2023-02-08-a-les-16.46.25.png","contentUrl":"https:\/\/cartasonorademallorca.com\/wp-content\/uploads\/2023\/02\/Captura-de-pantalla-2023-02-08-a-les-16.46.25.png","width":2272,"height":1078,"caption":"Fotografia: JAB"},{"@type":"BreadcrumbList","@id":"https:\/\/cartasonorademallorca.com\/en\/listing\/joan-evangelista-fiorelli-professor-de-ball\/#breadcrumb","itemListElement":[{"@type":"ListItem","position":1,"name":"Portada","item":"https:\/\/cartasonorademallorca.com\/en\/"},{"@type":"ListItem","position":2,"name":"Llistats","item":"https:\/\/cartasonorademallorca.com\/en\/arxiu\/"},{"@type":"ListItem","position":3,"name":"Joan Evangelista Fiorelli, professor de ball"}]},{"@type":"WebSite","@id":"https:\/\/cartasonorademallorca.com\/en\/#website","url":"https:\/\/cartasonorademallorca.com\/en\/","name":"Carta Sonora de Mallorca","description":"","potentialAction":[{"@type":"SearchAction","target":{"@type":"EntryPoint","urlTemplate":"https:\/\/cartasonorademallorca.com\/en\/?s={search_term_string}"},"query-input":{"@type":"PropertyValueSpecification","valueRequired":true,"valueName":"search_term_string"}}],"inLanguage":"en-US"}]}},"_links":{"self":[{"href":"https:\/\/cartasonorademallorca.com\/en\/wp-json\/wp\/v2\/listing\/2867","targetHints":{"allow":["GET"]}}],"collection":[{"href":"https:\/\/cartasonorademallorca.com\/en\/wp-json\/wp\/v2\/listing"}],"about":[{"href":"https:\/\/cartasonorademallorca.com\/en\/wp-json\/wp\/v2\/types\/listing"}],"replies":[{"embeddable":true,"href":"https:\/\/cartasonorademallorca.com\/en\/wp-json\/wp\/v2\/comments?post=2867"}],"wp:featuredmedia":[{"embeddable":true,"href":"https:\/\/cartasonorademallorca.com\/en\/wp-json\/wp\/v2\/media\/2865"}],"wp:attachment":[{"href":"https:\/\/cartasonorademallorca.com\/en\/wp-json\/wp\/v2\/media?parent=2867"}],"wp:term":[{"taxonomy":"post_tag","embeddable":true,"href":"https:\/\/cartasonorademallorca.com\/en\/wp-json\/wp\/v2\/tags?post=2867"},{"taxonomy":"listing_category","embeddable":true,"href":"https:\/\/cartasonorademallorca.com\/en\/wp-json\/wp\/v2\/listing_category?post=2867"},{"taxonomy":"listing_location","embeddable":true,"href":"https:\/\/cartasonorademallorca.com\/en\/wp-json\/wp\/v2\/listing_location?post=2867"},{"taxonomy":"listing_feature","embeddable":true,"href":"https:\/\/cartasonorademallorca.com\/en\/wp-json\/wp\/v2\/listing_feature?post=2867"}],"curies":[{"name":"wp","href":"https:\/\/api.w.org\/{rel}","templated":true}]}}

<p>Joan Evangelista Fiorelli s&#8217;anunciava, a les pàgines del <em>Diario de Mallorca</em> del dia 21 de març de 1811, com a professor de ball de sala i de teatre.</p>
<blockquote><p><span style="font-weight: 400;">Joan Evangelista Fiorielli, de nación italiana maestro de professión baylarin con el correspondiente permiso hace saber á este respetable público que el sábado 23 del corriente, abrirá escuela de bayle de sala y de teatro. Los Sres. que quieren aprender, poran concurir en casa del maestro Miguel Vert carpintero, á la esquina del quartel grande de S. Martin nº. 9 desde las 7 hasta las 9 de la noche. Si algunos señores quisieren tomar lección en su casa, se serviran avisarlos en dicha casa.</span></p></blockquote>
<p>Aquest tipus d&#8217;anuncis són més o menys presents al diari d&#8217;ençà que aquest es va fundar l&#8217;any 1808. Aquests evidencien un raig seguit de persones, foranies i estrangers, que venien a l&#8217;illa intentant viure del seu art.</p>

<!-- This site is optimized with the Yoast SEO plugin v27.4 - https://yoast.com/product/yoast-seo-wordpress/ -->
<title>Joan Evangelista Fiorelli, professor de ball - Carta Sonora de Mallorca</title>
<meta name="robots" content="index, follow, max-snippet:-1, max-image-preview:large, max-video-preview:-1" />
<link rel="canonical" href="https://cartasonorademallorca.com/en/listing/joan-evangelista-fiorelli-professor-de-ball/" />
<meta property="og:locale" content="en_US" />
<meta property="og:type" content="article" />
<meta property="og:title" content="Joan Evangelista Fiorelli, professor de ball - Carta Sonora de Mallorca" />
<meta property="og:description" content="Joan Evangelista Fiorelli s&#8217;anunciava, a les pàgines del Diario de Mallorca del dia 21 de març de 1811, com a professor de ball de sala i de teatre. Joan Evangelista Fiorielli, de nación italiana maestro de professión baylarin con el correspondiente permiso hace saber á este respetable público que el sábado 23 del corriente, abrirá [&hellip;]" />
<meta property="og:url" content="https://cartasonorademallorca.com/en/listing/joan-evangelista-fiorelli-professor-de-ball/" />
<meta property="og:site_name" content="Carta Sonora de Mallorca" />
<meta property="article:modified_time" content="2023-02-08T15:51:10+00:00" />
<meta property="og:image" content="https://cartasonorademallorca.com/wp-content/uploads/2023/02/Captura-de-pantalla-2023-02-08-a-les-16.46.25-1024x486.png" />
	<meta property="og:image:width" content="1024" />
	<meta property="og:image:height" content="486" />
	<meta property="og:image:type" content="image/png" />
<meta name="twitter:card" content="summary_large_image" />
<meta name="twitter:label1" content="Est. reading time" />
	<meta name="twitter:data1" content="1 minute" />
<script type="application/ld+json" class="yoast-schema-graph">{"@context":"https:\/\/schema.org","@graph":[{"@type":"WebPage","@id":"https:\/\/cartasonorademallorca.com\/en\/listing\/joan-evangelista-fiorelli-professor-de-ball\/","url":"https:\/\/cartasonorademallorca.com\/en\/listing\/joan-evangelista-fiorelli-professor-de-ball\/","name":"Joan Evangelista Fiorelli, professor de ball - Carta Sonora de Mallorca","isPartOf":{"@id":"https:\/\/cartasonorademallorca.com\/en\/#website"},"primaryImageOfPage":{"@id":"https:\/\/cartasonorademallorca.com\/en\/listing\/joan-evangelista-fiorelli-professor-de-ball\/#primaryimage"},"image":{"@id":"https:\/\/cartasonorademallorca.com\/en\/listing\/joan-evangelista-fiorelli-professor-de-ball\/#primaryimage"},"thumbnailUrl":"https:\/\/cartasonorademallorca.com\/wp-content\/uploads\/2023\/02\/Captura-de-pantalla-2023-02-08-a-les-16.46.25.png","datePublished":"2023-02-08T15:50:00+00:00","dateModified":"2023-02-08T15:51:10+00:00","breadcrumb":{"@id":"https:\/\/cartasonorademallorca.com\/en\/listing\/joan-evangelista-fiorelli-professor-de-ball\/#breadcrumb"},"inLanguage":"en-US","potentialAction":[{"@type":"ReadAction","target":["https:\/\/cartasonorademallorca.com\/en\/listing\/joan-evangelista-fiorelli-professor-de-ball\/"]}]},{"@type":"ImageObject","inLanguage":"en-US","@id":"https:\/\/cartasonorademallorca.com\/en\/listing\/joan-evangelista-fiorelli-professor-de-ball\/#primaryimage","url":"https:\/\/cartasonorademallorca.com\/wp-content\/uploads\/2023\/02\/Captura-de-pantalla-2023-02-08-a-les-16.46.25.png","contentUrl":"https:\/\/cartasonorademallorca.com\/wp-content\/uploads\/2023\/02\/Captura-de-pantalla-2023-02-08-a-les-16.46.25.png","width":2272,"height":1078,"caption":"Fotografia: JAB"},{"@type":"BreadcrumbList","@id":"https:\/\/cartasonorademallorca.com\/en\/listing\/joan-evangelista-fiorelli-professor-de-ball\/#breadcrumb","itemListElement":[{"@type":"ListItem","position":1,"name":"Portada","item":"https:\/\/cartasonorademallorca.com\/en\/"},{"@type":"ListItem","position":2,"name":"Llistats","item":"https:\/\/cartasonorademallorca.com\/en\/arxiu\/"},{"@type":"ListItem","position":3,"name":"Joan Evangelista Fiorelli, professor de ball"}]},{"@type":"WebSite","@id":"https:\/\/cartasonorademallorca.com\/en\/#website","url":"https:\/\/cartasonorademallorca.com\/en\/","name":"Carta Sonora de Mallorca","description":"","potentialAction":[{"@type":"SearchAction","target":{"@type":"EntryPoint","urlTemplate":"https:\/\/cartasonorademallorca.com\/en\/?s={search_term_string}"},"query-input":{"@type":"PropertyValueSpecification","valueRequired":true,"valueName":"search_term_string"}}],"inLanguage":"en-US"}]}</script>
<!-- / Yoast SEO plugin. -->

Joan Evangelista Fiorelli s&#8217;anunciava, a les pàgines del Diario de Mallorca del dia 21 de març de 1811, com a professor de ball de sala i de teatre. Joan Evangelista Fiorielli, de nación italiana maestro de professión baylarin con el correspondiente permiso hace saber á este respetable público que el sábado 23 del corriente, abrirá [&hellip;]
