{"id":2876,"date":"2023-02-09T21:36:16","date_gmt":"2023-02-09T21:36:16","guid":{"rendered":"https:\/\/cartasonorademallorca.com\/?post_type=listing&#038;p=2876"},"modified":"2023-02-09T21:37:13","modified_gmt":"2023-02-09T21:37:13","slug":"venda-dun-fortepiano-de-simon-moreno","status":"publish","type":"listing","link":"https:\/\/cartasonorademallorca.com\/en\/listing\/venda-dun-fortepiano-de-simon-moreno\/","title":{"rendered":"Venda d&#8217;un fortepiano de Sim\u00f3n Moreno"},"content":{"rendered":"<p>A principis del s. XIX comen\u00e7aven a arribar alguns fortepianos a l&#8217;illa. Not\u00edcies com aquesta \u2013apareguda al <em>Diario de Mallorca <\/em>el dia 28 de setembre de 1811\u2013 ens donen molta informaci\u00f3 organol\u00f2gica &#8220;6 octavas con tres registros&#8221; aix\u00ed com el nom del constructor i el preu de mercat d&#8217;un instrument d&#8217;aquestes caracter\u00edstiques:<\/p>\n<blockquote><p><span style=\"font-weight: 400;\">[&#8230;] esta en venta un fortepiano de los mejores, de 6 octavas con tres registros, fabricado en Valencia por Sim\u00f3n Moreno, y los construye de varios precios hasta 20.000 rs. vn.: dar\u00e1 raz\u00f3n el carpintero de la calle de los Pelayres<\/span><\/p><\/blockquote>\n","protected":false},"featured_media":2865,"comment_status":"open","ping_status":"open","template":"","tags":[1148,1149,1150],"listing_category":[390],"listing_location":[429],"listing_feature":[34,28,157],"class_list":["post-2876","listing","type-listing","status-publish","has-post-thumbnail","hentry","tag-fortepiano-en","tag-piano-en","tag-venda-dinstrument-en","custom_tags_1-simon-moreno-fabricant-valencia-de-fortepianos-en","listing_category-text-en","listing_location-palma-en","listing_feature-ambit-domestic","listing_feature-ambit-profa","listing_feature-documentacio-musics"],"acf":[],"yoast_head":"<!-- This site is optimized with the Yoast SEO plugin v27.4 - https:\/\/yoast.com\/product\/yoast-seo-wordpress\/ -->\n<title>Venda d&#039;un fortepiano de Sim\u00f3n Moreno - Carta Sonora de Mallorca<\/title>\n<meta name=\"robots\" content=\"index, follow, max-snippet:-1, max-image-preview:large, max-video-preview:-1\" \/>\n<link rel=\"canonical\" href=\"https:\/\/cartasonorademallorca.com\/en\/listing\/venda-dun-fortepiano-de-simon-moreno\/\" \/>\n<meta property=\"og:locale\" content=\"en_US\" \/>\n<meta property=\"og:type\" content=\"article\" \/>\n<meta property=\"og:title\" content=\"Venda d&#039;un fortepiano de Sim\u00f3n Moreno - Carta Sonora de Mallorca\" \/>\n<meta property=\"og:description\" content=\"A principis del s. XIX comen\u00e7aven a arribar alguns fortepianos a l&#8217;illa. Not\u00edcies com aquesta \u2013apareguda al Diario de Mallorca el dia 28 de setembre de 1811\u2013 ens donen molta informaci\u00f3 organol\u00f2gica &#8220;6 octavas con tres registros&#8221; aix\u00ed com el nom del constructor i el preu de mercat d&#8217;un instrument d&#8217;aquestes caracter\u00edstiques: [&#8230;] esta en [&hellip;]\" \/>\n<meta property=\"og:url\" content=\"https:\/\/cartasonorademallorca.com\/en\/listing\/venda-dun-fortepiano-de-simon-moreno\/\" \/>\n<meta property=\"og:site_name\" content=\"Carta Sonora de Mallorca\" \/>\n<meta property=\"article:modified_time\" content=\"2023-02-09T21:37:13+00:00\" \/>\n<meta property=\"og:image\" content=\"https:\/\/cartasonorademallorca.com\/wp-content\/uploads\/2023\/02\/Captura-de-pantalla-2023-02-08-a-les-16.46.25-1024x486.png\" \/>\n\t<meta property=\"og:image:width\" content=\"1024\" \/>\n\t<meta property=\"og:image:height\" content=\"486\" \/>\n\t<meta property=\"og:image:type\" content=\"image\/png\" \/>\n<meta name=\"twitter:card\" content=\"summary_large_image\" \/>\n<meta name=\"twitter:label1\" content=\"Est. reading time\" \/>\n\t<meta name=\"twitter:data1\" content=\"1 minute\" \/>\n<script type=\"application\/ld+json\" class=\"yoast-schema-graph\">{\"@context\":\"https:\\\/\\\/schema.org\",\"@graph\":[{\"@type\":\"WebPage\",\"@id\":\"https:\\\/\\\/cartasonorademallorca.com\\\/en\\\/listing\\\/venda-dun-fortepiano-de-simon-moreno\\\/\",\"url\":\"https:\\\/\\\/cartasonorademallorca.com\\\/en\\\/listing\\\/venda-dun-fortepiano-de-simon-moreno\\\/\",\"name\":\"Venda d'un fortepiano de Sim\u00f3n Moreno - Carta Sonora de Mallorca\",\"isPartOf\":{\"@id\":\"https:\\\/\\\/cartasonorademallorca.com\\\/en\\\/#website\"},\"primaryImageOfPage\":{\"@id\":\"https:\\\/\\\/cartasonorademallorca.com\\\/en\\\/listing\\\/venda-dun-fortepiano-de-simon-moreno\\\/#primaryimage\"},\"image\":{\"@id\":\"https:\\\/\\\/cartasonorademallorca.com\\\/en\\\/listing\\\/venda-dun-fortepiano-de-simon-moreno\\\/#primaryimage\"},\"thumbnailUrl\":\"https:\\\/\\\/cartasonorademallorca.com\\\/wp-content\\\/uploads\\\/2023\\\/02\\\/Captura-de-pantalla-2023-02-08-a-les-16.46.25.png\",\"datePublished\":\"2023-02-09T21:36:16+00:00\",\"dateModified\":\"2023-02-09T21:37:13+00:00\",\"breadcrumb\":{\"@id\":\"https:\\\/\\\/cartasonorademallorca.com\\\/en\\\/listing\\\/venda-dun-fortepiano-de-simon-moreno\\\/#breadcrumb\"},\"inLanguage\":\"en-US\",\"potentialAction\":[{\"@type\":\"ReadAction\",\"target\":[\"https:\\\/\\\/cartasonorademallorca.com\\\/en\\\/listing\\\/venda-dun-fortepiano-de-simon-moreno\\\/\"]}]},{\"@type\":\"ImageObject\",\"inLanguage\":\"en-US\",\"@id\":\"https:\\\/\\\/cartasonorademallorca.com\\\/en\\\/listing\\\/venda-dun-fortepiano-de-simon-moreno\\\/#primaryimage\",\"url\":\"https:\\\/\\\/cartasonorademallorca.com\\\/wp-content\\\/uploads\\\/2023\\\/02\\\/Captura-de-pantalla-2023-02-08-a-les-16.46.25.png\",\"contentUrl\":\"https:\\\/\\\/cartasonorademallorca.com\\\/wp-content\\\/uploads\\\/2023\\\/02\\\/Captura-de-pantalla-2023-02-08-a-les-16.46.25.png\",\"width\":2272,\"height\":1078,\"caption\":\"Fotografia: JAB\"},{\"@type\":\"BreadcrumbList\",\"@id\":\"https:\\\/\\\/cartasonorademallorca.com\\\/en\\\/listing\\\/venda-dun-fortepiano-de-simon-moreno\\\/#breadcrumb\",\"itemListElement\":[{\"@type\":\"ListItem\",\"position\":1,\"name\":\"Portada\",\"item\":\"https:\\\/\\\/cartasonorademallorca.com\\\/en\\\/\"},{\"@type\":\"ListItem\",\"position\":2,\"name\":\"Llistats\",\"item\":\"https:\\\/\\\/cartasonorademallorca.com\\\/en\\\/arxiu\\\/\"},{\"@type\":\"ListItem\",\"position\":3,\"name\":\"Venda d&#8217;un fortepiano de Sim\u00f3n Moreno\"}]},{\"@type\":\"WebSite\",\"@id\":\"https:\\\/\\\/cartasonorademallorca.com\\\/en\\\/#website\",\"url\":\"https:\\\/\\\/cartasonorademallorca.com\\\/en\\\/\",\"name\":\"Carta Sonora de Mallorca\",\"description\":\"\",\"potentialAction\":[{\"@type\":\"SearchAction\",\"target\":{\"@type\":\"EntryPoint\",\"urlTemplate\":\"https:\\\/\\\/cartasonorademallorca.com\\\/en\\\/?s={search_term_string}\"},\"query-input\":{\"@type\":\"PropertyValueSpecification\",\"valueRequired\":true,\"valueName\":\"search_term_string\"}}],\"inLanguage\":\"en-US\"}]}<\/script>\n<!-- \/ Yoast SEO plugin. -->","yoast_head_json":{"title":"Venda d'un fortepiano de Sim\u00f3n Moreno - Carta Sonora de Mallorca","robots":{"index":"index","follow":"follow","max-snippet":"max-snippet:-1","max-image-preview":"max-image-preview:large","max-video-preview":"max-video-preview:-1"},"canonical":"https:\/\/cartasonorademallorca.com\/en\/listing\/venda-dun-fortepiano-de-simon-moreno\/","og_locale":"en_US","og_type":"article","og_title":"Venda d'un fortepiano de Sim\u00f3n Moreno - Carta Sonora de Mallorca","og_description":"A principis del s. XIX comen\u00e7aven a arribar alguns fortepianos a l&#8217;illa. Not\u00edcies com aquesta \u2013apareguda al Diario de Mallorca el dia 28 de setembre de 1811\u2013 ens donen molta informaci\u00f3 organol\u00f2gica &#8220;6 octavas con tres registros&#8221; aix\u00ed com el nom del constructor i el preu de mercat d&#8217;un instrument d&#8217;aquestes caracter\u00edstiques: [&#8230;] esta en [&hellip;]","og_url":"https:\/\/cartasonorademallorca.com\/en\/listing\/venda-dun-fortepiano-de-simon-moreno\/","og_site_name":"Carta Sonora de Mallorca","article_modified_time":"2023-02-09T21:37:13+00:00","og_image":[{"width":1024,"height":486,"url":"https:\/\/cartasonorademallorca.com\/wp-content\/uploads\/2023\/02\/Captura-de-pantalla-2023-02-08-a-les-16.46.25-1024x486.png","type":"image\/png"}],"twitter_card":"summary_large_image","twitter_misc":{"Est. reading time":"1 minute"},"schema":{"@context":"https:\/\/schema.org","@graph":[{"@type":"WebPage","@id":"https:\/\/cartasonorademallorca.com\/en\/listing\/venda-dun-fortepiano-de-simon-moreno\/","url":"https:\/\/cartasonorademallorca.com\/en\/listing\/venda-dun-fortepiano-de-simon-moreno\/","name":"Venda d'un fortepiano de Sim\u00f3n Moreno - Carta Sonora de Mallorca","isPartOf":{"@id":"https:\/\/cartasonorademallorca.com\/en\/#website"},"primaryImageOfPage":{"@id":"https:\/\/cartasonorademallorca.com\/en\/listing\/venda-dun-fortepiano-de-simon-moreno\/#primaryimage"},"image":{"@id":"https:\/\/cartasonorademallorca.com\/en\/listing\/venda-dun-fortepiano-de-simon-moreno\/#primaryimage"},"thumbnailUrl":"https:\/\/cartasonorademallorca.com\/wp-content\/uploads\/2023\/02\/Captura-de-pantalla-2023-02-08-a-les-16.46.25.png","datePublished":"2023-02-09T21:36:16+00:00","dateModified":"2023-02-09T21:37:13+00:00","breadcrumb":{"@id":"https:\/\/cartasonorademallorca.com\/en\/listing\/venda-dun-fortepiano-de-simon-moreno\/#breadcrumb"},"inLanguage":"en-US","potentialAction":[{"@type":"ReadAction","target":["https:\/\/cartasonorademallorca.com\/en\/listing\/venda-dun-fortepiano-de-simon-moreno\/"]}]},{"@type":"ImageObject","inLanguage":"en-US","@id":"https:\/\/cartasonorademallorca.com\/en\/listing\/venda-dun-fortepiano-de-simon-moreno\/#primaryimage","url":"https:\/\/cartasonorademallorca.com\/wp-content\/uploads\/2023\/02\/Captura-de-pantalla-2023-02-08-a-les-16.46.25.png","contentUrl":"https:\/\/cartasonorademallorca.com\/wp-content\/uploads\/2023\/02\/Captura-de-pantalla-2023-02-08-a-les-16.46.25.png","width":2272,"height":1078,"caption":"Fotografia: JAB"},{"@type":"BreadcrumbList","@id":"https:\/\/cartasonorademallorca.com\/en\/listing\/venda-dun-fortepiano-de-simon-moreno\/#breadcrumb","itemListElement":[{"@type":"ListItem","position":1,"name":"Portada","item":"https:\/\/cartasonorademallorca.com\/en\/"},{"@type":"ListItem","position":2,"name":"Llistats","item":"https:\/\/cartasonorademallorca.com\/en\/arxiu\/"},{"@type":"ListItem","position":3,"name":"Venda d&#8217;un fortepiano de Sim\u00f3n Moreno"}]},{"@type":"WebSite","@id":"https:\/\/cartasonorademallorca.com\/en\/#website","url":"https:\/\/cartasonorademallorca.com\/en\/","name":"Carta Sonora de Mallorca","description":"","potentialAction":[{"@type":"SearchAction","target":{"@type":"EntryPoint","urlTemplate":"https:\/\/cartasonorademallorca.com\/en\/?s={search_term_string}"},"query-input":{"@type":"PropertyValueSpecification","valueRequired":true,"valueName":"search_term_string"}}],"inLanguage":"en-US"}]}},"_links":{"self":[{"href":"https:\/\/cartasonorademallorca.com\/en\/wp-json\/wp\/v2\/listing\/2876","targetHints":{"allow":["GET"]}}],"collection":[{"href":"https:\/\/cartasonorademallorca.com\/en\/wp-json\/wp\/v2\/listing"}],"about":[{"href":"https:\/\/cartasonorademallorca.com\/en\/wp-json\/wp\/v2\/types\/listing"}],"replies":[{"embeddable":true,"href":"https:\/\/cartasonorademallorca.com\/en\/wp-json\/wp\/v2\/comments?post=2876"}],"wp:featuredmedia":[{"embeddable":true,"href":"https:\/\/cartasonorademallorca.com\/en\/wp-json\/wp\/v2\/media\/2865"}],"wp:attachment":[{"href":"https:\/\/cartasonorademallorca.com\/en\/wp-json\/wp\/v2\/media?parent=2876"}],"wp:term":[{"taxonomy":"post_tag","embeddable":true,"href":"https:\/\/cartasonorademallorca.com\/en\/wp-json\/wp\/v2\/tags?post=2876"},{"taxonomy":"listing_category","embeddable":true,"href":"https:\/\/cartasonorademallorca.com\/en\/wp-json\/wp\/v2\/listing_category?post=2876"},{"taxonomy":"listing_location","embeddable":true,"href":"https:\/\/cartasonorademallorca.com\/en\/wp-json\/wp\/v2\/listing_location?post=2876"},{"taxonomy":"listing_feature","embeddable":true,"href":"https:\/\/cartasonorademallorca.com\/en\/wp-json\/wp\/v2\/listing_feature?post=2876"}],"curies":[{"name":"wp","href":"https:\/\/api.w.org\/{rel}","templated":true}]}}

Venda d&#8217;un fortepiano de Simón Moreno

<p>A principis del s. XIX començaven a arribar alguns fortepianos a l&#8217;illa. Notícies com aquesta –apareguda al <em>Diario de Mallorca </em>el dia 28 de setembre de 1811– ens donen molta informació organològica &#8220;6 octavas con tres registros&#8221; així com el nom del constructor i el preu de mercat d&#8217;un instrument d&#8217;aquestes característiques:</p>
<blockquote><p><span style="font-weight: 400;">[&#8230;] esta en venta un fortepiano de los mejores, de 6 octavas con tres registros, fabricado en Valencia por Simón Moreno, y los construye de varios precios hasta 20.000 rs. vn.: dará razón el carpintero de la calle de los Pelayres</span></p></blockquote>

<!-- This site is optimized with the Yoast SEO plugin v27.4 - https://yoast.com/product/yoast-seo-wordpress/ -->
<title>Venda d&#039;un fortepiano de Simón Moreno - Carta Sonora de Mallorca</title>
<meta name="robots" content="index, follow, max-snippet:-1, max-image-preview:large, max-video-preview:-1" />
<link rel="canonical" href="https://cartasonorademallorca.com/en/listing/venda-dun-fortepiano-de-simon-moreno/" />
<meta property="og:locale" content="en_US" />
<meta property="og:type" content="article" />
<meta property="og:title" content="Venda d&#039;un fortepiano de Simón Moreno - Carta Sonora de Mallorca" />
<meta property="og:description" content="A principis del s. XIX començaven a arribar alguns fortepianos a l&#8217;illa. Notícies com aquesta –apareguda al Diario de Mallorca el dia 28 de setembre de 1811– ens donen molta informació organològica &#8220;6 octavas con tres registros&#8221; així com el nom del constructor i el preu de mercat d&#8217;un instrument d&#8217;aquestes característiques: [&#8230;] esta en [&hellip;]" />
<meta property="og:url" content="https://cartasonorademallorca.com/en/listing/venda-dun-fortepiano-de-simon-moreno/" />
<meta property="og:site_name" content="Carta Sonora de Mallorca" />
<meta property="article:modified_time" content="2023-02-09T21:37:13+00:00" />
<meta property="og:image" content="https://cartasonorademallorca.com/wp-content/uploads/2023/02/Captura-de-pantalla-2023-02-08-a-les-16.46.25-1024x486.png" />
	<meta property="og:image:width" content="1024" />
	<meta property="og:image:height" content="486" />
	<meta property="og:image:type" content="image/png" />
<meta name="twitter:card" content="summary_large_image" />
<meta name="twitter:label1" content="Est. reading time" />
	<meta name="twitter:data1" content="1 minute" />
<script type="application/ld+json" class="yoast-schema-graph">{"@context":"https:\/\/schema.org","@graph":[{"@type":"WebPage","@id":"https:\/\/cartasonorademallorca.com\/en\/listing\/venda-dun-fortepiano-de-simon-moreno\/","url":"https:\/\/cartasonorademallorca.com\/en\/listing\/venda-dun-fortepiano-de-simon-moreno\/","name":"Venda d'un fortepiano de Simón Moreno - Carta Sonora de Mallorca","isPartOf":{"@id":"https:\/\/cartasonorademallorca.com\/en\/#website"},"primaryImageOfPage":{"@id":"https:\/\/cartasonorademallorca.com\/en\/listing\/venda-dun-fortepiano-de-simon-moreno\/#primaryimage"},"image":{"@id":"https:\/\/cartasonorademallorca.com\/en\/listing\/venda-dun-fortepiano-de-simon-moreno\/#primaryimage"},"thumbnailUrl":"https:\/\/cartasonorademallorca.com\/wp-content\/uploads\/2023\/02\/Captura-de-pantalla-2023-02-08-a-les-16.46.25.png","datePublished":"2023-02-09T21:36:16+00:00","dateModified":"2023-02-09T21:37:13+00:00","breadcrumb":{"@id":"https:\/\/cartasonorademallorca.com\/en\/listing\/venda-dun-fortepiano-de-simon-moreno\/#breadcrumb"},"inLanguage":"en-US","potentialAction":[{"@type":"ReadAction","target":["https:\/\/cartasonorademallorca.com\/en\/listing\/venda-dun-fortepiano-de-simon-moreno\/"]}]},{"@type":"ImageObject","inLanguage":"en-US","@id":"https:\/\/cartasonorademallorca.com\/en\/listing\/venda-dun-fortepiano-de-simon-moreno\/#primaryimage","url":"https:\/\/cartasonorademallorca.com\/wp-content\/uploads\/2023\/02\/Captura-de-pantalla-2023-02-08-a-les-16.46.25.png","contentUrl":"https:\/\/cartasonorademallorca.com\/wp-content\/uploads\/2023\/02\/Captura-de-pantalla-2023-02-08-a-les-16.46.25.png","width":2272,"height":1078,"caption":"Fotografia: JAB"},{"@type":"BreadcrumbList","@id":"https:\/\/cartasonorademallorca.com\/en\/listing\/venda-dun-fortepiano-de-simon-moreno\/#breadcrumb","itemListElement":[{"@type":"ListItem","position":1,"name":"Portada","item":"https:\/\/cartasonorademallorca.com\/en\/"},{"@type":"ListItem","position":2,"name":"Llistats","item":"https:\/\/cartasonorademallorca.com\/en\/arxiu\/"},{"@type":"ListItem","position":3,"name":"Venda d&#8217;un fortepiano de Simón Moreno"}]},{"@type":"WebSite","@id":"https:\/\/cartasonorademallorca.com\/en\/#website","url":"https:\/\/cartasonorademallorca.com\/en\/","name":"Carta Sonora de Mallorca","description":"","potentialAction":[{"@type":"SearchAction","target":{"@type":"EntryPoint","urlTemplate":"https:\/\/cartasonorademallorca.com\/en\/?s={search_term_string}"},"query-input":{"@type":"PropertyValueSpecification","valueRequired":true,"valueName":"search_term_string"}}],"inLanguage":"en-US"}]}</script>
<!-- / Yoast SEO plugin. -->

Venda d'un fortepiano de Simón Moreno - Carta Sonora de Mallorca

A principis del s. XIX començaven a arribar alguns fortepianos a l&#8217;illa. Notícies com aquesta –apareguda al Diario de Mallorca el dia 28 de setembre de 1811– ens donen molta informació organològica &#8220;6 octavas con tres registros&#8221; així com el nom del constructor i el preu de mercat d&#8217;un instrument d&#8217;aquestes característiques: [&#8230;] esta en [&hellip;]
