{"id":2953,"date":"2023-03-07T08:22:35","date_gmt":"2023-03-07T08:22:35","guid":{"rendered":"https:\/\/cartasonorademallorca.com\/?post_type=listing&#038;p=2953"},"modified":"2023-03-07T08:29:27","modified_gmt":"2023-03-07T08:29:27","slug":"paisatge-sonor-durant-el-confinament","status":"publish","type":"listing","link":"https:\/\/cartasonorademallorca.com\/en\/listing\/paisatge-sonor-durant-el-confinament\/","title":{"rendered":"Paisatge sonor durant el confinament"},"content":{"rendered":"<p>La quarantena establerta durant els mesos de mar\u00e7 a maig de 2020 a causa de la COVID-19 va provocar la creaci\u00f3 d&#8217;uns espais sonors at\u00edpics. En aquesta zona de la barriada de La Vileta podia sentir-se la intensa activitat dels ocells i m\u00fasica surtint d&#8217;uns altaveus (concretament sona la can\u00e7\u00f3 <em>Tusa\u00a0<\/em>de Karol G i Nicki Minaj). No se sent renou de cotxes, ni d&#8217;obres ni de la gent al carrer o als bars, que habitualment s\u00ed que formen part del paisatge sonor.<\/p>\n","protected":false},"featured_media":2944,"comment_status":"open","ping_status":"open","template":"","tags":[1198,354,356,1199,1200,1201],"listing_category":[428],"listing_location":[429,1210],"listing_feature":[34,58,126],"class_list":["post-2953","listing","type-listing","status-publish","has-post-thumbnail","hentry","tag-altaveus-en","tag-confinament-en","tag-paisatge-sonor-en","tag-pop-en","tag-silenci-social-en","tag-tusa-en","custom_tags_1-karol-g-en","custom_tags_1-nicki-minaj-en","custom_tags_1-ocells-en","listing_category-video-en","listing_location-palma-en","listing_location-son-xigala-en","listing_feature-ambit-domestic","listing_feature-paisatge-sonor-biofonia","listing_feature-paisatge-sonor-tecnofonia"],"acf":[],"yoast_head":"<!-- This site is optimized with the Yoast SEO plugin v27.4 - https:\/\/yoast.com\/product\/yoast-seo-wordpress\/ -->\n<title>Paisatge sonor durant el confinament - Carta Sonora de Mallorca<\/title>\n<meta name=\"robots\" content=\"index, follow, max-snippet:-1, max-image-preview:large, max-video-preview:-1\" \/>\n<link rel=\"canonical\" href=\"https:\/\/cartasonorademallorca.com\/en\/listing\/paisatge-sonor-durant-el-confinament\/\" \/>\n<meta property=\"og:locale\" content=\"en_US\" \/>\n<meta property=\"og:type\" content=\"article\" \/>\n<meta property=\"og:title\" content=\"Paisatge sonor durant el confinament - Carta Sonora de Mallorca\" \/>\n<meta property=\"og:description\" content=\"La quarantena establerta durant els mesos de mar\u00e7 a maig de 2020 a causa de la COVID-19 va provocar la creaci\u00f3 d&#8217;uns espais sonors at\u00edpics. En aquesta zona de la barriada de La Vileta podia sentir-se la intensa activitat dels ocells i m\u00fasica surtint d&#8217;uns altaveus (concretament sona la can\u00e7\u00f3 Tusa\u00a0de Karol G i Nicki [&hellip;]\" \/>\n<meta property=\"og:url\" content=\"https:\/\/cartasonorademallorca.com\/en\/listing\/paisatge-sonor-durant-el-confinament\/\" \/>\n<meta property=\"og:site_name\" content=\"Carta Sonora de Mallorca\" \/>\n<meta property=\"article:modified_time\" content=\"2023-03-07T08:29:27+00:00\" \/>\n<meta property=\"og:image\" content=\"https:\/\/cartasonorademallorca.com\/wp-content\/uploads\/2023\/03\/PHOTO-2023-03-07-09-09-51.jpg\" \/>\n\t<meta property=\"og:image:width\" content=\"1260\" \/>\n\t<meta property=\"og:image:height\" content=\"666\" \/>\n\t<meta property=\"og:image:type\" content=\"image\/jpeg\" \/>\n<meta name=\"twitter:card\" content=\"summary_large_image\" \/>\n<meta name=\"twitter:label1\" content=\"Est. reading time\" \/>\n\t<meta name=\"twitter:data1\" content=\"1 minute\" \/>\n<script type=\"application\/ld+json\" class=\"yoast-schema-graph\">{\"@context\":\"https:\\\/\\\/schema.org\",\"@graph\":[{\"@type\":\"WebPage\",\"@id\":\"https:\\\/\\\/cartasonorademallorca.com\\\/en\\\/listing\\\/paisatge-sonor-durant-el-confinament\\\/\",\"url\":\"https:\\\/\\\/cartasonorademallorca.com\\\/en\\\/listing\\\/paisatge-sonor-durant-el-confinament\\\/\",\"name\":\"Paisatge sonor durant el confinament - Carta Sonora de Mallorca\",\"isPartOf\":{\"@id\":\"https:\\\/\\\/cartasonorademallorca.com\\\/en\\\/#website\"},\"primaryImageOfPage\":{\"@id\":\"https:\\\/\\\/cartasonorademallorca.com\\\/en\\\/listing\\\/paisatge-sonor-durant-el-confinament\\\/#primaryimage\"},\"image\":{\"@id\":\"https:\\\/\\\/cartasonorademallorca.com\\\/en\\\/listing\\\/paisatge-sonor-durant-el-confinament\\\/#primaryimage\"},\"thumbnailUrl\":\"https:\\\/\\\/cartasonorademallorca.com\\\/wp-content\\\/uploads\\\/2023\\\/03\\\/PHOTO-2023-03-07-09-09-51.jpg\",\"datePublished\":\"2023-03-07T08:22:35+00:00\",\"dateModified\":\"2023-03-07T08:29:27+00:00\",\"breadcrumb\":{\"@id\":\"https:\\\/\\\/cartasonorademallorca.com\\\/en\\\/listing\\\/paisatge-sonor-durant-el-confinament\\\/#breadcrumb\"},\"inLanguage\":\"en-US\",\"potentialAction\":[{\"@type\":\"ReadAction\",\"target\":[\"https:\\\/\\\/cartasonorademallorca.com\\\/en\\\/listing\\\/paisatge-sonor-durant-el-confinament\\\/\"]}]},{\"@type\":\"ImageObject\",\"inLanguage\":\"en-US\",\"@id\":\"https:\\\/\\\/cartasonorademallorca.com\\\/en\\\/listing\\\/paisatge-sonor-durant-el-confinament\\\/#primaryimage\",\"url\":\"https:\\\/\\\/cartasonorademallorca.com\\\/wp-content\\\/uploads\\\/2023\\\/03\\\/PHOTO-2023-03-07-09-09-51.jpg\",\"contentUrl\":\"https:\\\/\\\/cartasonorademallorca.com\\\/wp-content\\\/uploads\\\/2023\\\/03\\\/PHOTO-2023-03-07-09-09-51.jpg\",\"width\":1260,\"height\":666,\"caption\":\"Fotografia: Nadia Akaarir\"},{\"@type\":\"BreadcrumbList\",\"@id\":\"https:\\\/\\\/cartasonorademallorca.com\\\/en\\\/listing\\\/paisatge-sonor-durant-el-confinament\\\/#breadcrumb\",\"itemListElement\":[{\"@type\":\"ListItem\",\"position\":1,\"name\":\"Portada\",\"item\":\"https:\\\/\\\/cartasonorademallorca.com\\\/en\\\/\"},{\"@type\":\"ListItem\",\"position\":2,\"name\":\"Llistats\",\"item\":\"https:\\\/\\\/cartasonorademallorca.com\\\/en\\\/arxiu\\\/\"},{\"@type\":\"ListItem\",\"position\":3,\"name\":\"Paisatge sonor durant el confinament\"}]},{\"@type\":\"WebSite\",\"@id\":\"https:\\\/\\\/cartasonorademallorca.com\\\/en\\\/#website\",\"url\":\"https:\\\/\\\/cartasonorademallorca.com\\\/en\\\/\",\"name\":\"Carta Sonora de Mallorca\",\"description\":\"\",\"potentialAction\":[{\"@type\":\"SearchAction\",\"target\":{\"@type\":\"EntryPoint\",\"urlTemplate\":\"https:\\\/\\\/cartasonorademallorca.com\\\/en\\\/?s={search_term_string}\"},\"query-input\":{\"@type\":\"PropertyValueSpecification\",\"valueRequired\":true,\"valueName\":\"search_term_string\"}}],\"inLanguage\":\"en-US\"}]}<\/script>\n<!-- \/ Yoast SEO plugin. -->","yoast_head_json":{"title":"Paisatge sonor durant el confinament - Carta Sonora de Mallorca","robots":{"index":"index","follow":"follow","max-snippet":"max-snippet:-1","max-image-preview":"max-image-preview:large","max-video-preview":"max-video-preview:-1"},"canonical":"https:\/\/cartasonorademallorca.com\/en\/listing\/paisatge-sonor-durant-el-confinament\/","og_locale":"en_US","og_type":"article","og_title":"Paisatge sonor durant el confinament - Carta Sonora de Mallorca","og_description":"La quarantena establerta durant els mesos de mar\u00e7 a maig de 2020 a causa de la COVID-19 va provocar la creaci\u00f3 d&#8217;uns espais sonors at\u00edpics. En aquesta zona de la barriada de La Vileta podia sentir-se la intensa activitat dels ocells i m\u00fasica surtint d&#8217;uns altaveus (concretament sona la can\u00e7\u00f3 Tusa\u00a0de Karol G i Nicki [&hellip;]","og_url":"https:\/\/cartasonorademallorca.com\/en\/listing\/paisatge-sonor-durant-el-confinament\/","og_site_name":"Carta Sonora de Mallorca","article_modified_time":"2023-03-07T08:29:27+00:00","og_image":[{"width":1260,"height":666,"url":"https:\/\/cartasonorademallorca.com\/wp-content\/uploads\/2023\/03\/PHOTO-2023-03-07-09-09-51.jpg","type":"image\/jpeg"}],"twitter_card":"summary_large_image","twitter_misc":{"Est. reading time":"1 minute"},"schema":{"@context":"https:\/\/schema.org","@graph":[{"@type":"WebPage","@id":"https:\/\/cartasonorademallorca.com\/en\/listing\/paisatge-sonor-durant-el-confinament\/","url":"https:\/\/cartasonorademallorca.com\/en\/listing\/paisatge-sonor-durant-el-confinament\/","name":"Paisatge sonor durant el confinament - Carta Sonora de Mallorca","isPartOf":{"@id":"https:\/\/cartasonorademallorca.com\/en\/#website"},"primaryImageOfPage":{"@id":"https:\/\/cartasonorademallorca.com\/en\/listing\/paisatge-sonor-durant-el-confinament\/#primaryimage"},"image":{"@id":"https:\/\/cartasonorademallorca.com\/en\/listing\/paisatge-sonor-durant-el-confinament\/#primaryimage"},"thumbnailUrl":"https:\/\/cartasonorademallorca.com\/wp-content\/uploads\/2023\/03\/PHOTO-2023-03-07-09-09-51.jpg","datePublished":"2023-03-07T08:22:35+00:00","dateModified":"2023-03-07T08:29:27+00:00","breadcrumb":{"@id":"https:\/\/cartasonorademallorca.com\/en\/listing\/paisatge-sonor-durant-el-confinament\/#breadcrumb"},"inLanguage":"en-US","potentialAction":[{"@type":"ReadAction","target":["https:\/\/cartasonorademallorca.com\/en\/listing\/paisatge-sonor-durant-el-confinament\/"]}]},{"@type":"ImageObject","inLanguage":"en-US","@id":"https:\/\/cartasonorademallorca.com\/en\/listing\/paisatge-sonor-durant-el-confinament\/#primaryimage","url":"https:\/\/cartasonorademallorca.com\/wp-content\/uploads\/2023\/03\/PHOTO-2023-03-07-09-09-51.jpg","contentUrl":"https:\/\/cartasonorademallorca.com\/wp-content\/uploads\/2023\/03\/PHOTO-2023-03-07-09-09-51.jpg","width":1260,"height":666,"caption":"Fotografia: Nadia Akaarir"},{"@type":"BreadcrumbList","@id":"https:\/\/cartasonorademallorca.com\/en\/listing\/paisatge-sonor-durant-el-confinament\/#breadcrumb","itemListElement":[{"@type":"ListItem","position":1,"name":"Portada","item":"https:\/\/cartasonorademallorca.com\/en\/"},{"@type":"ListItem","position":2,"name":"Llistats","item":"https:\/\/cartasonorademallorca.com\/en\/arxiu\/"},{"@type":"ListItem","position":3,"name":"Paisatge sonor durant el confinament"}]},{"@type":"WebSite","@id":"https:\/\/cartasonorademallorca.com\/en\/#website","url":"https:\/\/cartasonorademallorca.com\/en\/","name":"Carta Sonora de Mallorca","description":"","potentialAction":[{"@type":"SearchAction","target":{"@type":"EntryPoint","urlTemplate":"https:\/\/cartasonorademallorca.com\/en\/?s={search_term_string}"},"query-input":{"@type":"PropertyValueSpecification","valueRequired":true,"valueName":"search_term_string"}}],"inLanguage":"en-US"}]}},"_links":{"self":[{"href":"https:\/\/cartasonorademallorca.com\/en\/wp-json\/wp\/v2\/listing\/2953","targetHints":{"allow":["GET"]}}],"collection":[{"href":"https:\/\/cartasonorademallorca.com\/en\/wp-json\/wp\/v2\/listing"}],"about":[{"href":"https:\/\/cartasonorademallorca.com\/en\/wp-json\/wp\/v2\/types\/listing"}],"replies":[{"embeddable":true,"href":"https:\/\/cartasonorademallorca.com\/en\/wp-json\/wp\/v2\/comments?post=2953"}],"wp:featuredmedia":[{"embeddable":true,"href":"https:\/\/cartasonorademallorca.com\/en\/wp-json\/wp\/v2\/media\/2944"}],"wp:attachment":[{"href":"https:\/\/cartasonorademallorca.com\/en\/wp-json\/wp\/v2\/media?parent=2953"}],"wp:term":[{"taxonomy":"post_tag","embeddable":true,"href":"https:\/\/cartasonorademallorca.com\/en\/wp-json\/wp\/v2\/tags?post=2953"},{"taxonomy":"listing_category","embeddable":true,"href":"https:\/\/cartasonorademallorca.com\/en\/wp-json\/wp\/v2\/listing_category?post=2953"},{"taxonomy":"listing_location","embeddable":true,"href":"https:\/\/cartasonorademallorca.com\/en\/wp-json\/wp\/v2\/listing_location?post=2953"},{"taxonomy":"listing_feature","embeddable":true,"href":"https:\/\/cartasonorademallorca.com\/en\/wp-json\/wp\/v2\/listing_feature?post=2953"}],"curies":[{"name":"wp","href":"https:\/\/api.w.org\/{rel}","templated":true}]}}

<p>La quarantena establerta durant els mesos de març a maig de 2020 a causa de la COVID-19 va provocar la creació d&#8217;uns espais sonors atípics. En aquesta zona de la barriada de La Vileta podia sentir-se la intensa activitat dels ocells i música surtint d&#8217;uns altaveus (concretament sona la cançó <em>Tusa </em>de Karol G i Nicki Minaj). No se sent renou de cotxes, ni d&#8217;obres ni de la gent al carrer o als bars, que habitualment sí que formen part del paisatge sonor.</p>

<!-- This site is optimized with the Yoast SEO plugin v27.4 - https://yoast.com/product/yoast-seo-wordpress/ -->
<title>Paisatge sonor durant el confinament - Carta Sonora de Mallorca</title>
<meta name="robots" content="index, follow, max-snippet:-1, max-image-preview:large, max-video-preview:-1" />
<link rel="canonical" href="https://cartasonorademallorca.com/en/listing/paisatge-sonor-durant-el-confinament/" />
<meta property="og:locale" content="en_US" />
<meta property="og:type" content="article" />
<meta property="og:title" content="Paisatge sonor durant el confinament - Carta Sonora de Mallorca" />
<meta property="og:description" content="La quarantena establerta durant els mesos de març a maig de 2020 a causa de la COVID-19 va provocar la creació d&#8217;uns espais sonors atípics. En aquesta zona de la barriada de La Vileta podia sentir-se la intensa activitat dels ocells i música surtint d&#8217;uns altaveus (concretament sona la cançó Tusa de Karol G i Nicki [&hellip;]" />
<meta property="og:url" content="https://cartasonorademallorca.com/en/listing/paisatge-sonor-durant-el-confinament/" />
<meta property="og:site_name" content="Carta Sonora de Mallorca" />
<meta property="article:modified_time" content="2023-03-07T08:29:27+00:00" />
<meta property="og:image" content="https://cartasonorademallorca.com/wp-content/uploads/2023/03/PHOTO-2023-03-07-09-09-51.jpg" />
	<meta property="og:image:width" content="1260" />
	<meta property="og:image:height" content="666" />
	<meta property="og:image:type" content="image/jpeg" />
<meta name="twitter:card" content="summary_large_image" />
<meta name="twitter:label1" content="Est. reading time" />
	<meta name="twitter:data1" content="1 minute" />
<script type="application/ld+json" class="yoast-schema-graph">{"@context":"https:\/\/schema.org","@graph":[{"@type":"WebPage","@id":"https:\/\/cartasonorademallorca.com\/en\/listing\/paisatge-sonor-durant-el-confinament\/","url":"https:\/\/cartasonorademallorca.com\/en\/listing\/paisatge-sonor-durant-el-confinament\/","name":"Paisatge sonor durant el confinament - Carta Sonora de Mallorca","isPartOf":{"@id":"https:\/\/cartasonorademallorca.com\/en\/#website"},"primaryImageOfPage":{"@id":"https:\/\/cartasonorademallorca.com\/en\/listing\/paisatge-sonor-durant-el-confinament\/#primaryimage"},"image":{"@id":"https:\/\/cartasonorademallorca.com\/en\/listing\/paisatge-sonor-durant-el-confinament\/#primaryimage"},"thumbnailUrl":"https:\/\/cartasonorademallorca.com\/wp-content\/uploads\/2023\/03\/PHOTO-2023-03-07-09-09-51.jpg","datePublished":"2023-03-07T08:22:35+00:00","dateModified":"2023-03-07T08:29:27+00:00","breadcrumb":{"@id":"https:\/\/cartasonorademallorca.com\/en\/listing\/paisatge-sonor-durant-el-confinament\/#breadcrumb"},"inLanguage":"en-US","potentialAction":[{"@type":"ReadAction","target":["https:\/\/cartasonorademallorca.com\/en\/listing\/paisatge-sonor-durant-el-confinament\/"]}]},{"@type":"ImageObject","inLanguage":"en-US","@id":"https:\/\/cartasonorademallorca.com\/en\/listing\/paisatge-sonor-durant-el-confinament\/#primaryimage","url":"https:\/\/cartasonorademallorca.com\/wp-content\/uploads\/2023\/03\/PHOTO-2023-03-07-09-09-51.jpg","contentUrl":"https:\/\/cartasonorademallorca.com\/wp-content\/uploads\/2023\/03\/PHOTO-2023-03-07-09-09-51.jpg","width":1260,"height":666,"caption":"Fotografia: Nadia Akaarir"},{"@type":"BreadcrumbList","@id":"https:\/\/cartasonorademallorca.com\/en\/listing\/paisatge-sonor-durant-el-confinament\/#breadcrumb","itemListElement":[{"@type":"ListItem","position":1,"name":"Portada","item":"https:\/\/cartasonorademallorca.com\/en\/"},{"@type":"ListItem","position":2,"name":"Llistats","item":"https:\/\/cartasonorademallorca.com\/en\/arxiu\/"},{"@type":"ListItem","position":3,"name":"Paisatge sonor durant el confinament"}]},{"@type":"WebSite","@id":"https:\/\/cartasonorademallorca.com\/en\/#website","url":"https:\/\/cartasonorademallorca.com\/en\/","name":"Carta Sonora de Mallorca","description":"","potentialAction":[{"@type":"SearchAction","target":{"@type":"EntryPoint","urlTemplate":"https:\/\/cartasonorademallorca.com\/en\/?s={search_term_string}"},"query-input":{"@type":"PropertyValueSpecification","valueRequired":true,"valueName":"search_term_string"}}],"inLanguage":"en-US"}]}</script>
<!-- / Yoast SEO plugin. -->

La quarantena establerta durant els mesos de març a maig de 2020 a causa de la COVID-19 va provocar la creació d&#8217;uns espais sonors atípics. En aquesta zona de la barriada de La Vileta podia sentir-se la intensa activitat dels ocells i música surtint d&#8217;uns altaveus (concretament sona la cançó Tusa de Karol G i Nicki [&hellip;]
