{"id":3028,"date":"2023-03-21T08:24:09","date_gmt":"2023-03-21T08:24:09","guid":{"rendered":"https:\/\/cartasonorademallorca.com\/?post_type=listing&#038;p=3028"},"modified":"2023-03-21T09:38:27","modified_gmt":"2023-03-21T09:38:27","slug":"llosetins-al-ii-concurs-musical-a-inca","status":"publish","type":"listing","link":"https:\/\/cartasonorademallorca.com\/en\/listing\/llosetins-al-ii-concurs-musical-a-inca\/","title":{"rendered":"Llosetins al II Concurs Musical a Inca"},"content":{"rendered":"<p>Al n\u00ba 6 de la <em>Revista Independiente De Informaci\u00f3n Local<\/em> de Lloseta, corresponent a maig de l&#8217;any 1984, apareix la not\u00edcia de dos llosetins, Guillermo Bestard i Juli\u00e1n Bonaf\u00e9 Moy\u00e1, que resultaren premiats al II Concurs Musical d&#8217;Inca. En el cos de la not\u00edcia, es mostren algunes fotografies de l&#8217;actuaci\u00f3.<\/p>\n<p><img fetchpriority=\"high\" decoding=\"async\" class=\"alignnone size-medium wp-image-2990\" src=\"https:\/\/cartasonorademallorca.com\/wp-content\/uploads\/2023\/03\/concurs-inca-llosetins-300x195.png\" alt=\"\" width=\"300\" height=\"195\" srcset=\"https:\/\/cartasonorademallorca.com\/wp-content\/uploads\/2023\/03\/concurs-inca-llosetins-300x195.png 300w, https:\/\/cartasonorademallorca.com\/wp-content\/uploads\/2023\/03\/concurs-inca-llosetins.png 753w\" sizes=\"(max-width: 300px) 100vw, 300px\" \/><\/p>\n<p>Per a m\u00e9s informaci\u00f3: <a href=\"https:\/\/bit.ly\/3lkBnSx\">https:\/\/bit.ly\/3lkBnSx<\/a><\/p>\n","protected":false},"featured_media":2991,"comment_status":"open","ping_status":"open","template":"","tags":[1356,1226,1357,1358],"listing_category":[427],"listing_location":[1366],"listing_feature":[1188,28,59,1173,1171],"class_list":["post-3028","listing","type-listing","status-publish","has-post-thumbnail","hentry","tag-actuacio-en","tag-concurs-en","tag-inca-en","tag-musica-instrumental-en","custom_tags_1-guillermo-bestard-en","custom_tags_1-julian-bonafe-moya-en","listing_category-imatge-en","listing_location-inca-en","listing_feature-acte-social","listing_feature-ambit-profa","listing_feature-ambit-public","listing_feature-concurs","listing_feature-exhibicio-mostra"],"acf":[],"yoast_head":"<!-- This site is optimized with the Yoast SEO plugin v27.4 - https:\/\/yoast.com\/product\/yoast-seo-wordpress\/ -->\n<title>Llosetins al II Concurs Musical a Inca - Carta Sonora de Mallorca<\/title>\n<meta name=\"robots\" content=\"index, follow, max-snippet:-1, max-image-preview:large, max-video-preview:-1\" \/>\n<link rel=\"canonical\" href=\"https:\/\/cartasonorademallorca.com\/en\/listing\/llosetins-al-ii-concurs-musical-a-inca\/\" \/>\n<meta property=\"og:locale\" content=\"en_US\" \/>\n<meta property=\"og:type\" content=\"article\" \/>\n<meta property=\"og:title\" content=\"Llosetins al II Concurs Musical a Inca - Carta Sonora de Mallorca\" \/>\n<meta property=\"og:description\" content=\"Al n\u00ba 6 de la Revista Independiente De Informaci\u00f3n Local de Lloseta, corresponent a maig de l&#8217;any 1984, apareix la not\u00edcia de dos llosetins, Guillermo Bestard i Juli\u00e1n Bonaf\u00e9 Moy\u00e1, que resultaren premiats al II Concurs Musical d&#8217;Inca. En el cos de la not\u00edcia, es mostren algunes fotografies de l&#8217;actuaci\u00f3. Per a m\u00e9s informaci\u00f3: https:\/\/bit.ly\/3lkBnSx\" \/>\n<meta property=\"og:url\" content=\"https:\/\/cartasonorademallorca.com\/en\/listing\/llosetins-al-ii-concurs-musical-a-inca\/\" \/>\n<meta property=\"og:site_name\" content=\"Carta Sonora de Mallorca\" \/>\n<meta property=\"article:modified_time\" content=\"2023-03-21T09:38:27+00:00\" \/>\n<meta property=\"og:image\" content=\"https:\/\/cartasonorademallorca.com\/wp-content\/uploads\/2023\/03\/concurs-inca-llosetins.png\" \/>\n\t<meta property=\"og:image:width\" content=\"753\" \/>\n\t<meta property=\"og:image:height\" content=\"490\" \/>\n\t<meta property=\"og:image:type\" content=\"image\/png\" \/>\n<meta name=\"twitter:card\" content=\"summary_large_image\" \/>\n<meta name=\"twitter:label1\" content=\"Est. reading time\" \/>\n\t<meta name=\"twitter:data1\" content=\"1 minute\" \/>\n<script type=\"application\/ld+json\" class=\"yoast-schema-graph\">{\"@context\":\"https:\\\/\\\/schema.org\",\"@graph\":[{\"@type\":\"WebPage\",\"@id\":\"https:\\\/\\\/cartasonorademallorca.com\\\/en\\\/listing\\\/llosetins-al-ii-concurs-musical-a-inca\\\/\",\"url\":\"https:\\\/\\\/cartasonorademallorca.com\\\/en\\\/listing\\\/llosetins-al-ii-concurs-musical-a-inca\\\/\",\"name\":\"Llosetins al II Concurs Musical a Inca - Carta Sonora de Mallorca\",\"isPartOf\":{\"@id\":\"https:\\\/\\\/cartasonorademallorca.com\\\/en\\\/#website\"},\"primaryImageOfPage\":{\"@id\":\"https:\\\/\\\/cartasonorademallorca.com\\\/en\\\/listing\\\/llosetins-al-ii-concurs-musical-a-inca\\\/#primaryimage\"},\"image\":{\"@id\":\"https:\\\/\\\/cartasonorademallorca.com\\\/en\\\/listing\\\/llosetins-al-ii-concurs-musical-a-inca\\\/#primaryimage\"},\"thumbnailUrl\":\"https:\\\/\\\/cartasonorademallorca.com\\\/wp-content\\\/uploads\\\/2023\\\/03\\\/concurs-inca-llosetins.png\",\"datePublished\":\"2023-03-21T08:24:09+00:00\",\"dateModified\":\"2023-03-21T09:38:27+00:00\",\"breadcrumb\":{\"@id\":\"https:\\\/\\\/cartasonorademallorca.com\\\/en\\\/listing\\\/llosetins-al-ii-concurs-musical-a-inca\\\/#breadcrumb\"},\"inLanguage\":\"en-US\",\"potentialAction\":[{\"@type\":\"ReadAction\",\"target\":[\"https:\\\/\\\/cartasonorademallorca.com\\\/en\\\/listing\\\/llosetins-al-ii-concurs-musical-a-inca\\\/\"]}]},{\"@type\":\"ImageObject\",\"inLanguage\":\"en-US\",\"@id\":\"https:\\\/\\\/cartasonorademallorca.com\\\/en\\\/listing\\\/llosetins-al-ii-concurs-musical-a-inca\\\/#primaryimage\",\"url\":\"https:\\\/\\\/cartasonorademallorca.com\\\/wp-content\\\/uploads\\\/2023\\\/03\\\/concurs-inca-llosetins.png\",\"contentUrl\":\"https:\\\/\\\/cartasonorademallorca.com\\\/wp-content\\\/uploads\\\/2023\\\/03\\\/concurs-inca-llosetins.png\",\"width\":753,\"height\":490},{\"@type\":\"BreadcrumbList\",\"@id\":\"https:\\\/\\\/cartasonorademallorca.com\\\/en\\\/listing\\\/llosetins-al-ii-concurs-musical-a-inca\\\/#breadcrumb\",\"itemListElement\":[{\"@type\":\"ListItem\",\"position\":1,\"name\":\"Portada\",\"item\":\"https:\\\/\\\/cartasonorademallorca.com\\\/en\\\/\"},{\"@type\":\"ListItem\",\"position\":2,\"name\":\"Llistats\",\"item\":\"https:\\\/\\\/cartasonorademallorca.com\\\/en\\\/arxiu\\\/\"},{\"@type\":\"ListItem\",\"position\":3,\"name\":\"Llosetins al II Concurs Musical a Inca\"}]},{\"@type\":\"WebSite\",\"@id\":\"https:\\\/\\\/cartasonorademallorca.com\\\/en\\\/#website\",\"url\":\"https:\\\/\\\/cartasonorademallorca.com\\\/en\\\/\",\"name\":\"Carta Sonora de Mallorca\",\"description\":\"\",\"potentialAction\":[{\"@type\":\"SearchAction\",\"target\":{\"@type\":\"EntryPoint\",\"urlTemplate\":\"https:\\\/\\\/cartasonorademallorca.com\\\/en\\\/?s={search_term_string}\"},\"query-input\":{\"@type\":\"PropertyValueSpecification\",\"valueRequired\":true,\"valueName\":\"search_term_string\"}}],\"inLanguage\":\"en-US\"}]}<\/script>\n<!-- \/ Yoast SEO plugin. -->","yoast_head_json":{"title":"Llosetins al II Concurs Musical a Inca - Carta Sonora de Mallorca","robots":{"index":"index","follow":"follow","max-snippet":"max-snippet:-1","max-image-preview":"max-image-preview:large","max-video-preview":"max-video-preview:-1"},"canonical":"https:\/\/cartasonorademallorca.com\/en\/listing\/llosetins-al-ii-concurs-musical-a-inca\/","og_locale":"en_US","og_type":"article","og_title":"Llosetins al II Concurs Musical a Inca - Carta Sonora de Mallorca","og_description":"Al n\u00ba 6 de la Revista Independiente De Informaci\u00f3n Local de Lloseta, corresponent a maig de l&#8217;any 1984, apareix la not\u00edcia de dos llosetins, Guillermo Bestard i Juli\u00e1n Bonaf\u00e9 Moy\u00e1, que resultaren premiats al II Concurs Musical d&#8217;Inca. En el cos de la not\u00edcia, es mostren algunes fotografies de l&#8217;actuaci\u00f3. Per a m\u00e9s informaci\u00f3: https:\/\/bit.ly\/3lkBnSx","og_url":"https:\/\/cartasonorademallorca.com\/en\/listing\/llosetins-al-ii-concurs-musical-a-inca\/","og_site_name":"Carta Sonora de Mallorca","article_modified_time":"2023-03-21T09:38:27+00:00","og_image":[{"width":753,"height":490,"url":"https:\/\/cartasonorademallorca.com\/wp-content\/uploads\/2023\/03\/concurs-inca-llosetins.png","type":"image\/png"}],"twitter_card":"summary_large_image","twitter_misc":{"Est. reading time":"1 minute"},"schema":{"@context":"https:\/\/schema.org","@graph":[{"@type":"WebPage","@id":"https:\/\/cartasonorademallorca.com\/en\/listing\/llosetins-al-ii-concurs-musical-a-inca\/","url":"https:\/\/cartasonorademallorca.com\/en\/listing\/llosetins-al-ii-concurs-musical-a-inca\/","name":"Llosetins al II Concurs Musical a Inca - Carta Sonora de Mallorca","isPartOf":{"@id":"https:\/\/cartasonorademallorca.com\/en\/#website"},"primaryImageOfPage":{"@id":"https:\/\/cartasonorademallorca.com\/en\/listing\/llosetins-al-ii-concurs-musical-a-inca\/#primaryimage"},"image":{"@id":"https:\/\/cartasonorademallorca.com\/en\/listing\/llosetins-al-ii-concurs-musical-a-inca\/#primaryimage"},"thumbnailUrl":"https:\/\/cartasonorademallorca.com\/wp-content\/uploads\/2023\/03\/concurs-inca-llosetins.png","datePublished":"2023-03-21T08:24:09+00:00","dateModified":"2023-03-21T09:38:27+00:00","breadcrumb":{"@id":"https:\/\/cartasonorademallorca.com\/en\/listing\/llosetins-al-ii-concurs-musical-a-inca\/#breadcrumb"},"inLanguage":"en-US","potentialAction":[{"@type":"ReadAction","target":["https:\/\/cartasonorademallorca.com\/en\/listing\/llosetins-al-ii-concurs-musical-a-inca\/"]}]},{"@type":"ImageObject","inLanguage":"en-US","@id":"https:\/\/cartasonorademallorca.com\/en\/listing\/llosetins-al-ii-concurs-musical-a-inca\/#primaryimage","url":"https:\/\/cartasonorademallorca.com\/wp-content\/uploads\/2023\/03\/concurs-inca-llosetins.png","contentUrl":"https:\/\/cartasonorademallorca.com\/wp-content\/uploads\/2023\/03\/concurs-inca-llosetins.png","width":753,"height":490},{"@type":"BreadcrumbList","@id":"https:\/\/cartasonorademallorca.com\/en\/listing\/llosetins-al-ii-concurs-musical-a-inca\/#breadcrumb","itemListElement":[{"@type":"ListItem","position":1,"name":"Portada","item":"https:\/\/cartasonorademallorca.com\/en\/"},{"@type":"ListItem","position":2,"name":"Llistats","item":"https:\/\/cartasonorademallorca.com\/en\/arxiu\/"},{"@type":"ListItem","position":3,"name":"Llosetins al II Concurs Musical a Inca"}]},{"@type":"WebSite","@id":"https:\/\/cartasonorademallorca.com\/en\/#website","url":"https:\/\/cartasonorademallorca.com\/en\/","name":"Carta Sonora de Mallorca","description":"","potentialAction":[{"@type":"SearchAction","target":{"@type":"EntryPoint","urlTemplate":"https:\/\/cartasonorademallorca.com\/en\/?s={search_term_string}"},"query-input":{"@type":"PropertyValueSpecification","valueRequired":true,"valueName":"search_term_string"}}],"inLanguage":"en-US"}]}},"_links":{"self":[{"href":"https:\/\/cartasonorademallorca.com\/en\/wp-json\/wp\/v2\/listing\/3028","targetHints":{"allow":["GET"]}}],"collection":[{"href":"https:\/\/cartasonorademallorca.com\/en\/wp-json\/wp\/v2\/listing"}],"about":[{"href":"https:\/\/cartasonorademallorca.com\/en\/wp-json\/wp\/v2\/types\/listing"}],"replies":[{"embeddable":true,"href":"https:\/\/cartasonorademallorca.com\/en\/wp-json\/wp\/v2\/comments?post=3028"}],"wp:featuredmedia":[{"embeddable":true,"href":"https:\/\/cartasonorademallorca.com\/en\/wp-json\/wp\/v2\/media\/2991"}],"wp:attachment":[{"href":"https:\/\/cartasonorademallorca.com\/en\/wp-json\/wp\/v2\/media?parent=3028"}],"wp:term":[{"taxonomy":"post_tag","embeddable":true,"href":"https:\/\/cartasonorademallorca.com\/en\/wp-json\/wp\/v2\/tags?post=3028"},{"taxonomy":"listing_category","embeddable":true,"href":"https:\/\/cartasonorademallorca.com\/en\/wp-json\/wp\/v2\/listing_category?post=3028"},{"taxonomy":"listing_location","embeddable":true,"href":"https:\/\/cartasonorademallorca.com\/en\/wp-json\/wp\/v2\/listing_location?post=3028"},{"taxonomy":"listing_feature","embeddable":true,"href":"https:\/\/cartasonorademallorca.com\/en\/wp-json\/wp\/v2\/listing_feature?post=3028"}],"curies":[{"name":"wp","href":"https:\/\/api.w.org\/{rel}","templated":true}]}}

<p>Al nº 6 de la <em>Revista Independiente De Información Local</em> de Lloseta, corresponent a maig de l&#8217;any 1984, apareix la notícia de dos llosetins, Guillermo Bestard i Julián Bonafé Moyá, que resultaren premiats al II Concurs Musical d&#8217;Inca. En el cos de la notícia, es mostren algunes fotografies de l&#8217;actuació.</p>
<p><img fetchpriority="high" decoding="async" class="alignnone size-medium wp-image-2990" src="https://cartasonorademallorca.com/wp-content/uploads/2023/03/concurs-inca-llosetins-300x195.png" alt="" width="300" height="195" srcset="https://cartasonorademallorca.com/wp-content/uploads/2023/03/concurs-inca-llosetins-300x195.png 300w, https://cartasonorademallorca.com/wp-content/uploads/2023/03/concurs-inca-llosetins.png 753w" sizes="(max-width: 300px) 100vw, 300px" /></p>
<p>Per a més informació: <a href="https://bit.ly/3lkBnSx">https://bit.ly/3lkBnSx</a></p>

<!-- This site is optimized with the Yoast SEO plugin v27.4 - https://yoast.com/product/yoast-seo-wordpress/ -->
<title>Llosetins al II Concurs Musical a Inca - Carta Sonora de Mallorca</title>
<meta name="robots" content="index, follow, max-snippet:-1, max-image-preview:large, max-video-preview:-1" />
<link rel="canonical" href="https://cartasonorademallorca.com/en/listing/llosetins-al-ii-concurs-musical-a-inca/" />
<meta property="og:locale" content="en_US" />
<meta property="og:type" content="article" />
<meta property="og:title" content="Llosetins al II Concurs Musical a Inca - Carta Sonora de Mallorca" />
<meta property="og:description" content="Al nº 6 de la Revista Independiente De Información Local de Lloseta, corresponent a maig de l&#8217;any 1984, apareix la notícia de dos llosetins, Guillermo Bestard i Julián Bonafé Moyá, que resultaren premiats al II Concurs Musical d&#8217;Inca. En el cos de la notícia, es mostren algunes fotografies de l&#8217;actuació. Per a més informació: https://bit.ly/3lkBnSx" />
<meta property="og:url" content="https://cartasonorademallorca.com/en/listing/llosetins-al-ii-concurs-musical-a-inca/" />
<meta property="og:site_name" content="Carta Sonora de Mallorca" />
<meta property="article:modified_time" content="2023-03-21T09:38:27+00:00" />
<meta property="og:image" content="https://cartasonorademallorca.com/wp-content/uploads/2023/03/concurs-inca-llosetins.png" />
	<meta property="og:image:width" content="753" />
	<meta property="og:image:height" content="490" />
	<meta property="og:image:type" content="image/png" />
<meta name="twitter:card" content="summary_large_image" />
<meta name="twitter:label1" content="Est. reading time" />
	<meta name="twitter:data1" content="1 minute" />
<script type="application/ld+json" class="yoast-schema-graph">{"@context":"https:\/\/schema.org","@graph":[{"@type":"WebPage","@id":"https:\/\/cartasonorademallorca.com\/en\/listing\/llosetins-al-ii-concurs-musical-a-inca\/","url":"https:\/\/cartasonorademallorca.com\/en\/listing\/llosetins-al-ii-concurs-musical-a-inca\/","name":"Llosetins al II Concurs Musical a Inca - Carta Sonora de Mallorca","isPartOf":{"@id":"https:\/\/cartasonorademallorca.com\/en\/#website"},"primaryImageOfPage":{"@id":"https:\/\/cartasonorademallorca.com\/en\/listing\/llosetins-al-ii-concurs-musical-a-inca\/#primaryimage"},"image":{"@id":"https:\/\/cartasonorademallorca.com\/en\/listing\/llosetins-al-ii-concurs-musical-a-inca\/#primaryimage"},"thumbnailUrl":"https:\/\/cartasonorademallorca.com\/wp-content\/uploads\/2023\/03\/concurs-inca-llosetins.png","datePublished":"2023-03-21T08:24:09+00:00","dateModified":"2023-03-21T09:38:27+00:00","breadcrumb":{"@id":"https:\/\/cartasonorademallorca.com\/en\/listing\/llosetins-al-ii-concurs-musical-a-inca\/#breadcrumb"},"inLanguage":"en-US","potentialAction":[{"@type":"ReadAction","target":["https:\/\/cartasonorademallorca.com\/en\/listing\/llosetins-al-ii-concurs-musical-a-inca\/"]}]},{"@type":"ImageObject","inLanguage":"en-US","@id":"https:\/\/cartasonorademallorca.com\/en\/listing\/llosetins-al-ii-concurs-musical-a-inca\/#primaryimage","url":"https:\/\/cartasonorademallorca.com\/wp-content\/uploads\/2023\/03\/concurs-inca-llosetins.png","contentUrl":"https:\/\/cartasonorademallorca.com\/wp-content\/uploads\/2023\/03\/concurs-inca-llosetins.png","width":753,"height":490},{"@type":"BreadcrumbList","@id":"https:\/\/cartasonorademallorca.com\/en\/listing\/llosetins-al-ii-concurs-musical-a-inca\/#breadcrumb","itemListElement":[{"@type":"ListItem","position":1,"name":"Portada","item":"https:\/\/cartasonorademallorca.com\/en\/"},{"@type":"ListItem","position":2,"name":"Llistats","item":"https:\/\/cartasonorademallorca.com\/en\/arxiu\/"},{"@type":"ListItem","position":3,"name":"Llosetins al II Concurs Musical a Inca"}]},{"@type":"WebSite","@id":"https:\/\/cartasonorademallorca.com\/en\/#website","url":"https:\/\/cartasonorademallorca.com\/en\/","name":"Carta Sonora de Mallorca","description":"","potentialAction":[{"@type":"SearchAction","target":{"@type":"EntryPoint","urlTemplate":"https:\/\/cartasonorademallorca.com\/en\/?s={search_term_string}"},"query-input":{"@type":"PropertyValueSpecification","valueRequired":true,"valueName":"search_term_string"}}],"inLanguage":"en-US"}]}</script>
<!-- / Yoast SEO plugin. -->

Al nº 6 de la Revista Independiente De Información Local de Lloseta, corresponent a maig de l&#8217;any 1984, apareix la notícia de dos llosetins, Guillermo Bestard i Julián Bonafé Moyá, que resultaren premiats al II Concurs Musical d&#8217;Inca. En el cos de la notícia, es mostren algunes fotografies de l&#8217;actuació. Per a més informació: https://bit.ly/3lkBnSx
