{"id":3248,"date":"2023-04-17T10:33:07","date_gmt":"2023-04-17T10:33:07","guid":{"rendered":"https:\/\/cartasonorademallorca.com\/listing\/bernat-piris-mestre-de-capella\/"},"modified":"2023-08-14T09:24:23","modified_gmt":"2023-08-14T09:24:23","slug":"bernat-piris-mestre-de-capella","status":"publish","type":"listing","link":"https:\/\/cartasonorademallorca.com\/en\/listing\/bernat-piris-mestre-de-capella\/","title":{"rendered":"Bernat Piris, mestre de Capella"},"content":{"rendered":"<p>Segons el Repertorium d&#8217;actes capitulars de la Seu de Mallorca, a l&#8217;acta de dia 27 de juliol de 1472 es nomena al presb\u00edter Bernat Piris com a mestre de capella &#8220;<span style=\"font-weight: 400;\">cargo, creado desde antiguo y durante algunos a\u00f1os descuidado<\/span>&#8220;, amb l&#8217;obligaci\u00f3 d&#8217;ensenyar a tots els canonges que vulguin aprendre m\u00fasica aix\u00ed com als nins i escolans de la catedral. La seva activitat s&#8217;havia de dur a terme a la capella de l&#8217;almoina que havia de romandre oberta per aquesta activitat cada mat\u00ed des de les dues fins a les quatre* i l&#8217;horabaixa des del toc de les vespres fins una hora despr\u00e9s de les vespres. Per tot aix\u00f2, Piris havia de rebre un salari de vuit diners diaris que cobrava cada dia del procurador de les almoines.<\/p>\n<p>&nbsp;<\/p>\n<p>* a Palma les hores eren marcades des de 1386 pel rellotge &#8220;En Figuera&#8221; situat en una torre del carrer Conquistador. El funcionament del rellotge original es basava en un sistema de c\u00f2mput de les hores de sol, i les hores de fosca, \u00e9s a dir que el mat\u00ed comen\u00e7ava a tocar una hora despr\u00e9s de la sortida i per la nit comen\u00e7ava a tocar despr\u00e9s de la posta.<\/p>\n","protected":false},"featured_media":3246,"comment_status":"open","ping_status":"open","template":"","tags":[1546,1547,527,1529,1066],"listing_category":[390],"listing_location":[529,429],"listing_feature":[48,157,126],"class_list":["post-3248","listing","type-listing","status-publish","has-post-thumbnail","hentry","tag-capella-de-lalmoina-en","tag-lalmoina-en","tag-la-seu-en","tag-mestre-de-capella-en","tag-music-de-la-seu-en","custom_tags_1-bernat-piris-mestre-de-capella-en","custom_tags_1-el-figuera-en","listing_category-text-en","listing_location-la-seu-en","listing_location-palma-en","listing_feature-ambit-religios","listing_feature-documentacio-musics","listing_feature-paisatge-sonor-tecnofonia"],"acf":[],"yoast_head":"<!-- This site is optimized with the Yoast SEO plugin v27.4 - https:\/\/yoast.com\/product\/yoast-seo-wordpress\/ -->\n<title>Bernat Piris, mestre de Capella - Carta Sonora de Mallorca<\/title>\n<meta name=\"robots\" content=\"index, follow, max-snippet:-1, max-image-preview:large, max-video-preview:-1\" \/>\n<link rel=\"canonical\" href=\"https:\/\/cartasonorademallorca.com\/en\/listing\/bernat-piris-mestre-de-capella\/\" \/>\n<meta property=\"og:locale\" content=\"en_US\" \/>\n<meta property=\"og:type\" content=\"article\" \/>\n<meta property=\"og:title\" content=\"Bernat Piris, mestre de Capella - Carta Sonora de Mallorca\" \/>\n<meta property=\"og:description\" content=\"Segons el Repertorium d&#8217;actes capitulars de la Seu de Mallorca, a l&#8217;acta de dia 27 de juliol de 1472 es nomena al presb\u00edter Bernat Piris com a mestre de capella &#8220;cargo, creado desde antiguo y durante algunos a\u00f1os descuidado&#8220;, amb l&#8217;obligaci\u00f3 d&#8217;ensenyar a tots els canonges que vulguin aprendre m\u00fasica aix\u00ed com als nins i [&hellip;]\" \/>\n<meta property=\"og:url\" content=\"https:\/\/cartasonorademallorca.com\/en\/listing\/bernat-piris-mestre-de-capella\/\" \/>\n<meta property=\"og:site_name\" content=\"Carta Sonora de Mallorca\" \/>\n<meta property=\"article:modified_time\" content=\"2023-08-14T09:24:23+00:00\" \/>\n<meta property=\"og:image\" content=\"https:\/\/cartasonorademallorca.com\/wp-content\/uploads\/2023\/04\/Palma_de_Mallorca_Kathedrale_La_Seu_-_2009_-_5.jpg\" \/>\n\t<meta property=\"og:image:width\" content=\"1024\" \/>\n\t<meta property=\"og:image:height\" content=\"713\" \/>\n\t<meta property=\"og:image:type\" content=\"image\/jpeg\" \/>\n<meta name=\"twitter:card\" content=\"summary_large_image\" \/>\n<meta name=\"twitter:label1\" content=\"Est. reading time\" \/>\n\t<meta name=\"twitter:data1\" content=\"2 minutes\" \/>\n<script type=\"application\/ld+json\" class=\"yoast-schema-graph\">{\"@context\":\"https:\\\/\\\/schema.org\",\"@graph\":[{\"@type\":\"WebPage\",\"@id\":\"https:\\\/\\\/cartasonorademallorca.com\\\/en\\\/listing\\\/bernat-piris-mestre-de-capella\\\/\",\"url\":\"https:\\\/\\\/cartasonorademallorca.com\\\/en\\\/listing\\\/bernat-piris-mestre-de-capella\\\/\",\"name\":\"Bernat Piris, mestre de Capella - Carta Sonora de Mallorca\",\"isPartOf\":{\"@id\":\"https:\\\/\\\/cartasonorademallorca.com\\\/en\\\/#website\"},\"primaryImageOfPage\":{\"@id\":\"https:\\\/\\\/cartasonorademallorca.com\\\/en\\\/listing\\\/bernat-piris-mestre-de-capella\\\/#primaryimage\"},\"image\":{\"@id\":\"https:\\\/\\\/cartasonorademallorca.com\\\/en\\\/listing\\\/bernat-piris-mestre-de-capella\\\/#primaryimage\"},\"thumbnailUrl\":\"https:\\\/\\\/cartasonorademallorca.com\\\/wp-content\\\/uploads\\\/2023\\\/04\\\/Palma_de_Mallorca_Kathedrale_La_Seu_-_2009_-_5.jpg\",\"datePublished\":\"2023-04-17T10:33:07+00:00\",\"dateModified\":\"2023-08-14T09:24:23+00:00\",\"breadcrumb\":{\"@id\":\"https:\\\/\\\/cartasonorademallorca.com\\\/en\\\/listing\\\/bernat-piris-mestre-de-capella\\\/#breadcrumb\"},\"inLanguage\":\"en-US\",\"potentialAction\":[{\"@type\":\"ReadAction\",\"target\":[\"https:\\\/\\\/cartasonorademallorca.com\\\/en\\\/listing\\\/bernat-piris-mestre-de-capella\\\/\"]}]},{\"@type\":\"ImageObject\",\"inLanguage\":\"en-US\",\"@id\":\"https:\\\/\\\/cartasonorademallorca.com\\\/en\\\/listing\\\/bernat-piris-mestre-de-capella\\\/#primaryimage\",\"url\":\"https:\\\/\\\/cartasonorademallorca.com\\\/wp-content\\\/uploads\\\/2023\\\/04\\\/Palma_de_Mallorca_Kathedrale_La_Seu_-_2009_-_5.jpg\",\"contentUrl\":\"https:\\\/\\\/cartasonorademallorca.com\\\/wp-content\\\/uploads\\\/2023\\\/04\\\/Palma_de_Mallorca_Kathedrale_La_Seu_-_2009_-_5.jpg\",\"width\":1024,\"height\":713,\"caption\":\"Fotografia: Dietmar Rabich. Font: https:\\\/\\\/commons.wikimedia.org\\\/wiki\\\/File:Palma_de_Mallorca,_Kathedrale_La_Seu_--_2009_--_5.jpg\"},{\"@type\":\"BreadcrumbList\",\"@id\":\"https:\\\/\\\/cartasonorademallorca.com\\\/en\\\/listing\\\/bernat-piris-mestre-de-capella\\\/#breadcrumb\",\"itemListElement\":[{\"@type\":\"ListItem\",\"position\":1,\"name\":\"Portada\",\"item\":\"https:\\\/\\\/cartasonorademallorca.com\\\/en\\\/\"},{\"@type\":\"ListItem\",\"position\":2,\"name\":\"Llistats\",\"item\":\"https:\\\/\\\/cartasonorademallorca.com\\\/en\\\/arxiu\\\/\"},{\"@type\":\"ListItem\",\"position\":3,\"name\":\"Bernat Piris, mestre de Capella\"}]},{\"@type\":\"WebSite\",\"@id\":\"https:\\\/\\\/cartasonorademallorca.com\\\/en\\\/#website\",\"url\":\"https:\\\/\\\/cartasonorademallorca.com\\\/en\\\/\",\"name\":\"Carta Sonora de Mallorca\",\"description\":\"\",\"potentialAction\":[{\"@type\":\"SearchAction\",\"target\":{\"@type\":\"EntryPoint\",\"urlTemplate\":\"https:\\\/\\\/cartasonorademallorca.com\\\/en\\\/?s={search_term_string}\"},\"query-input\":{\"@type\":\"PropertyValueSpecification\",\"valueRequired\":true,\"valueName\":\"search_term_string\"}}],\"inLanguage\":\"en-US\"}]}<\/script>\n<!-- \/ Yoast SEO plugin. -->","yoast_head_json":{"title":"Bernat Piris, mestre de Capella - Carta Sonora de Mallorca","robots":{"index":"index","follow":"follow","max-snippet":"max-snippet:-1","max-image-preview":"max-image-preview:large","max-video-preview":"max-video-preview:-1"},"canonical":"https:\/\/cartasonorademallorca.com\/en\/listing\/bernat-piris-mestre-de-capella\/","og_locale":"en_US","og_type":"article","og_title":"Bernat Piris, mestre de Capella - Carta Sonora de Mallorca","og_description":"Segons el Repertorium d&#8217;actes capitulars de la Seu de Mallorca, a l&#8217;acta de dia 27 de juliol de 1472 es nomena al presb\u00edter Bernat Piris com a mestre de capella &#8220;cargo, creado desde antiguo y durante algunos a\u00f1os descuidado&#8220;, amb l&#8217;obligaci\u00f3 d&#8217;ensenyar a tots els canonges que vulguin aprendre m\u00fasica aix\u00ed com als nins i [&hellip;]","og_url":"https:\/\/cartasonorademallorca.com\/en\/listing\/bernat-piris-mestre-de-capella\/","og_site_name":"Carta Sonora de Mallorca","article_modified_time":"2023-08-14T09:24:23+00:00","og_image":[{"width":1024,"height":713,"url":"https:\/\/cartasonorademallorca.com\/wp-content\/uploads\/2023\/04\/Palma_de_Mallorca_Kathedrale_La_Seu_-_2009_-_5.jpg","type":"image\/jpeg"}],"twitter_card":"summary_large_image","twitter_misc":{"Est. reading time":"2 minutes"},"schema":{"@context":"https:\/\/schema.org","@graph":[{"@type":"WebPage","@id":"https:\/\/cartasonorademallorca.com\/en\/listing\/bernat-piris-mestre-de-capella\/","url":"https:\/\/cartasonorademallorca.com\/en\/listing\/bernat-piris-mestre-de-capella\/","name":"Bernat Piris, mestre de Capella - Carta Sonora de Mallorca","isPartOf":{"@id":"https:\/\/cartasonorademallorca.com\/en\/#website"},"primaryImageOfPage":{"@id":"https:\/\/cartasonorademallorca.com\/en\/listing\/bernat-piris-mestre-de-capella\/#primaryimage"},"image":{"@id":"https:\/\/cartasonorademallorca.com\/en\/listing\/bernat-piris-mestre-de-capella\/#primaryimage"},"thumbnailUrl":"https:\/\/cartasonorademallorca.com\/wp-content\/uploads\/2023\/04\/Palma_de_Mallorca_Kathedrale_La_Seu_-_2009_-_5.jpg","datePublished":"2023-04-17T10:33:07+00:00","dateModified":"2023-08-14T09:24:23+00:00","breadcrumb":{"@id":"https:\/\/cartasonorademallorca.com\/en\/listing\/bernat-piris-mestre-de-capella\/#breadcrumb"},"inLanguage":"en-US","potentialAction":[{"@type":"ReadAction","target":["https:\/\/cartasonorademallorca.com\/en\/listing\/bernat-piris-mestre-de-capella\/"]}]},{"@type":"ImageObject","inLanguage":"en-US","@id":"https:\/\/cartasonorademallorca.com\/en\/listing\/bernat-piris-mestre-de-capella\/#primaryimage","url":"https:\/\/cartasonorademallorca.com\/wp-content\/uploads\/2023\/04\/Palma_de_Mallorca_Kathedrale_La_Seu_-_2009_-_5.jpg","contentUrl":"https:\/\/cartasonorademallorca.com\/wp-content\/uploads\/2023\/04\/Palma_de_Mallorca_Kathedrale_La_Seu_-_2009_-_5.jpg","width":1024,"height":713,"caption":"Fotografia: Dietmar Rabich. Font: https:\/\/commons.wikimedia.org\/wiki\/File:Palma_de_Mallorca,_Kathedrale_La_Seu_--_2009_--_5.jpg"},{"@type":"BreadcrumbList","@id":"https:\/\/cartasonorademallorca.com\/en\/listing\/bernat-piris-mestre-de-capella\/#breadcrumb","itemListElement":[{"@type":"ListItem","position":1,"name":"Portada","item":"https:\/\/cartasonorademallorca.com\/en\/"},{"@type":"ListItem","position":2,"name":"Llistats","item":"https:\/\/cartasonorademallorca.com\/en\/arxiu\/"},{"@type":"ListItem","position":3,"name":"Bernat Piris, mestre de Capella"}]},{"@type":"WebSite","@id":"https:\/\/cartasonorademallorca.com\/en\/#website","url":"https:\/\/cartasonorademallorca.com\/en\/","name":"Carta Sonora de Mallorca","description":"","potentialAction":[{"@type":"SearchAction","target":{"@type":"EntryPoint","urlTemplate":"https:\/\/cartasonorademallorca.com\/en\/?s={search_term_string}"},"query-input":{"@type":"PropertyValueSpecification","valueRequired":true,"valueName":"search_term_string"}}],"inLanguage":"en-US"}]}},"_links":{"self":[{"href":"https:\/\/cartasonorademallorca.com\/en\/wp-json\/wp\/v2\/listing\/3248","targetHints":{"allow":["GET"]}}],"collection":[{"href":"https:\/\/cartasonorademallorca.com\/en\/wp-json\/wp\/v2\/listing"}],"about":[{"href":"https:\/\/cartasonorademallorca.com\/en\/wp-json\/wp\/v2\/types\/listing"}],"replies":[{"embeddable":true,"href":"https:\/\/cartasonorademallorca.com\/en\/wp-json\/wp\/v2\/comments?post=3248"}],"wp:featuredmedia":[{"embeddable":true,"href":"https:\/\/cartasonorademallorca.com\/en\/wp-json\/wp\/v2\/media\/3246"}],"wp:attachment":[{"href":"https:\/\/cartasonorademallorca.com\/en\/wp-json\/wp\/v2\/media?parent=3248"}],"wp:term":[{"taxonomy":"post_tag","embeddable":true,"href":"https:\/\/cartasonorademallorca.com\/en\/wp-json\/wp\/v2\/tags?post=3248"},{"taxonomy":"listing_category","embeddable":true,"href":"https:\/\/cartasonorademallorca.com\/en\/wp-json\/wp\/v2\/listing_category?post=3248"},{"taxonomy":"listing_location","embeddable":true,"href":"https:\/\/cartasonorademallorca.com\/en\/wp-json\/wp\/v2\/listing_location?post=3248"},{"taxonomy":"listing_feature","embeddable":true,"href":"https:\/\/cartasonorademallorca.com\/en\/wp-json\/wp\/v2\/listing_feature?post=3248"}],"curies":[{"name":"wp","href":"https:\/\/api.w.org\/{rel}","templated":true}]}}

<p>Segons el Repertorium d&#8217;actes capitulars de la Seu de Mallorca, a l&#8217;acta de dia 27 de juliol de 1472 es nomena al presbíter Bernat Piris com a mestre de capella &#8220;<span style="font-weight: 400;">cargo, creado desde antiguo y durante algunos años descuidado</span>&#8220;, amb l&#8217;obligació d&#8217;ensenyar a tots els canonges que vulguin aprendre música així com als nins i escolans de la catedral. La seva activitat s&#8217;havia de dur a terme a la capella de l&#8217;almoina que havia de romandre oberta per aquesta activitat cada matí des de les dues fins a les quatre* i l&#8217;horabaixa des del toc de les vespres fins una hora després de les vespres. Per tot això, Piris havia de rebre un salari de vuit diners diaris que cobrava cada dia del procurador de les almoines.</p>
<p>&nbsp;</p>
<p>* a Palma les hores eren marcades des de 1386 pel rellotge &#8220;En Figuera&#8221; situat en una torre del carrer Conquistador. El funcionament del rellotge original es basava en un sistema de còmput de les hores de sol, i les hores de fosca, és a dir que el matí començava a tocar una hora després de la sortida i per la nit començava a tocar després de la posta.</p>

<!-- This site is optimized with the Yoast SEO plugin v27.4 - https://yoast.com/product/yoast-seo-wordpress/ -->
<title>Bernat Piris, mestre de Capella - Carta Sonora de Mallorca</title>
<meta name="robots" content="index, follow, max-snippet:-1, max-image-preview:large, max-video-preview:-1" />
<link rel="canonical" href="https://cartasonorademallorca.com/en/listing/bernat-piris-mestre-de-capella/" />
<meta property="og:locale" content="en_US" />
<meta property="og:type" content="article" />
<meta property="og:title" content="Bernat Piris, mestre de Capella - Carta Sonora de Mallorca" />
<meta property="og:description" content="Segons el Repertorium d&#8217;actes capitulars de la Seu de Mallorca, a l&#8217;acta de dia 27 de juliol de 1472 es nomena al presbíter Bernat Piris com a mestre de capella &#8220;cargo, creado desde antiguo y durante algunos años descuidado&#8220;, amb l&#8217;obligació d&#8217;ensenyar a tots els canonges que vulguin aprendre música així com als nins i [&hellip;]" />
<meta property="og:url" content="https://cartasonorademallorca.com/en/listing/bernat-piris-mestre-de-capella/" />
<meta property="og:site_name" content="Carta Sonora de Mallorca" />
<meta property="article:modified_time" content="2023-08-14T09:24:23+00:00" />
<meta property="og:image" content="https://cartasonorademallorca.com/wp-content/uploads/2023/04/Palma_de_Mallorca_Kathedrale_La_Seu_-_2009_-_5.jpg" />
	<meta property="og:image:width" content="1024" />
	<meta property="og:image:height" content="713" />
	<meta property="og:image:type" content="image/jpeg" />
<meta name="twitter:card" content="summary_large_image" />
<meta name="twitter:label1" content="Est. reading time" />
	<meta name="twitter:data1" content="2 minutes" />
<script type="application/ld+json" class="yoast-schema-graph">{"@context":"https:\/\/schema.org","@graph":[{"@type":"WebPage","@id":"https:\/\/cartasonorademallorca.com\/en\/listing\/bernat-piris-mestre-de-capella\/","url":"https:\/\/cartasonorademallorca.com\/en\/listing\/bernat-piris-mestre-de-capella\/","name":"Bernat Piris, mestre de Capella - Carta Sonora de Mallorca","isPartOf":{"@id":"https:\/\/cartasonorademallorca.com\/en\/#website"},"primaryImageOfPage":{"@id":"https:\/\/cartasonorademallorca.com\/en\/listing\/bernat-piris-mestre-de-capella\/#primaryimage"},"image":{"@id":"https:\/\/cartasonorademallorca.com\/en\/listing\/bernat-piris-mestre-de-capella\/#primaryimage"},"thumbnailUrl":"https:\/\/cartasonorademallorca.com\/wp-content\/uploads\/2023\/04\/Palma_de_Mallorca_Kathedrale_La_Seu_-_2009_-_5.jpg","datePublished":"2023-04-17T10:33:07+00:00","dateModified":"2023-08-14T09:24:23+00:00","breadcrumb":{"@id":"https:\/\/cartasonorademallorca.com\/en\/listing\/bernat-piris-mestre-de-capella\/#breadcrumb"},"inLanguage":"en-US","potentialAction":[{"@type":"ReadAction","target":["https:\/\/cartasonorademallorca.com\/en\/listing\/bernat-piris-mestre-de-capella\/"]}]},{"@type":"ImageObject","inLanguage":"en-US","@id":"https:\/\/cartasonorademallorca.com\/en\/listing\/bernat-piris-mestre-de-capella\/#primaryimage","url":"https:\/\/cartasonorademallorca.com\/wp-content\/uploads\/2023\/04\/Palma_de_Mallorca_Kathedrale_La_Seu_-_2009_-_5.jpg","contentUrl":"https:\/\/cartasonorademallorca.com\/wp-content\/uploads\/2023\/04\/Palma_de_Mallorca_Kathedrale_La_Seu_-_2009_-_5.jpg","width":1024,"height":713,"caption":"Fotografia: Dietmar Rabich. Font: https:\/\/commons.wikimedia.org\/wiki\/File:Palma_de_Mallorca,_Kathedrale_La_Seu_--_2009_--_5.jpg"},{"@type":"BreadcrumbList","@id":"https:\/\/cartasonorademallorca.com\/en\/listing\/bernat-piris-mestre-de-capella\/#breadcrumb","itemListElement":[{"@type":"ListItem","position":1,"name":"Portada","item":"https:\/\/cartasonorademallorca.com\/en\/"},{"@type":"ListItem","position":2,"name":"Llistats","item":"https:\/\/cartasonorademallorca.com\/en\/arxiu\/"},{"@type":"ListItem","position":3,"name":"Bernat Piris, mestre de Capella"}]},{"@type":"WebSite","@id":"https:\/\/cartasonorademallorca.com\/en\/#website","url":"https:\/\/cartasonorademallorca.com\/en\/","name":"Carta Sonora de Mallorca","description":"","potentialAction":[{"@type":"SearchAction","target":{"@type":"EntryPoint","urlTemplate":"https:\/\/cartasonorademallorca.com\/en\/?s={search_term_string}"},"query-input":{"@type":"PropertyValueSpecification","valueRequired":true,"valueName":"search_term_string"}}],"inLanguage":"en-US"}]}</script>
<!-- / Yoast SEO plugin. -->

Segons el Repertorium d&#8217;actes capitulars de la Seu de Mallorca, a l&#8217;acta de dia 27 de juliol de 1472 es nomena al presbíter Bernat Piris com a mestre de capella &#8220;cargo, creado desde antiguo y durante algunos años descuidado&#8220;, amb l&#8217;obligació d&#8217;ensenyar a tots els canonges que vulguin aprendre música així com als nins i [&hellip;]
