{"id":3258,"date":"2023-04-17T11:19:55","date_gmt":"2023-04-17T11:19:55","guid":{"rendered":"https:\/\/cartasonorademallorca.com\/listing\/un-orgue-medieval-a-sineu\/"},"modified":"2023-04-17T11:20:14","modified_gmt":"2023-04-17T11:20:14","slug":"un-orgue-medieval-a-sineu","status":"publish","type":"listing","link":"https:\/\/cartasonorademallorca.com\/en\/listing\/un-orgue-medieval-a-sineu\/","title":{"rendered":"Un orgue medieval a Sineu"},"content":{"rendered":"<p>En un inventari guardat en una acta notarial de l&#8217;Arxiu del regne de Mallorca (<span style=\"font-weight: 400;\">ARM not. Vicens Verger V-2 f.188<\/span>) hi trobam una petita refer\u00e8ncia a un orgue medieval a Sineu.<\/p>\n<p>L&#8217;acta, datada de dia 18 de maig de 1416, recull l&#8217;inventari dels bens de Pere Juli\u00e0, prevere de Sineu. El document inclou entre els bens inventariats <span style=\"font-weight: 400;\">un &#8220;manecort de fust de mecordar per orguens&#8221;. \u00a0<\/span><\/p>\n<p>Mulet i Reyn\u00e9s aporten un seguit de noticies referents a orgues de Sineu. Si b\u00e9 apunten l&#8217;exist\u00e8ncia d&#8217;un orgue antic al monestir de la concepci\u00f3, el fet que situin aquest instrument en l&#8217;\u00e8poca dels constructors de llinatge Caimari, i el fet que l&#8217;esmentat Pere Juli\u00e0 fos prevere, ens fa pensar que tal orgue hauria de ser de la parr\u00f2quia de la mare de D\u00e9u dels \u00c0ngels. Mulet i Reyn\u00e9s, esmenten un seguit de not\u00edcies respecte dels orgues d&#8217;aquesta parr\u00f2quia encara que les m\u00e9s antigues es remunten nom\u00e9s a 1568 i el document de l&#8217;inventari es datat en 1416. Es tracta, per tant, de la refer\u00e8ncia m\u00e9s antiga a un orgue a Sineu.<\/p>\n","protected":false},"featured_media":3256,"comment_status":"open","ping_status":"open","template":"","tags":[1552,387,600],"listing_category":[390],"listing_location":[1540],"listing_feature":[34,157],"class_list":["post-3258","listing","type-listing","status-publish","has-post-thumbnail","hentry","tag-inventari-en","tag-orgue-en","tag-orguener-en","custom_tags_1-pere-julia-prevere-en","listing_category-text-en","listing_location-sineu-en","listing_feature-ambit-domestic","listing_feature-documentacio-musics"],"acf":[],"yoast_head":"<!-- This site is optimized with the Yoast SEO plugin v27.4 - https:\/\/yoast.com\/product\/yoast-seo-wordpress\/ -->\n<title>Un orgue medieval a Sineu - Carta Sonora de Mallorca<\/title>\n<meta name=\"robots\" content=\"index, follow, max-snippet:-1, max-image-preview:large, max-video-preview:-1\" \/>\n<link rel=\"canonical\" href=\"https:\/\/cartasonorademallorca.com\/en\/listing\/un-orgue-medieval-a-sineu\/\" \/>\n<meta property=\"og:locale\" content=\"en_US\" \/>\n<meta property=\"og:type\" content=\"article\" \/>\n<meta property=\"og:title\" content=\"Un orgue medieval a Sineu - Carta Sonora de Mallorca\" \/>\n<meta property=\"og:description\" content=\"En un inventari guardat en una acta notarial de l&#8217;Arxiu del regne de Mallorca (ARM not. Vicens Verger V-2 f.188) hi trobam una petita refer\u00e8ncia a un orgue medieval a Sineu. L&#8217;acta, datada de dia 18 de maig de 1416, recull l&#8217;inventari dels bens de Pere Juli\u00e0, prevere de Sineu. El document inclou entre els [&hellip;]\" \/>\n<meta property=\"og:url\" content=\"https:\/\/cartasonorademallorca.com\/en\/listing\/un-orgue-medieval-a-sineu\/\" \/>\n<meta property=\"og:site_name\" content=\"Carta Sonora de Mallorca\" \/>\n<meta property=\"article:modified_time\" content=\"2023-04-17T11:20:14+00:00\" \/>\n<meta property=\"og:image\" content=\"https:\/\/cartasonorademallorca.com\/wp-content\/uploads\/2023\/04\/1024px-Sineu_-_Nuestra_Senyora_04_ies.jpg\" \/>\n\t<meta property=\"og:image:width\" content=\"1024\" \/>\n\t<meta property=\"og:image:height\" content=\"683\" \/>\n\t<meta property=\"og:image:type\" content=\"image\/jpeg\" \/>\n<meta name=\"twitter:card\" content=\"summary_large_image\" \/>\n<meta name=\"twitter:label1\" content=\"Est. reading time\" \/>\n\t<meta name=\"twitter:data1\" content=\"1 minute\" \/>\n<script type=\"application\/ld+json\" class=\"yoast-schema-graph\">{\"@context\":\"https:\\\/\\\/schema.org\",\"@graph\":[{\"@type\":\"WebPage\",\"@id\":\"https:\\\/\\\/cartasonorademallorca.com\\\/en\\\/listing\\\/un-orgue-medieval-a-sineu\\\/\",\"url\":\"https:\\\/\\\/cartasonorademallorca.com\\\/en\\\/listing\\\/un-orgue-medieval-a-sineu\\\/\",\"name\":\"Un orgue medieval a Sineu - Carta Sonora de Mallorca\",\"isPartOf\":{\"@id\":\"https:\\\/\\\/cartasonorademallorca.com\\\/en\\\/#website\"},\"primaryImageOfPage\":{\"@id\":\"https:\\\/\\\/cartasonorademallorca.com\\\/en\\\/listing\\\/un-orgue-medieval-a-sineu\\\/#primaryimage\"},\"image\":{\"@id\":\"https:\\\/\\\/cartasonorademallorca.com\\\/en\\\/listing\\\/un-orgue-medieval-a-sineu\\\/#primaryimage\"},\"thumbnailUrl\":\"https:\\\/\\\/cartasonorademallorca.com\\\/wp-content\\\/uploads\\\/2023\\\/04\\\/1024px-Sineu_-_Nuestra_Senyora_04_ies.jpg\",\"datePublished\":\"2023-04-17T11:19:55+00:00\",\"dateModified\":\"2023-04-17T11:20:14+00:00\",\"breadcrumb\":{\"@id\":\"https:\\\/\\\/cartasonorademallorca.com\\\/en\\\/listing\\\/un-orgue-medieval-a-sineu\\\/#breadcrumb\"},\"inLanguage\":\"en-US\",\"potentialAction\":[{\"@type\":\"ReadAction\",\"target\":[\"https:\\\/\\\/cartasonorademallorca.com\\\/en\\\/listing\\\/un-orgue-medieval-a-sineu\\\/\"]}]},{\"@type\":\"ImageObject\",\"inLanguage\":\"en-US\",\"@id\":\"https:\\\/\\\/cartasonorademallorca.com\\\/en\\\/listing\\\/un-orgue-medieval-a-sineu\\\/#primaryimage\",\"url\":\"https:\\\/\\\/cartasonorademallorca.com\\\/wp-content\\\/uploads\\\/2023\\\/04\\\/1024px-Sineu_-_Nuestra_Senyora_04_ies.jpg\",\"contentUrl\":\"https:\\\/\\\/cartasonorademallorca.com\\\/wp-content\\\/uploads\\\/2023\\\/04\\\/1024px-Sineu_-_Nuestra_Senyora_04_ies.jpg\",\"width\":1024,\"height\":683,\"caption\":\"Fotografia: Frank Vincentz Font: https:\\\/\\\/commons.wikimedia.org\\\/wiki\\\/File:Sineu_-_Nuestra_Senyora_04_ies.jpg\"},{\"@type\":\"BreadcrumbList\",\"@id\":\"https:\\\/\\\/cartasonorademallorca.com\\\/en\\\/listing\\\/un-orgue-medieval-a-sineu\\\/#breadcrumb\",\"itemListElement\":[{\"@type\":\"ListItem\",\"position\":1,\"name\":\"Portada\",\"item\":\"https:\\\/\\\/cartasonorademallorca.com\\\/en\\\/\"},{\"@type\":\"ListItem\",\"position\":2,\"name\":\"Llistats\",\"item\":\"https:\\\/\\\/cartasonorademallorca.com\\\/en\\\/arxiu\\\/\"},{\"@type\":\"ListItem\",\"position\":3,\"name\":\"Un orgue medieval a Sineu\"}]},{\"@type\":\"WebSite\",\"@id\":\"https:\\\/\\\/cartasonorademallorca.com\\\/en\\\/#website\",\"url\":\"https:\\\/\\\/cartasonorademallorca.com\\\/en\\\/\",\"name\":\"Carta Sonora de Mallorca\",\"description\":\"\",\"potentialAction\":[{\"@type\":\"SearchAction\",\"target\":{\"@type\":\"EntryPoint\",\"urlTemplate\":\"https:\\\/\\\/cartasonorademallorca.com\\\/en\\\/?s={search_term_string}\"},\"query-input\":{\"@type\":\"PropertyValueSpecification\",\"valueRequired\":true,\"valueName\":\"search_term_string\"}}],\"inLanguage\":\"en-US\"}]}<\/script>\n<!-- \/ Yoast SEO plugin. -->","yoast_head_json":{"title":"Un orgue medieval a Sineu - Carta Sonora de Mallorca","robots":{"index":"index","follow":"follow","max-snippet":"max-snippet:-1","max-image-preview":"max-image-preview:large","max-video-preview":"max-video-preview:-1"},"canonical":"https:\/\/cartasonorademallorca.com\/en\/listing\/un-orgue-medieval-a-sineu\/","og_locale":"en_US","og_type":"article","og_title":"Un orgue medieval a Sineu - Carta Sonora de Mallorca","og_description":"En un inventari guardat en una acta notarial de l&#8217;Arxiu del regne de Mallorca (ARM not. Vicens Verger V-2 f.188) hi trobam una petita refer\u00e8ncia a un orgue medieval a Sineu. L&#8217;acta, datada de dia 18 de maig de 1416, recull l&#8217;inventari dels bens de Pere Juli\u00e0, prevere de Sineu. El document inclou entre els [&hellip;]","og_url":"https:\/\/cartasonorademallorca.com\/en\/listing\/un-orgue-medieval-a-sineu\/","og_site_name":"Carta Sonora de Mallorca","article_modified_time":"2023-04-17T11:20:14+00:00","og_image":[{"width":1024,"height":683,"url":"https:\/\/cartasonorademallorca.com\/wp-content\/uploads\/2023\/04\/1024px-Sineu_-_Nuestra_Senyora_04_ies.jpg","type":"image\/jpeg"}],"twitter_card":"summary_large_image","twitter_misc":{"Est. reading time":"1 minute"},"schema":{"@context":"https:\/\/schema.org","@graph":[{"@type":"WebPage","@id":"https:\/\/cartasonorademallorca.com\/en\/listing\/un-orgue-medieval-a-sineu\/","url":"https:\/\/cartasonorademallorca.com\/en\/listing\/un-orgue-medieval-a-sineu\/","name":"Un orgue medieval a Sineu - Carta Sonora de Mallorca","isPartOf":{"@id":"https:\/\/cartasonorademallorca.com\/en\/#website"},"primaryImageOfPage":{"@id":"https:\/\/cartasonorademallorca.com\/en\/listing\/un-orgue-medieval-a-sineu\/#primaryimage"},"image":{"@id":"https:\/\/cartasonorademallorca.com\/en\/listing\/un-orgue-medieval-a-sineu\/#primaryimage"},"thumbnailUrl":"https:\/\/cartasonorademallorca.com\/wp-content\/uploads\/2023\/04\/1024px-Sineu_-_Nuestra_Senyora_04_ies.jpg","datePublished":"2023-04-17T11:19:55+00:00","dateModified":"2023-04-17T11:20:14+00:00","breadcrumb":{"@id":"https:\/\/cartasonorademallorca.com\/en\/listing\/un-orgue-medieval-a-sineu\/#breadcrumb"},"inLanguage":"en-US","potentialAction":[{"@type":"ReadAction","target":["https:\/\/cartasonorademallorca.com\/en\/listing\/un-orgue-medieval-a-sineu\/"]}]},{"@type":"ImageObject","inLanguage":"en-US","@id":"https:\/\/cartasonorademallorca.com\/en\/listing\/un-orgue-medieval-a-sineu\/#primaryimage","url":"https:\/\/cartasonorademallorca.com\/wp-content\/uploads\/2023\/04\/1024px-Sineu_-_Nuestra_Senyora_04_ies.jpg","contentUrl":"https:\/\/cartasonorademallorca.com\/wp-content\/uploads\/2023\/04\/1024px-Sineu_-_Nuestra_Senyora_04_ies.jpg","width":1024,"height":683,"caption":"Fotografia: Frank Vincentz Font: https:\/\/commons.wikimedia.org\/wiki\/File:Sineu_-_Nuestra_Senyora_04_ies.jpg"},{"@type":"BreadcrumbList","@id":"https:\/\/cartasonorademallorca.com\/en\/listing\/un-orgue-medieval-a-sineu\/#breadcrumb","itemListElement":[{"@type":"ListItem","position":1,"name":"Portada","item":"https:\/\/cartasonorademallorca.com\/en\/"},{"@type":"ListItem","position":2,"name":"Llistats","item":"https:\/\/cartasonorademallorca.com\/en\/arxiu\/"},{"@type":"ListItem","position":3,"name":"Un orgue medieval a Sineu"}]},{"@type":"WebSite","@id":"https:\/\/cartasonorademallorca.com\/en\/#website","url":"https:\/\/cartasonorademallorca.com\/en\/","name":"Carta Sonora de Mallorca","description":"","potentialAction":[{"@type":"SearchAction","target":{"@type":"EntryPoint","urlTemplate":"https:\/\/cartasonorademallorca.com\/en\/?s={search_term_string}"},"query-input":{"@type":"PropertyValueSpecification","valueRequired":true,"valueName":"search_term_string"}}],"inLanguage":"en-US"}]}},"_links":{"self":[{"href":"https:\/\/cartasonorademallorca.com\/en\/wp-json\/wp\/v2\/listing\/3258","targetHints":{"allow":["GET"]}}],"collection":[{"href":"https:\/\/cartasonorademallorca.com\/en\/wp-json\/wp\/v2\/listing"}],"about":[{"href":"https:\/\/cartasonorademallorca.com\/en\/wp-json\/wp\/v2\/types\/listing"}],"replies":[{"embeddable":true,"href":"https:\/\/cartasonorademallorca.com\/en\/wp-json\/wp\/v2\/comments?post=3258"}],"wp:featuredmedia":[{"embeddable":true,"href":"https:\/\/cartasonorademallorca.com\/en\/wp-json\/wp\/v2\/media\/3256"}],"wp:attachment":[{"href":"https:\/\/cartasonorademallorca.com\/en\/wp-json\/wp\/v2\/media?parent=3258"}],"wp:term":[{"taxonomy":"post_tag","embeddable":true,"href":"https:\/\/cartasonorademallorca.com\/en\/wp-json\/wp\/v2\/tags?post=3258"},{"taxonomy":"listing_category","embeddable":true,"href":"https:\/\/cartasonorademallorca.com\/en\/wp-json\/wp\/v2\/listing_category?post=3258"},{"taxonomy":"listing_location","embeddable":true,"href":"https:\/\/cartasonorademallorca.com\/en\/wp-json\/wp\/v2\/listing_location?post=3258"},{"taxonomy":"listing_feature","embeddable":true,"href":"https:\/\/cartasonorademallorca.com\/en\/wp-json\/wp\/v2\/listing_feature?post=3258"}],"curies":[{"name":"wp","href":"https:\/\/api.w.org\/{rel}","templated":true}]}}

<p>En un inventari guardat en una acta notarial de l&#8217;Arxiu del regne de Mallorca (<span style="font-weight: 400;">ARM not. Vicens Verger V-2 f.188</span>) hi trobam una petita referència a un orgue medieval a Sineu.</p>
<p>L&#8217;acta, datada de dia 18 de maig de 1416, recull l&#8217;inventari dels bens de Pere Julià, prevere de Sineu. El document inclou entre els bens inventariats <span style="font-weight: 400;">un &#8220;manecort de fust de mecordar per orguens&#8221;.  </span></p>
<p>Mulet i Reynés aporten un seguit de noticies referents a orgues de Sineu. Si bé apunten l&#8217;existència d&#8217;un orgue antic al monestir de la concepció, el fet que situin aquest instrument en l&#8217;època dels constructors de llinatge Caimari, i el fet que l&#8217;esmentat Pere Julià fos prevere, ens fa pensar que tal orgue hauria de ser de la parròquia de la mare de Déu dels Àngels. Mulet i Reynés, esmenten un seguit de notícies respecte dels orgues d&#8217;aquesta parròquia encara que les més antigues es remunten només a 1568 i el document de l&#8217;inventari es datat en 1416. Es tracta, per tant, de la referència més antiga a un orgue a Sineu.</p>

<!-- This site is optimized with the Yoast SEO plugin v27.4 - https://yoast.com/product/yoast-seo-wordpress/ -->
<title>Un orgue medieval a Sineu - Carta Sonora de Mallorca</title>
<meta name="robots" content="index, follow, max-snippet:-1, max-image-preview:large, max-video-preview:-1" />
<link rel="canonical" href="https://cartasonorademallorca.com/en/listing/un-orgue-medieval-a-sineu/" />
<meta property="og:locale" content="en_US" />
<meta property="og:type" content="article" />
<meta property="og:title" content="Un orgue medieval a Sineu - Carta Sonora de Mallorca" />
<meta property="og:description" content="En un inventari guardat en una acta notarial de l&#8217;Arxiu del regne de Mallorca (ARM not. Vicens Verger V-2 f.188) hi trobam una petita referència a un orgue medieval a Sineu. L&#8217;acta, datada de dia 18 de maig de 1416, recull l&#8217;inventari dels bens de Pere Julià, prevere de Sineu. El document inclou entre els [&hellip;]" />
<meta property="og:url" content="https://cartasonorademallorca.com/en/listing/un-orgue-medieval-a-sineu/" />
<meta property="og:site_name" content="Carta Sonora de Mallorca" />
<meta property="article:modified_time" content="2023-04-17T11:20:14+00:00" />
<meta property="og:image" content="https://cartasonorademallorca.com/wp-content/uploads/2023/04/1024px-Sineu_-_Nuestra_Senyora_04_ies.jpg" />
	<meta property="og:image:width" content="1024" />
	<meta property="og:image:height" content="683" />
	<meta property="og:image:type" content="image/jpeg" />
<meta name="twitter:card" content="summary_large_image" />
<meta name="twitter:label1" content="Est. reading time" />
	<meta name="twitter:data1" content="1 minute" />
<script type="application/ld+json" class="yoast-schema-graph">{"@context":"https:\/\/schema.org","@graph":[{"@type":"WebPage","@id":"https:\/\/cartasonorademallorca.com\/en\/listing\/un-orgue-medieval-a-sineu\/","url":"https:\/\/cartasonorademallorca.com\/en\/listing\/un-orgue-medieval-a-sineu\/","name":"Un orgue medieval a Sineu - Carta Sonora de Mallorca","isPartOf":{"@id":"https:\/\/cartasonorademallorca.com\/en\/#website"},"primaryImageOfPage":{"@id":"https:\/\/cartasonorademallorca.com\/en\/listing\/un-orgue-medieval-a-sineu\/#primaryimage"},"image":{"@id":"https:\/\/cartasonorademallorca.com\/en\/listing\/un-orgue-medieval-a-sineu\/#primaryimage"},"thumbnailUrl":"https:\/\/cartasonorademallorca.com\/wp-content\/uploads\/2023\/04\/1024px-Sineu_-_Nuestra_Senyora_04_ies.jpg","datePublished":"2023-04-17T11:19:55+00:00","dateModified":"2023-04-17T11:20:14+00:00","breadcrumb":{"@id":"https:\/\/cartasonorademallorca.com\/en\/listing\/un-orgue-medieval-a-sineu\/#breadcrumb"},"inLanguage":"en-US","potentialAction":[{"@type":"ReadAction","target":["https:\/\/cartasonorademallorca.com\/en\/listing\/un-orgue-medieval-a-sineu\/"]}]},{"@type":"ImageObject","inLanguage":"en-US","@id":"https:\/\/cartasonorademallorca.com\/en\/listing\/un-orgue-medieval-a-sineu\/#primaryimage","url":"https:\/\/cartasonorademallorca.com\/wp-content\/uploads\/2023\/04\/1024px-Sineu_-_Nuestra_Senyora_04_ies.jpg","contentUrl":"https:\/\/cartasonorademallorca.com\/wp-content\/uploads\/2023\/04\/1024px-Sineu_-_Nuestra_Senyora_04_ies.jpg","width":1024,"height":683,"caption":"Fotografia: Frank Vincentz Font: https:\/\/commons.wikimedia.org\/wiki\/File:Sineu_-_Nuestra_Senyora_04_ies.jpg"},{"@type":"BreadcrumbList","@id":"https:\/\/cartasonorademallorca.com\/en\/listing\/un-orgue-medieval-a-sineu\/#breadcrumb","itemListElement":[{"@type":"ListItem","position":1,"name":"Portada","item":"https:\/\/cartasonorademallorca.com\/en\/"},{"@type":"ListItem","position":2,"name":"Llistats","item":"https:\/\/cartasonorademallorca.com\/en\/arxiu\/"},{"@type":"ListItem","position":3,"name":"Un orgue medieval a Sineu"}]},{"@type":"WebSite","@id":"https:\/\/cartasonorademallorca.com\/en\/#website","url":"https:\/\/cartasonorademallorca.com\/en\/","name":"Carta Sonora de Mallorca","description":"","potentialAction":[{"@type":"SearchAction","target":{"@type":"EntryPoint","urlTemplate":"https:\/\/cartasonorademallorca.com\/en\/?s={search_term_string}"},"query-input":{"@type":"PropertyValueSpecification","valueRequired":true,"valueName":"search_term_string"}}],"inLanguage":"en-US"}]}</script>
<!-- / Yoast SEO plugin. -->

En un inventari guardat en una acta notarial de l&#8217;Arxiu del regne de Mallorca (ARM not. Vicens Verger V-2 f.188) hi trobam una petita referència a un orgue medieval a Sineu. L&#8217;acta, datada de dia 18 de maig de 1416, recull l&#8217;inventari dels bens de Pere Julià, prevere de Sineu. El document inclou entre els [&hellip;]
