{"id":3289,"date":"2023-04-27T07:47:53","date_gmt":"2023-04-27T07:47:53","guid":{"rendered":"https:\/\/cartasonorademallorca.com\/?post_type=listing&#038;p=3289"},"modified":"2023-04-27T07:47:54","modified_gmt":"2023-04-27T07:47:54","slug":"paissatge-sonor-de-lofrena-floral-als-herois-de-l11-de-maig-del-1561","status":"publish","type":"listing","link":"https:\/\/cartasonorademallorca.com\/en\/listing\/paissatge-sonor-de-lofrena-floral-als-herois-de-l11-de-maig-del-1561\/","title":{"rendered":"Paissatge sonor de l&#8217;Ofrena floral als Herois de l&#8217;11 de maig del 1561"},"content":{"rendered":"<p>La festa popular de la Fira i el Fir\u00f3 de S\u00f3ller \u00e9s una cel\u00b7lebraci\u00f3 que es dur a terme cada any pel mes de maig a la vall de S\u00f3ller. A l\u2019arribada de la primavera, la vil\u00b7la es vesteix amb les banderes dels moros i dels cristians per commemorar la vict\u00f2ria dels sollerics contra la invasi\u00f3 sarra\u00efna, produ\u00efda l\u201911 de maig de 1561.<\/p>\n<p>El primer acte del Fir\u00f3 \u00e9s l\u2019Ofrena floral als herois de l\u201911 de maig en el Monument, com a homenatge per recordar els caiguts de les batalles del 1561. Aqu\u00ed, hi assisteixen les autoritats, els personatges hist\u00f2rics, les Valentes Dones i els pagesos i pageses de la vall. Per\u00f2 no podem deixar de banda la participaci\u00f3 tan esperada dels Xeremiers de S\u00f3ller, que ambienten aquest moment amb la seva m\u00fasica. Al final d&#8217;aquesta ofrena, cada any es selecciona un xeremier perqu\u00e8 interpreti la <em>Mateixa de Ca&#8217;n Tamany.<\/em><\/p>\n<p><a href=\"https:\/\/www.facebook.com\/watch\/?ref=search&amp;v=325607276323786&amp;external_log_id=3fa905df-96ee-4f83-96f4-c99f9794ff9e&amp;q=xeremiers%20de%20s\u00f3ller\">Mateixa de Ca&#8217;n Tamany interpretada per Pep Toni Jaume<\/a><\/p>\n","protected":false},"featured_media":3054,"comment_status":"open","ping_status":"open","template":"","tags":[578,1587,1588,579,1589,1590,1591,854,1592,580],"listing_category":[427,428],"listing_location":[859],"listing_feature":[1188,59,178,125],"class_list":["post-3289","listing","type-listing","status-publish","has-post-thumbnail","hentry","tag-festa-en","tag-festes-populars-en","tag-firo-en","tag-flabiol-i-tamborino-en","tag-mateixa-en","tag-musica-tradicional-en","tag-ofrena-en","tag-soller-en","tag-xeremiers-de-soller-en","tag-xeremies-en","custom_tags_1-autoritats-en","custom_tags_1-pagesos-i-pageses-de-soller-en","custom_tags_1-personatges-historics-en","custom_tags_1-valentes-dones-en","custom_tags_1-xeremiers-de-soller-en","listing_category-imatge-en","listing_category-video-en","listing_location-soller-en","listing_feature-acte-social","listing_feature-ambit-public","listing_feature-festa","listing_feature-paisatge-sonor-antropofonia"],"acf":[],"yoast_head":"<!-- This site is optimized with the Yoast SEO plugin v27.4 - https:\/\/yoast.com\/product\/yoast-seo-wordpress\/ -->\n<title>Paissatge sonor de l&#039;Ofrena floral als Herois de l&#039;11 de maig del 1561 - Carta Sonora de Mallorca<\/title>\n<meta name=\"robots\" content=\"index, follow, max-snippet:-1, max-image-preview:large, max-video-preview:-1\" \/>\n<link rel=\"canonical\" href=\"https:\/\/cartasonorademallorca.com\/en\/listing\/paissatge-sonor-de-lofrena-floral-als-herois-de-l11-de-maig-del-1561\/\" \/>\n<meta property=\"og:locale\" content=\"en_US\" \/>\n<meta property=\"og:type\" content=\"article\" \/>\n<meta property=\"og:title\" content=\"Paissatge sonor de l&#039;Ofrena floral als Herois de l&#039;11 de maig del 1561 - Carta Sonora de Mallorca\" \/>\n<meta property=\"og:description\" content=\"La festa popular de la Fira i el Fir\u00f3 de S\u00f3ller \u00e9s una cel\u00b7lebraci\u00f3 que es dur a terme cada any pel mes de maig a la vall de S\u00f3ller. A l\u2019arribada de la primavera, la vil\u00b7la es vesteix amb les banderes dels moros i dels cristians per commemorar la vict\u00f2ria dels sollerics contra la [&hellip;]\" \/>\n<meta property=\"og:url\" content=\"https:\/\/cartasonorademallorca.com\/en\/listing\/paissatge-sonor-de-lofrena-floral-als-herois-de-l11-de-maig-del-1561\/\" \/>\n<meta property=\"og:site_name\" content=\"Carta Sonora de Mallorca\" \/>\n<meta property=\"article:modified_time\" content=\"2023-04-27T07:47:54+00:00\" \/>\n<meta property=\"og:image\" content=\"https:\/\/cartasonorademallorca.com\/wp-content\/uploads\/2023\/03\/468360_217525268364244_1313197762_o.jpg\" \/>\n\t<meta property=\"og:image:width\" content=\"1600\" \/>\n\t<meta property=\"og:image:height\" content=\"1067\" \/>\n\t<meta property=\"og:image:type\" content=\"image\/jpeg\" \/>\n<meta name=\"twitter:card\" content=\"summary_large_image\" \/>\n<meta name=\"twitter:label1\" content=\"Est. reading time\" \/>\n\t<meta name=\"twitter:data1\" content=\"1 minute\" \/>\n<script type=\"application\/ld+json\" class=\"yoast-schema-graph\">{\"@context\":\"https:\\\/\\\/schema.org\",\"@graph\":[{\"@type\":\"WebPage\",\"@id\":\"https:\\\/\\\/cartasonorademallorca.com\\\/en\\\/listing\\\/paissatge-sonor-de-lofrena-floral-als-herois-de-l11-de-maig-del-1561\\\/\",\"url\":\"https:\\\/\\\/cartasonorademallorca.com\\\/en\\\/listing\\\/paissatge-sonor-de-lofrena-floral-als-herois-de-l11-de-maig-del-1561\\\/\",\"name\":\"Paissatge sonor de l'Ofrena floral als Herois de l'11 de maig del 1561 - Carta Sonora de Mallorca\",\"isPartOf\":{\"@id\":\"https:\\\/\\\/cartasonorademallorca.com\\\/en\\\/#website\"},\"primaryImageOfPage\":{\"@id\":\"https:\\\/\\\/cartasonorademallorca.com\\\/en\\\/listing\\\/paissatge-sonor-de-lofrena-floral-als-herois-de-l11-de-maig-del-1561\\\/#primaryimage\"},\"image\":{\"@id\":\"https:\\\/\\\/cartasonorademallorca.com\\\/en\\\/listing\\\/paissatge-sonor-de-lofrena-floral-als-herois-de-l11-de-maig-del-1561\\\/#primaryimage\"},\"thumbnailUrl\":\"https:\\\/\\\/cartasonorademallorca.com\\\/wp-content\\\/uploads\\\/2023\\\/03\\\/468360_217525268364244_1313197762_o.jpg\",\"datePublished\":\"2023-04-27T07:47:53+00:00\",\"dateModified\":\"2023-04-27T07:47:54+00:00\",\"breadcrumb\":{\"@id\":\"https:\\\/\\\/cartasonorademallorca.com\\\/en\\\/listing\\\/paissatge-sonor-de-lofrena-floral-als-herois-de-l11-de-maig-del-1561\\\/#breadcrumb\"},\"inLanguage\":\"en-US\",\"potentialAction\":[{\"@type\":\"ReadAction\",\"target\":[\"https:\\\/\\\/cartasonorademallorca.com\\\/en\\\/listing\\\/paissatge-sonor-de-lofrena-floral-als-herois-de-l11-de-maig-del-1561\\\/\"]}]},{\"@type\":\"ImageObject\",\"inLanguage\":\"en-US\",\"@id\":\"https:\\\/\\\/cartasonorademallorca.com\\\/en\\\/listing\\\/paissatge-sonor-de-lofrena-floral-als-herois-de-l11-de-maig-del-1561\\\/#primaryimage\",\"url\":\"https:\\\/\\\/cartasonorademallorca.com\\\/wp-content\\\/uploads\\\/2023\\\/03\\\/468360_217525268364244_1313197762_o.jpg\",\"contentUrl\":\"https:\\\/\\\/cartasonorademallorca.com\\\/wp-content\\\/uploads\\\/2023\\\/03\\\/468360_217525268364244_1313197762_o.jpg\",\"width\":1600,\"height\":1067},{\"@type\":\"BreadcrumbList\",\"@id\":\"https:\\\/\\\/cartasonorademallorca.com\\\/en\\\/listing\\\/paissatge-sonor-de-lofrena-floral-als-herois-de-l11-de-maig-del-1561\\\/#breadcrumb\",\"itemListElement\":[{\"@type\":\"ListItem\",\"position\":1,\"name\":\"Portada\",\"item\":\"https:\\\/\\\/cartasonorademallorca.com\\\/en\\\/\"},{\"@type\":\"ListItem\",\"position\":2,\"name\":\"Llistats\",\"item\":\"https:\\\/\\\/cartasonorademallorca.com\\\/en\\\/arxiu\\\/\"},{\"@type\":\"ListItem\",\"position\":3,\"name\":\"Paissatge sonor de l&#8217;Ofrena floral als Herois de l&#8217;11 de maig del 1561\"}]},{\"@type\":\"WebSite\",\"@id\":\"https:\\\/\\\/cartasonorademallorca.com\\\/en\\\/#website\",\"url\":\"https:\\\/\\\/cartasonorademallorca.com\\\/en\\\/\",\"name\":\"Carta Sonora de Mallorca\",\"description\":\"\",\"potentialAction\":[{\"@type\":\"SearchAction\",\"target\":{\"@type\":\"EntryPoint\",\"urlTemplate\":\"https:\\\/\\\/cartasonorademallorca.com\\\/en\\\/?s={search_term_string}\"},\"query-input\":{\"@type\":\"PropertyValueSpecification\",\"valueRequired\":true,\"valueName\":\"search_term_string\"}}],\"inLanguage\":\"en-US\"}]}<\/script>\n<!-- \/ Yoast SEO plugin. -->","yoast_head_json":{"title":"Paissatge sonor de l'Ofrena floral als Herois de l'11 de maig del 1561 - Carta Sonora de Mallorca","robots":{"index":"index","follow":"follow","max-snippet":"max-snippet:-1","max-image-preview":"max-image-preview:large","max-video-preview":"max-video-preview:-1"},"canonical":"https:\/\/cartasonorademallorca.com\/en\/listing\/paissatge-sonor-de-lofrena-floral-als-herois-de-l11-de-maig-del-1561\/","og_locale":"en_US","og_type":"article","og_title":"Paissatge sonor de l'Ofrena floral als Herois de l'11 de maig del 1561 - Carta Sonora de Mallorca","og_description":"La festa popular de la Fira i el Fir\u00f3 de S\u00f3ller \u00e9s una cel\u00b7lebraci\u00f3 que es dur a terme cada any pel mes de maig a la vall de S\u00f3ller. A l\u2019arribada de la primavera, la vil\u00b7la es vesteix amb les banderes dels moros i dels cristians per commemorar la vict\u00f2ria dels sollerics contra la [&hellip;]","og_url":"https:\/\/cartasonorademallorca.com\/en\/listing\/paissatge-sonor-de-lofrena-floral-als-herois-de-l11-de-maig-del-1561\/","og_site_name":"Carta Sonora de Mallorca","article_modified_time":"2023-04-27T07:47:54+00:00","og_image":[{"width":1600,"height":1067,"url":"https:\/\/cartasonorademallorca.com\/wp-content\/uploads\/2023\/03\/468360_217525268364244_1313197762_o.jpg","type":"image\/jpeg"}],"twitter_card":"summary_large_image","twitter_misc":{"Est. reading time":"1 minute"},"schema":{"@context":"https:\/\/schema.org","@graph":[{"@type":"WebPage","@id":"https:\/\/cartasonorademallorca.com\/en\/listing\/paissatge-sonor-de-lofrena-floral-als-herois-de-l11-de-maig-del-1561\/","url":"https:\/\/cartasonorademallorca.com\/en\/listing\/paissatge-sonor-de-lofrena-floral-als-herois-de-l11-de-maig-del-1561\/","name":"Paissatge sonor de l'Ofrena floral als Herois de l'11 de maig del 1561 - Carta Sonora de Mallorca","isPartOf":{"@id":"https:\/\/cartasonorademallorca.com\/en\/#website"},"primaryImageOfPage":{"@id":"https:\/\/cartasonorademallorca.com\/en\/listing\/paissatge-sonor-de-lofrena-floral-als-herois-de-l11-de-maig-del-1561\/#primaryimage"},"image":{"@id":"https:\/\/cartasonorademallorca.com\/en\/listing\/paissatge-sonor-de-lofrena-floral-als-herois-de-l11-de-maig-del-1561\/#primaryimage"},"thumbnailUrl":"https:\/\/cartasonorademallorca.com\/wp-content\/uploads\/2023\/03\/468360_217525268364244_1313197762_o.jpg","datePublished":"2023-04-27T07:47:53+00:00","dateModified":"2023-04-27T07:47:54+00:00","breadcrumb":{"@id":"https:\/\/cartasonorademallorca.com\/en\/listing\/paissatge-sonor-de-lofrena-floral-als-herois-de-l11-de-maig-del-1561\/#breadcrumb"},"inLanguage":"en-US","potentialAction":[{"@type":"ReadAction","target":["https:\/\/cartasonorademallorca.com\/en\/listing\/paissatge-sonor-de-lofrena-floral-als-herois-de-l11-de-maig-del-1561\/"]}]},{"@type":"ImageObject","inLanguage":"en-US","@id":"https:\/\/cartasonorademallorca.com\/en\/listing\/paissatge-sonor-de-lofrena-floral-als-herois-de-l11-de-maig-del-1561\/#primaryimage","url":"https:\/\/cartasonorademallorca.com\/wp-content\/uploads\/2023\/03\/468360_217525268364244_1313197762_o.jpg","contentUrl":"https:\/\/cartasonorademallorca.com\/wp-content\/uploads\/2023\/03\/468360_217525268364244_1313197762_o.jpg","width":1600,"height":1067},{"@type":"BreadcrumbList","@id":"https:\/\/cartasonorademallorca.com\/en\/listing\/paissatge-sonor-de-lofrena-floral-als-herois-de-l11-de-maig-del-1561\/#breadcrumb","itemListElement":[{"@type":"ListItem","position":1,"name":"Portada","item":"https:\/\/cartasonorademallorca.com\/en\/"},{"@type":"ListItem","position":2,"name":"Llistats","item":"https:\/\/cartasonorademallorca.com\/en\/arxiu\/"},{"@type":"ListItem","position":3,"name":"Paissatge sonor de l&#8217;Ofrena floral als Herois de l&#8217;11 de maig del 1561"}]},{"@type":"WebSite","@id":"https:\/\/cartasonorademallorca.com\/en\/#website","url":"https:\/\/cartasonorademallorca.com\/en\/","name":"Carta Sonora de Mallorca","description":"","potentialAction":[{"@type":"SearchAction","target":{"@type":"EntryPoint","urlTemplate":"https:\/\/cartasonorademallorca.com\/en\/?s={search_term_string}"},"query-input":{"@type":"PropertyValueSpecification","valueRequired":true,"valueName":"search_term_string"}}],"inLanguage":"en-US"}]}},"_links":{"self":[{"href":"https:\/\/cartasonorademallorca.com\/en\/wp-json\/wp\/v2\/listing\/3289","targetHints":{"allow":["GET"]}}],"collection":[{"href":"https:\/\/cartasonorademallorca.com\/en\/wp-json\/wp\/v2\/listing"}],"about":[{"href":"https:\/\/cartasonorademallorca.com\/en\/wp-json\/wp\/v2\/types\/listing"}],"replies":[{"embeddable":true,"href":"https:\/\/cartasonorademallorca.com\/en\/wp-json\/wp\/v2\/comments?post=3289"}],"wp:featuredmedia":[{"embeddable":true,"href":"https:\/\/cartasonorademallorca.com\/en\/wp-json\/wp\/v2\/media\/3054"}],"wp:attachment":[{"href":"https:\/\/cartasonorademallorca.com\/en\/wp-json\/wp\/v2\/media?parent=3289"}],"wp:term":[{"taxonomy":"post_tag","embeddable":true,"href":"https:\/\/cartasonorademallorca.com\/en\/wp-json\/wp\/v2\/tags?post=3289"},{"taxonomy":"listing_category","embeddable":true,"href":"https:\/\/cartasonorademallorca.com\/en\/wp-json\/wp\/v2\/listing_category?post=3289"},{"taxonomy":"listing_location","embeddable":true,"href":"https:\/\/cartasonorademallorca.com\/en\/wp-json\/wp\/v2\/listing_location?post=3289"},{"taxonomy":"listing_feature","embeddable":true,"href":"https:\/\/cartasonorademallorca.com\/en\/wp-json\/wp\/v2\/listing_feature?post=3289"}],"curies":[{"name":"wp","href":"https:\/\/api.w.org\/{rel}","templated":true}]}}

<p>La festa popular de la Fira i el Firó de Sóller és una cel·lebració que es dur a terme cada any pel mes de maig a la vall de Sóller. A l’arribada de la primavera, la vil·la es vesteix amb les banderes dels moros i dels cristians per commemorar la victòria dels sollerics contra la invasió sarraïna, produïda l’11 de maig de 1561.</p>
<p>El primer acte del Firó és l’Ofrena floral als herois de l’11 de maig en el Monument, com a homenatge per recordar els caiguts de les batalles del 1561. Aquí, hi assisteixen les autoritats, els personatges històrics, les Valentes Dones i els pagesos i pageses de la vall. Però no podem deixar de banda la participació tan esperada dels Xeremiers de Sóller, que ambienten aquest moment amb la seva música. Al final d&#8217;aquesta ofrena, cada any es selecciona un xeremier perquè interpreti la <em>Mateixa de Ca&#8217;n Tamany.</em></p>
<p><a href="https://www.facebook.com/watch/?ref=search&amp;v=325607276323786&amp;external_log_id=3fa905df-96ee-4f83-96f4-c99f9794ff9e&amp;q=xeremiers%20de%20sóller">Mateixa de Ca&#8217;n Tamany interpretada per Pep Toni Jaume</a></p>

<!-- This site is optimized with the Yoast SEO plugin v27.4 - https://yoast.com/product/yoast-seo-wordpress/ -->
<title>Paissatge sonor de l&#039;Ofrena floral als Herois de l&#039;11 de maig del 1561 - Carta Sonora de Mallorca</title>
<meta name="robots" content="index, follow, max-snippet:-1, max-image-preview:large, max-video-preview:-1" />
<link rel="canonical" href="https://cartasonorademallorca.com/en/listing/paissatge-sonor-de-lofrena-floral-als-herois-de-l11-de-maig-del-1561/" />
<meta property="og:locale" content="en_US" />
<meta property="og:type" content="article" />
<meta property="og:title" content="Paissatge sonor de l&#039;Ofrena floral als Herois de l&#039;11 de maig del 1561 - Carta Sonora de Mallorca" />
<meta property="og:description" content="La festa popular de la Fira i el Firó de Sóller és una cel·lebració que es dur a terme cada any pel mes de maig a la vall de Sóller. A l’arribada de la primavera, la vil·la es vesteix amb les banderes dels moros i dels cristians per commemorar la victòria dels sollerics contra la [&hellip;]" />
<meta property="og:url" content="https://cartasonorademallorca.com/en/listing/paissatge-sonor-de-lofrena-floral-als-herois-de-l11-de-maig-del-1561/" />
<meta property="og:site_name" content="Carta Sonora de Mallorca" />
<meta property="article:modified_time" content="2023-04-27T07:47:54+00:00" />
<meta property="og:image" content="https://cartasonorademallorca.com/wp-content/uploads/2023/03/468360_217525268364244_1313197762_o.jpg" />
	<meta property="og:image:width" content="1600" />
	<meta property="og:image:height" content="1067" />
	<meta property="og:image:type" content="image/jpeg" />
<meta name="twitter:card" content="summary_large_image" />
<meta name="twitter:label1" content="Est. reading time" />
	<meta name="twitter:data1" content="1 minute" />
<script type="application/ld+json" class="yoast-schema-graph">{"@context":"https:\/\/schema.org","@graph":[{"@type":"WebPage","@id":"https:\/\/cartasonorademallorca.com\/en\/listing\/paissatge-sonor-de-lofrena-floral-als-herois-de-l11-de-maig-del-1561\/","url":"https:\/\/cartasonorademallorca.com\/en\/listing\/paissatge-sonor-de-lofrena-floral-als-herois-de-l11-de-maig-del-1561\/","name":"Paissatge sonor de l'Ofrena floral als Herois de l'11 de maig del 1561 - Carta Sonora de Mallorca","isPartOf":{"@id":"https:\/\/cartasonorademallorca.com\/en\/#website"},"primaryImageOfPage":{"@id":"https:\/\/cartasonorademallorca.com\/en\/listing\/paissatge-sonor-de-lofrena-floral-als-herois-de-l11-de-maig-del-1561\/#primaryimage"},"image":{"@id":"https:\/\/cartasonorademallorca.com\/en\/listing\/paissatge-sonor-de-lofrena-floral-als-herois-de-l11-de-maig-del-1561\/#primaryimage"},"thumbnailUrl":"https:\/\/cartasonorademallorca.com\/wp-content\/uploads\/2023\/03\/468360_217525268364244_1313197762_o.jpg","datePublished":"2023-04-27T07:47:53+00:00","dateModified":"2023-04-27T07:47:54+00:00","breadcrumb":{"@id":"https:\/\/cartasonorademallorca.com\/en\/listing\/paissatge-sonor-de-lofrena-floral-als-herois-de-l11-de-maig-del-1561\/#breadcrumb"},"inLanguage":"en-US","potentialAction":[{"@type":"ReadAction","target":["https:\/\/cartasonorademallorca.com\/en\/listing\/paissatge-sonor-de-lofrena-floral-als-herois-de-l11-de-maig-del-1561\/"]}]},{"@type":"ImageObject","inLanguage":"en-US","@id":"https:\/\/cartasonorademallorca.com\/en\/listing\/paissatge-sonor-de-lofrena-floral-als-herois-de-l11-de-maig-del-1561\/#primaryimage","url":"https:\/\/cartasonorademallorca.com\/wp-content\/uploads\/2023\/03\/468360_217525268364244_1313197762_o.jpg","contentUrl":"https:\/\/cartasonorademallorca.com\/wp-content\/uploads\/2023\/03\/468360_217525268364244_1313197762_o.jpg","width":1600,"height":1067},{"@type":"BreadcrumbList","@id":"https:\/\/cartasonorademallorca.com\/en\/listing\/paissatge-sonor-de-lofrena-floral-als-herois-de-l11-de-maig-del-1561\/#breadcrumb","itemListElement":[{"@type":"ListItem","position":1,"name":"Portada","item":"https:\/\/cartasonorademallorca.com\/en\/"},{"@type":"ListItem","position":2,"name":"Llistats","item":"https:\/\/cartasonorademallorca.com\/en\/arxiu\/"},{"@type":"ListItem","position":3,"name":"Paissatge sonor de l&#8217;Ofrena floral als Herois de l&#8217;11 de maig del 1561"}]},{"@type":"WebSite","@id":"https:\/\/cartasonorademallorca.com\/en\/#website","url":"https:\/\/cartasonorademallorca.com\/en\/","name":"Carta Sonora de Mallorca","description":"","potentialAction":[{"@type":"SearchAction","target":{"@type":"EntryPoint","urlTemplate":"https:\/\/cartasonorademallorca.com\/en\/?s={search_term_string}"},"query-input":{"@type":"PropertyValueSpecification","valueRequired":true,"valueName":"search_term_string"}}],"inLanguage":"en-US"}]}</script>
<!-- / Yoast SEO plugin. -->

La festa popular de la Fira i el Firó de Sóller és una cel·lebració que es dur a terme cada any pel mes de maig a la vall de Sóller. A l’arribada de la primavera, la vil·la es vesteix amb les banderes dels moros i dels cristians per commemorar la victòria dels sollerics contra la [&hellip;]
