{"id":3332,"date":"2023-04-16T21:18:30","date_gmt":"2023-04-16T21:18:30","guid":{"rendered":"https:\/\/cartasonorademallorca.com\/listing\/la-nit-de-les-dones-inca-2023\/"},"modified":"2023-05-02T07:13:05","modified_gmt":"2023-05-02T07:13:05","slug":"la-nit-de-les-dones-inca-2023","status":"publish","type":"listing","link":"https:\/\/cartasonorademallorca.com\/en\/listing\/la-nit-de-les-dones-inca-2023\/","title":{"rendered":"&#8216;La Nit de les Dones&#8217;, Inca, 2023."},"content":{"rendered":"<p>El dijous 9 de mar\u00e7 de 2023 va tenir lloc al Teatre Principal d&#8217;Inca un acte institucional i pol\u00edtic amb el t\u00edtol de &#8216;La Nit de les Dones&#8217;.\u00a0Aquest esdeveniment, que commemorava el dia de la dona treballadora, va comen\u00e7ar a \u00a0les 18:30 amb la intervenci\u00f3 de les glosadores Cati Eva Canyelles i Al\u00edcia Olivares. Despr\u00e9s s&#8217;hi varen dur a terme el lliurament de premis que otorga l&#8217;Institut Balear de la Dona a vuit dones que han destacat pel seu treball per la igualtat. Hi varen ser presents la presidenta del Govern de les Illes Balears, Francina Armengol, la consellera de Presid\u00e8ncia, Funci\u00f3 P\u00fablica i Igualtat, Mercedes Garrido, el batle d&#8217;Inca, Virgilio Moreno, la directora de l&#8217;IBDONA, Maria Duran i la consellera d&#8217;Agricultura, Pesca i Alimentaci\u00f3, Mae de la Concha.<\/p>\n<p>Tampoc es va deixar de banda el paper important de les dones en l&#8217;\u00e0mbit art\u00edstic-musical amb les actuacions finals de la cantant mallorquina J\u00falia Colom i el duo format per la cantant catalana Elena Gadel i la guitarrista sevillana Marta Robles.<a href=\"https:\/\/cartasonorademallorca.com\/wp-content\/uploads\/2023\/04\/IMG_2147.heic\"><img decoding=\"async\" class=\"alignnone size-full wp-image-3284\" src=\"https:\/\/cartasonorademallorca.com\/wp-content\/uploads\/2023\/04\/IMG_2147.heic\" alt=\"\" \/><\/a><img decoding=\"async\" class=\"alignnone size-full wp-image-3284\" src=\"https:\/\/cartasonorademallorca.com\/wp-content\/uploads\/2023\/04\/IMG_2147.heic\" alt=\"\" \/><\/p>\n<p><a href=\"https:\/\/www.youtube.com\/watch?v=y8Mk2nPPxZo\"><img fetchpriority=\"high\" decoding=\"async\" class=\"alignnone size-medium wp-image-3317 aligncenter\" src=\"https:\/\/cartasonorademallorca.com\/wp-content\/uploads\/2023\/04\/be7409b4-943c-4b28-bcc9-c4b7ce6c7178-300x169.jpg\" alt=\"\" width=\"300\" height=\"169\" srcset=\"https:\/\/cartasonorademallorca.com\/wp-content\/uploads\/2023\/04\/be7409b4-943c-4b28-bcc9-c4b7ce6c7178-300x169.jpg 300w, https:\/\/cartasonorademallorca.com\/wp-content\/uploads\/2023\/04\/be7409b4-943c-4b28-bcc9-c4b7ce6c7178-768x432.jpg 768w, https:\/\/cartasonorademallorca.com\/wp-content\/uploads\/2023\/04\/be7409b4-943c-4b28-bcc9-c4b7ce6c7178.jpg 1024w\" sizes=\"(max-width: 300px) 100vw, 300px\" \/><\/a><\/p>\n<p>Segons indica la not\u00edcia del diari \u00daltima Hora, l&#8217;objectiu principal d&#8217;acte acte institucional i commemoratiu era:<\/p>\n<blockquote><p>\u00abreconocer a personalidades, entidades y colectivos que destacan por su lucha por la igualdad\u00bb<\/p><\/blockquote>\n","protected":false},"featured_media":3318,"comment_status":"open","ping_status":"open","template":"","tags":[1683,1684,1685,1357,1686,1687],"listing_category":[390,428],"listing_location":[1366],"listing_feature":[1188,59,1273],"class_list":["post-3332","listing","type-listing","status-publish","has-post-thumbnail","hentry","tag-8m-en","tag-actuacions-musicals-en","tag-dones-en","tag-inca-en","tag-musica-en","tag-teatre-principal-inca-en","custom_tags_1-alicia-olivares-en","custom_tags_1-cati-eva-canyelles-en","custom_tags_1-elena-gadel-en","custom_tags_1-francina-armengol-en","custom_tags_1-govern-de-les-illes-balears-en","custom_tags_1-julia-colom-en","custom_tags_1-marta-robles-en","listing_category-text-en","listing_category-video-en","listing_location-inca-en","listing_feature-acte-social","listing_feature-ambit-public","listing_feature-concert"],"acf":[],"yoast_head":"<!-- This site is optimized with the Yoast SEO plugin v27.4 - https:\/\/yoast.com\/product\/yoast-seo-wordpress\/ -->\n<title>&#039;La Nit de les Dones&#039;, Inca, 2023. - Carta Sonora de Mallorca<\/title>\n<meta name=\"robots\" content=\"index, follow, max-snippet:-1, max-image-preview:large, max-video-preview:-1\" \/>\n<link rel=\"canonical\" href=\"https:\/\/cartasonorademallorca.com\/en\/listing\/la-nit-de-les-dones-inca-2023\/\" \/>\n<meta property=\"og:locale\" content=\"en_US\" \/>\n<meta property=\"og:type\" content=\"article\" \/>\n<meta property=\"og:title\" content=\"&#039;La Nit de les Dones&#039;, Inca, 2023. - Carta Sonora de Mallorca\" \/>\n<meta property=\"og:description\" content=\"El dijous 9 de mar\u00e7 de 2023 va tenir lloc al Teatre Principal d&#8217;Inca un acte institucional i pol\u00edtic amb el t\u00edtol de &#8216;La Nit de les Dones&#8217;.\u00a0Aquest esdeveniment, que commemorava el dia de la dona treballadora, va comen\u00e7ar a \u00a0les 18:30 amb la intervenci\u00f3 de les glosadores Cati Eva Canyelles i Al\u00edcia Olivares. Despr\u00e9s [&hellip;]\" \/>\n<meta property=\"og:url\" content=\"https:\/\/cartasonorademallorca.com\/en\/listing\/la-nit-de-les-dones-inca-2023\/\" \/>\n<meta property=\"og:site_name\" content=\"Carta Sonora de Mallorca\" \/>\n<meta property=\"article:modified_time\" content=\"2023-05-02T07:13:05+00:00\" \/>\n<meta property=\"og:image\" content=\"https:\/\/cartasonorademallorca.com\/wp-content\/uploads\/2023\/04\/be7409b4-943c-4b28-bcc9-c4b7ce6c7178.jpg\" \/>\n\t<meta property=\"og:image:width\" content=\"1024\" \/>\n\t<meta property=\"og:image:height\" content=\"576\" \/>\n\t<meta property=\"og:image:type\" content=\"image\/jpeg\" \/>\n<meta name=\"twitter:card\" content=\"summary_large_image\" \/>\n<meta name=\"twitter:label1\" content=\"Est. reading time\" \/>\n\t<meta name=\"twitter:data1\" content=\"2 minutes\" \/>\n<script type=\"application\/ld+json\" class=\"yoast-schema-graph\">{\"@context\":\"https:\\\/\\\/schema.org\",\"@graph\":[{\"@type\":\"WebPage\",\"@id\":\"https:\\\/\\\/cartasonorademallorca.com\\\/en\\\/listing\\\/la-nit-de-les-dones-inca-2023\\\/\",\"url\":\"https:\\\/\\\/cartasonorademallorca.com\\\/en\\\/listing\\\/la-nit-de-les-dones-inca-2023\\\/\",\"name\":\"'La Nit de les Dones', Inca, 2023. - Carta Sonora de Mallorca\",\"isPartOf\":{\"@id\":\"https:\\\/\\\/cartasonorademallorca.com\\\/en\\\/#website\"},\"primaryImageOfPage\":{\"@id\":\"https:\\\/\\\/cartasonorademallorca.com\\\/en\\\/listing\\\/la-nit-de-les-dones-inca-2023\\\/#primaryimage\"},\"image\":{\"@id\":\"https:\\\/\\\/cartasonorademallorca.com\\\/en\\\/listing\\\/la-nit-de-les-dones-inca-2023\\\/#primaryimage\"},\"thumbnailUrl\":\"https:\\\/\\\/cartasonorademallorca.com\\\/wp-content\\\/uploads\\\/2023\\\/04\\\/be7409b4-943c-4b28-bcc9-c4b7ce6c7178.jpg\",\"datePublished\":\"2023-04-16T21:18:30+00:00\",\"dateModified\":\"2023-05-02T07:13:05+00:00\",\"breadcrumb\":{\"@id\":\"https:\\\/\\\/cartasonorademallorca.com\\\/en\\\/listing\\\/la-nit-de-les-dones-inca-2023\\\/#breadcrumb\"},\"inLanguage\":\"en-US\",\"potentialAction\":[{\"@type\":\"ReadAction\",\"target\":[\"https:\\\/\\\/cartasonorademallorca.com\\\/en\\\/listing\\\/la-nit-de-les-dones-inca-2023\\\/\"]}]},{\"@type\":\"ImageObject\",\"inLanguage\":\"en-US\",\"@id\":\"https:\\\/\\\/cartasonorademallorca.com\\\/en\\\/listing\\\/la-nit-de-les-dones-inca-2023\\\/#primaryimage\",\"url\":\"https:\\\/\\\/cartasonorademallorca.com\\\/wp-content\\\/uploads\\\/2023\\\/04\\\/be7409b4-943c-4b28-bcc9-c4b7ce6c7178.jpg\",\"contentUrl\":\"https:\\\/\\\/cartasonorademallorca.com\\\/wp-content\\\/uploads\\\/2023\\\/04\\\/be7409b4-943c-4b28-bcc9-c4b7ce6c7178.jpg\",\"width\":1024,\"height\":576},{\"@type\":\"BreadcrumbList\",\"@id\":\"https:\\\/\\\/cartasonorademallorca.com\\\/en\\\/listing\\\/la-nit-de-les-dones-inca-2023\\\/#breadcrumb\",\"itemListElement\":[{\"@type\":\"ListItem\",\"position\":1,\"name\":\"Portada\",\"item\":\"https:\\\/\\\/cartasonorademallorca.com\\\/en\\\/\"},{\"@type\":\"ListItem\",\"position\":2,\"name\":\"Llistats\",\"item\":\"https:\\\/\\\/cartasonorademallorca.com\\\/en\\\/arxiu\\\/\"},{\"@type\":\"ListItem\",\"position\":3,\"name\":\"&#8216;La Nit de les Dones&#8217;, Inca, 2023.\"}]},{\"@type\":\"WebSite\",\"@id\":\"https:\\\/\\\/cartasonorademallorca.com\\\/en\\\/#website\",\"url\":\"https:\\\/\\\/cartasonorademallorca.com\\\/en\\\/\",\"name\":\"Carta Sonora de Mallorca\",\"description\":\"\",\"potentialAction\":[{\"@type\":\"SearchAction\",\"target\":{\"@type\":\"EntryPoint\",\"urlTemplate\":\"https:\\\/\\\/cartasonorademallorca.com\\\/en\\\/?s={search_term_string}\"},\"query-input\":{\"@type\":\"PropertyValueSpecification\",\"valueRequired\":true,\"valueName\":\"search_term_string\"}}],\"inLanguage\":\"en-US\"}]}<\/script>\n<!-- \/ Yoast SEO plugin. -->","yoast_head_json":{"title":"'La Nit de les Dones', Inca, 2023. - Carta Sonora de Mallorca","robots":{"index":"index","follow":"follow","max-snippet":"max-snippet:-1","max-image-preview":"max-image-preview:large","max-video-preview":"max-video-preview:-1"},"canonical":"https:\/\/cartasonorademallorca.com\/en\/listing\/la-nit-de-les-dones-inca-2023\/","og_locale":"en_US","og_type":"article","og_title":"'La Nit de les Dones', Inca, 2023. - Carta Sonora de Mallorca","og_description":"El dijous 9 de mar\u00e7 de 2023 va tenir lloc al Teatre Principal d&#8217;Inca un acte institucional i pol\u00edtic amb el t\u00edtol de &#8216;La Nit de les Dones&#8217;.\u00a0Aquest esdeveniment, que commemorava el dia de la dona treballadora, va comen\u00e7ar a \u00a0les 18:30 amb la intervenci\u00f3 de les glosadores Cati Eva Canyelles i Al\u00edcia Olivares. Despr\u00e9s [&hellip;]","og_url":"https:\/\/cartasonorademallorca.com\/en\/listing\/la-nit-de-les-dones-inca-2023\/","og_site_name":"Carta Sonora de Mallorca","article_modified_time":"2023-05-02T07:13:05+00:00","og_image":[{"width":1024,"height":576,"url":"https:\/\/cartasonorademallorca.com\/wp-content\/uploads\/2023\/04\/be7409b4-943c-4b28-bcc9-c4b7ce6c7178.jpg","type":"image\/jpeg"}],"twitter_card":"summary_large_image","twitter_misc":{"Est. reading time":"2 minutes"},"schema":{"@context":"https:\/\/schema.org","@graph":[{"@type":"WebPage","@id":"https:\/\/cartasonorademallorca.com\/en\/listing\/la-nit-de-les-dones-inca-2023\/","url":"https:\/\/cartasonorademallorca.com\/en\/listing\/la-nit-de-les-dones-inca-2023\/","name":"'La Nit de les Dones', Inca, 2023. - Carta Sonora de Mallorca","isPartOf":{"@id":"https:\/\/cartasonorademallorca.com\/en\/#website"},"primaryImageOfPage":{"@id":"https:\/\/cartasonorademallorca.com\/en\/listing\/la-nit-de-les-dones-inca-2023\/#primaryimage"},"image":{"@id":"https:\/\/cartasonorademallorca.com\/en\/listing\/la-nit-de-les-dones-inca-2023\/#primaryimage"},"thumbnailUrl":"https:\/\/cartasonorademallorca.com\/wp-content\/uploads\/2023\/04\/be7409b4-943c-4b28-bcc9-c4b7ce6c7178.jpg","datePublished":"2023-04-16T21:18:30+00:00","dateModified":"2023-05-02T07:13:05+00:00","breadcrumb":{"@id":"https:\/\/cartasonorademallorca.com\/en\/listing\/la-nit-de-les-dones-inca-2023\/#breadcrumb"},"inLanguage":"en-US","potentialAction":[{"@type":"ReadAction","target":["https:\/\/cartasonorademallorca.com\/en\/listing\/la-nit-de-les-dones-inca-2023\/"]}]},{"@type":"ImageObject","inLanguage":"en-US","@id":"https:\/\/cartasonorademallorca.com\/en\/listing\/la-nit-de-les-dones-inca-2023\/#primaryimage","url":"https:\/\/cartasonorademallorca.com\/wp-content\/uploads\/2023\/04\/be7409b4-943c-4b28-bcc9-c4b7ce6c7178.jpg","contentUrl":"https:\/\/cartasonorademallorca.com\/wp-content\/uploads\/2023\/04\/be7409b4-943c-4b28-bcc9-c4b7ce6c7178.jpg","width":1024,"height":576},{"@type":"BreadcrumbList","@id":"https:\/\/cartasonorademallorca.com\/en\/listing\/la-nit-de-les-dones-inca-2023\/#breadcrumb","itemListElement":[{"@type":"ListItem","position":1,"name":"Portada","item":"https:\/\/cartasonorademallorca.com\/en\/"},{"@type":"ListItem","position":2,"name":"Llistats","item":"https:\/\/cartasonorademallorca.com\/en\/arxiu\/"},{"@type":"ListItem","position":3,"name":"&#8216;La Nit de les Dones&#8217;, Inca, 2023."}]},{"@type":"WebSite","@id":"https:\/\/cartasonorademallorca.com\/en\/#website","url":"https:\/\/cartasonorademallorca.com\/en\/","name":"Carta Sonora de Mallorca","description":"","potentialAction":[{"@type":"SearchAction","target":{"@type":"EntryPoint","urlTemplate":"https:\/\/cartasonorademallorca.com\/en\/?s={search_term_string}"},"query-input":{"@type":"PropertyValueSpecification","valueRequired":true,"valueName":"search_term_string"}}],"inLanguage":"en-US"}]}},"_links":{"self":[{"href":"https:\/\/cartasonorademallorca.com\/en\/wp-json\/wp\/v2\/listing\/3332","targetHints":{"allow":["GET"]}}],"collection":[{"href":"https:\/\/cartasonorademallorca.com\/en\/wp-json\/wp\/v2\/listing"}],"about":[{"href":"https:\/\/cartasonorademallorca.com\/en\/wp-json\/wp\/v2\/types\/listing"}],"replies":[{"embeddable":true,"href":"https:\/\/cartasonorademallorca.com\/en\/wp-json\/wp\/v2\/comments?post=3332"}],"wp:featuredmedia":[{"embeddable":true,"href":"https:\/\/cartasonorademallorca.com\/en\/wp-json\/wp\/v2\/media\/3318"}],"wp:attachment":[{"href":"https:\/\/cartasonorademallorca.com\/en\/wp-json\/wp\/v2\/media?parent=3332"}],"wp:term":[{"taxonomy":"post_tag","embeddable":true,"href":"https:\/\/cartasonorademallorca.com\/en\/wp-json\/wp\/v2\/tags?post=3332"},{"taxonomy":"listing_category","embeddable":true,"href":"https:\/\/cartasonorademallorca.com\/en\/wp-json\/wp\/v2\/listing_category?post=3332"},{"taxonomy":"listing_location","embeddable":true,"href":"https:\/\/cartasonorademallorca.com\/en\/wp-json\/wp\/v2\/listing_location?post=3332"},{"taxonomy":"listing_feature","embeddable":true,"href":"https:\/\/cartasonorademallorca.com\/en\/wp-json\/wp\/v2\/listing_feature?post=3332"}],"curies":[{"name":"wp","href":"https:\/\/api.w.org\/{rel}","templated":true}]}}

<p>El dijous 9 de març de 2023 va tenir lloc al Teatre Principal d&#8217;Inca un acte institucional i polític amb el títol de &#8216;La Nit de les Dones&#8217;. Aquest esdeveniment, que commemorava el dia de la dona treballadora, va començar a  les 18:30 amb la intervenció de les glosadores Cati Eva Canyelles i Alícia Olivares. Després s&#8217;hi varen dur a terme el lliurament de premis que otorga l&#8217;Institut Balear de la Dona a vuit dones que han destacat pel seu treball per la igualtat. Hi varen ser presents la presidenta del Govern de les Illes Balears, Francina Armengol, la consellera de Presidència, Funció Pública i Igualtat, Mercedes Garrido, el batle d&#8217;Inca, Virgilio Moreno, la directora de l&#8217;IBDONA, Maria Duran i la consellera d&#8217;Agricultura, Pesca i Alimentació, Mae de la Concha.</p>
<p>Tampoc es va deixar de banda el paper important de les dones en l&#8217;àmbit artístic-musical amb les actuacions finals de la cantant mallorquina Júlia Colom i el duo format per la cantant catalana Elena Gadel i la guitarrista sevillana Marta Robles.<a href="https://cartasonorademallorca.com/wp-content/uploads/2023/04/IMG_2147.heic"><img decoding="async" class="alignnone size-full wp-image-3284" src="https://cartasonorademallorca.com/wp-content/uploads/2023/04/IMG_2147.heic" alt="" /></a><img decoding="async" class="alignnone size-full wp-image-3284" src="https://cartasonorademallorca.com/wp-content/uploads/2023/04/IMG_2147.heic" alt="" /></p>
<p><a href="https://www.youtube.com/watch?v=y8Mk2nPPxZo"><img fetchpriority="high" decoding="async" class="alignnone size-medium wp-image-3317 aligncenter" src="https://cartasonorademallorca.com/wp-content/uploads/2023/04/be7409b4-943c-4b28-bcc9-c4b7ce6c7178-300x169.jpg" alt="" width="300" height="169" srcset="https://cartasonorademallorca.com/wp-content/uploads/2023/04/be7409b4-943c-4b28-bcc9-c4b7ce6c7178-300x169.jpg 300w, https://cartasonorademallorca.com/wp-content/uploads/2023/04/be7409b4-943c-4b28-bcc9-c4b7ce6c7178-768x432.jpg 768w, https://cartasonorademallorca.com/wp-content/uploads/2023/04/be7409b4-943c-4b28-bcc9-c4b7ce6c7178.jpg 1024w" sizes="(max-width: 300px) 100vw, 300px" /></a></p>
<p>Segons indica la notícia del diari Última Hora, l&#8217;objectiu principal d&#8217;acte acte institucional i commemoratiu era:</p>
<blockquote><p>«reconocer a personalidades, entidades y colectivos que destacan por su lucha por la igualdad»</p></blockquote>

<!-- This site is optimized with the Yoast SEO plugin v27.4 - https://yoast.com/product/yoast-seo-wordpress/ -->
<title>&#039;La Nit de les Dones&#039;, Inca, 2023. - Carta Sonora de Mallorca</title>
<meta name="robots" content="index, follow, max-snippet:-1, max-image-preview:large, max-video-preview:-1" />
<link rel="canonical" href="https://cartasonorademallorca.com/en/listing/la-nit-de-les-dones-inca-2023/" />
<meta property="og:locale" content="en_US" />
<meta property="og:type" content="article" />
<meta property="og:title" content="&#039;La Nit de les Dones&#039;, Inca, 2023. - Carta Sonora de Mallorca" />
<meta property="og:description" content="El dijous 9 de març de 2023 va tenir lloc al Teatre Principal d&#8217;Inca un acte institucional i polític amb el títol de &#8216;La Nit de les Dones&#8217;. Aquest esdeveniment, que commemorava el dia de la dona treballadora, va començar a  les 18:30 amb la intervenció de les glosadores Cati Eva Canyelles i Alícia Olivares. Després [&hellip;]" />
<meta property="og:url" content="https://cartasonorademallorca.com/en/listing/la-nit-de-les-dones-inca-2023/" />
<meta property="og:site_name" content="Carta Sonora de Mallorca" />
<meta property="article:modified_time" content="2023-05-02T07:13:05+00:00" />
<meta property="og:image" content="https://cartasonorademallorca.com/wp-content/uploads/2023/04/be7409b4-943c-4b28-bcc9-c4b7ce6c7178.jpg" />
	<meta property="og:image:width" content="1024" />
	<meta property="og:image:height" content="576" />
	<meta property="og:image:type" content="image/jpeg" />
<meta name="twitter:card" content="summary_large_image" />
<meta name="twitter:label1" content="Est. reading time" />
	<meta name="twitter:data1" content="2 minutes" />
<script type="application/ld+json" class="yoast-schema-graph">{"@context":"https:\/\/schema.org","@graph":[{"@type":"WebPage","@id":"https:\/\/cartasonorademallorca.com\/en\/listing\/la-nit-de-les-dones-inca-2023\/","url":"https:\/\/cartasonorademallorca.com\/en\/listing\/la-nit-de-les-dones-inca-2023\/","name":"'La Nit de les Dones', Inca, 2023. - Carta Sonora de Mallorca","isPartOf":{"@id":"https:\/\/cartasonorademallorca.com\/en\/#website"},"primaryImageOfPage":{"@id":"https:\/\/cartasonorademallorca.com\/en\/listing\/la-nit-de-les-dones-inca-2023\/#primaryimage"},"image":{"@id":"https:\/\/cartasonorademallorca.com\/en\/listing\/la-nit-de-les-dones-inca-2023\/#primaryimage"},"thumbnailUrl":"https:\/\/cartasonorademallorca.com\/wp-content\/uploads\/2023\/04\/be7409b4-943c-4b28-bcc9-c4b7ce6c7178.jpg","datePublished":"2023-04-16T21:18:30+00:00","dateModified":"2023-05-02T07:13:05+00:00","breadcrumb":{"@id":"https:\/\/cartasonorademallorca.com\/en\/listing\/la-nit-de-les-dones-inca-2023\/#breadcrumb"},"inLanguage":"en-US","potentialAction":[{"@type":"ReadAction","target":["https:\/\/cartasonorademallorca.com\/en\/listing\/la-nit-de-les-dones-inca-2023\/"]}]},{"@type":"ImageObject","inLanguage":"en-US","@id":"https:\/\/cartasonorademallorca.com\/en\/listing\/la-nit-de-les-dones-inca-2023\/#primaryimage","url":"https:\/\/cartasonorademallorca.com\/wp-content\/uploads\/2023\/04\/be7409b4-943c-4b28-bcc9-c4b7ce6c7178.jpg","contentUrl":"https:\/\/cartasonorademallorca.com\/wp-content\/uploads\/2023\/04\/be7409b4-943c-4b28-bcc9-c4b7ce6c7178.jpg","width":1024,"height":576},{"@type":"BreadcrumbList","@id":"https:\/\/cartasonorademallorca.com\/en\/listing\/la-nit-de-les-dones-inca-2023\/#breadcrumb","itemListElement":[{"@type":"ListItem","position":1,"name":"Portada","item":"https:\/\/cartasonorademallorca.com\/en\/"},{"@type":"ListItem","position":2,"name":"Llistats","item":"https:\/\/cartasonorademallorca.com\/en\/arxiu\/"},{"@type":"ListItem","position":3,"name":"&#8216;La Nit de les Dones&#8217;, Inca, 2023."}]},{"@type":"WebSite","@id":"https:\/\/cartasonorademallorca.com\/en\/#website","url":"https:\/\/cartasonorademallorca.com\/en\/","name":"Carta Sonora de Mallorca","description":"","potentialAction":[{"@type":"SearchAction","target":{"@type":"EntryPoint","urlTemplate":"https:\/\/cartasonorademallorca.com\/en\/?s={search_term_string}"},"query-input":{"@type":"PropertyValueSpecification","valueRequired":true,"valueName":"search_term_string"}}],"inLanguage":"en-US"}]}</script>
<!-- / Yoast SEO plugin. -->

El dijous 9 de març de 2023 va tenir lloc al Teatre Principal d&#8217;Inca un acte institucional i polític amb el títol de &#8216;La Nit de les Dones&#8217;. Aquest esdeveniment, que commemorava el dia de la dona treballadora, va començar a  les 18:30 amb la intervenció de les glosadores Cati Eva Canyelles i Alícia Olivares. Després [&hellip;]
