{"id":3350,"date":"2023-05-08T07:34:54","date_gmt":"2023-05-08T07:34:54","guid":{"rendered":"https:\/\/cartasonorademallorca.com\/listing\/vinguda-de-joseph-acuna-y-castells\/"},"modified":"2023-05-31T08:25:45","modified_gmt":"2023-05-31T08:25:45","slug":"vinguda-de-joseph-acuna-y-castells","status":"publish","type":"listing","link":"https:\/\/cartasonorademallorca.com\/en\/listing\/vinguda-de-joseph-acuna-y-castells\/","title":{"rendered":"Vinguda de Joseph Acu\u00f1a y Castells"},"content":{"rendered":"<p>El Diario de Mallorca del divendres vint-i-nou de maig de 1812 deia:<\/p>\n<blockquote><p>Se halla en esta ciudad el profesor de m\u00fasica Joseph Acu\u00f1a y Castelli, tenor de la yglesia colegial de X\u00e1tiva en el Reyno de Valencia: los elogios que ha merecido este art\u00edsta en los papeles p\u00fablicos de las principales capitales de Espa\u00f1a por donde ha viajado dando conciertos, dan fundados motivos para no dudar de su m\u00e9rito: la persona que guste recibirle por maestro dexar\u00e1 razon en la libreria de Miguel Domingo, calle de la Capeler\u00eda. Nota: dar\u00e1 lecci\u00f3n gratis en su propia casa a los hijos de padres pobres que teniendo disposici\u00f3n para aprender quieran seguir la carrera de la m\u00fasica.<\/p><\/blockquote>\n<p>En paraules semblants el mateix dia el Diario de Palma anuncia l&#8217;arribada del valenci\u00e0. (Diario de Palma, nu\u0301m. 150, 29.05.1812, p. 644, cit. en Esteve Vaquer, 2016, IV, p. 70).<\/p>\n<div class=\"page\" title=\"Page 22\">\n<div class=\"layoutArea\">\n<div class=\"column\">\n<blockquote><p>Se halla en esta ciudad el profesor de mu\u0301sica D. Josef Acun\u0303a y Castelli57, tenor de la iglesia colegial de Xa\u0301tiva en el Reyno de Valencia: los elogios que ha merecido este artista en los papeles pu\u0301blicos de las principales capitales de Espan\u0303a por donde a viajado dando conciertos, dan fundados motivos para no dudar de su me\u0301rito: la persona que guste recibirle por maestro dexara\u0301 razo\u0301n en la libreri\u0301a de Miguel Domingo, calle de la Capeleri\u0301a. Nota: dara\u0301 leccio\u0301n gratis en su propia casa a\u0301 los hijos de padres pobres que teniendo disposicio\u0301n para aprender quieran seguir la carrera de la mu\u0301sica<\/p><\/blockquote>\n<\/div>\n<\/div>\n<\/div>\n<p>Josep Acu\u00f1a Castells \u2013els dos diaris mallorquins cometen una errada en el seu llinatge\u2013, va arribar a Mallorca fugint, com tants altres, de l&#8217;ocupaci\u00f3 francesa de Val\u00e8ncia. Nascut el 1778 a X\u00e0tiva, havia fet carrera des dels inicis del s. XIX com a tenor a Madrid i Valladolid. A les dues noticies period\u00edstiques referents a la seva arribada a l&#8217;illa, Acu\u00f1a afirma ser tenor de la Col\u00b7legiata de X\u00e0tiva. Les actes d&#8217;aquesta col\u00b7legiata, revisades per Guaita Gabaldon (2022), no esmenten la pertinen\u00e7a d&#8217;Acu\u00f1a a aquesta instituci\u00f3 per\u00f2, tal i com diu Garcia (2016, 74-82), podria tractar-se d&#8217;una contractaci\u00f3 per part de les autoritats civils que no quedaria registrada a les actes de la col\u00b7legiata.<\/p>\n<p>L&#8217;estan\u00e7a d&#8217;Acu\u00f1a a Mallorca va ser auspiciada pel llibrer Miguel Domino, de tend\u00e8ncies liberals i redactor del diari Aurora Patri\u00f3tica. L&#8217;arribada d&#8217;Acu\u00f1a va ser en certa manera pol\u00e8mica, ja que va preparar dos concerts a benefici dels presos liberals.<\/p>\n","protected":false},"featured_media":1993,"comment_status":"open","ping_status":"open","template":"","tags":[1299,1104,1119],"listing_category":[390],"listing_location":[2031,429],"listing_feature":[28,59,157,1586,1272],"class_list":["post-3350","listing","type-listing","status-publish","has-post-thumbnail","hentry","tag-premsa-en","tag-professor-de-cant-en","tag-turisme-en","custom_tags_1-jose-acuna-castells-en","custom_tags_1-josepf-acuna-y-castells-en","custom_tags_1-miguel-domingo-llibreter-en","listing_category-text-en","listing_location-c-sindicat-en","listing_location-palma-en","listing_feature-ambit-profa","listing_feature-ambit-public","listing_feature-documentacio-musics","listing_feature-educacio","listing_feature-publicitat"],"acf":[],"yoast_head":"<!-- This site is optimized with the Yoast SEO plugin v27.4 - https:\/\/yoast.com\/product\/yoast-seo-wordpress\/ -->\n<title>Vinguda de Joseph Acu\u00f1a y Castells - Carta Sonora de Mallorca<\/title>\n<meta name=\"robots\" content=\"index, follow, max-snippet:-1, max-image-preview:large, max-video-preview:-1\" \/>\n<link rel=\"canonical\" href=\"https:\/\/cartasonorademallorca.com\/en\/listing\/vinguda-de-joseph-acuna-y-castells\/\" \/>\n<meta property=\"og:locale\" content=\"en_US\" \/>\n<meta property=\"og:type\" content=\"article\" \/>\n<meta property=\"og:title\" content=\"Vinguda de Joseph Acu\u00f1a y Castells - Carta Sonora de Mallorca\" \/>\n<meta property=\"og:description\" content=\"El Diario de Mallorca del divendres vint-i-nou de maig de 1812 deia: Se halla en esta ciudad el profesor de m\u00fasica Joseph Acu\u00f1a y Castelli, tenor de la yglesia colegial de X\u00e1tiva en el Reyno de Valencia: los elogios que ha merecido este art\u00edsta en los papeles p\u00fablicos de las principales capitales de Espa\u00f1a por [&hellip;]\" \/>\n<meta property=\"og:url\" content=\"https:\/\/cartasonorademallorca.com\/en\/listing\/vinguda-de-joseph-acuna-y-castells\/\" \/>\n<meta property=\"og:site_name\" content=\"Carta Sonora de Mallorca\" \/>\n<meta property=\"article:modified_time\" content=\"2023-05-31T08:25:45+00:00\" \/>\n<meta property=\"og:image\" content=\"https:\/\/cartasonorademallorca.com\/wp-content\/uploads\/2022\/08\/empty-1-1.jpg\" \/>\n\t<meta property=\"og:image:width\" content=\"400\" \/>\n\t<meta property=\"og:image:height\" content=\"234\" \/>\n\t<meta property=\"og:image:type\" content=\"image\/jpeg\" \/>\n<meta name=\"twitter:card\" content=\"summary_large_image\" \/>\n<meta name=\"twitter:label1\" content=\"Est. reading time\" \/>\n\t<meta name=\"twitter:data1\" content=\"3 minutes\" \/>\n<script type=\"application\/ld+json\" class=\"yoast-schema-graph\">{\"@context\":\"https:\\\/\\\/schema.org\",\"@graph\":[{\"@type\":\"WebPage\",\"@id\":\"https:\\\/\\\/cartasonorademallorca.com\\\/en\\\/listing\\\/vinguda-de-joseph-acuna-y-castells\\\/\",\"url\":\"https:\\\/\\\/cartasonorademallorca.com\\\/en\\\/listing\\\/vinguda-de-joseph-acuna-y-castells\\\/\",\"name\":\"Vinguda de Joseph Acu\u00f1a y Castells - Carta Sonora de Mallorca\",\"isPartOf\":{\"@id\":\"https:\\\/\\\/cartasonorademallorca.com\\\/en\\\/#website\"},\"primaryImageOfPage\":{\"@id\":\"https:\\\/\\\/cartasonorademallorca.com\\\/en\\\/listing\\\/vinguda-de-joseph-acuna-y-castells\\\/#primaryimage\"},\"image\":{\"@id\":\"https:\\\/\\\/cartasonorademallorca.com\\\/en\\\/listing\\\/vinguda-de-joseph-acuna-y-castells\\\/#primaryimage\"},\"thumbnailUrl\":\"https:\\\/\\\/cartasonorademallorca.com\\\/wp-content\\\/uploads\\\/2022\\\/08\\\/empty-1-1.jpg\",\"datePublished\":\"2023-05-08T07:34:54+00:00\",\"dateModified\":\"2023-05-31T08:25:45+00:00\",\"breadcrumb\":{\"@id\":\"https:\\\/\\\/cartasonorademallorca.com\\\/en\\\/listing\\\/vinguda-de-joseph-acuna-y-castells\\\/#breadcrumb\"},\"inLanguage\":\"en-US\",\"potentialAction\":[{\"@type\":\"ReadAction\",\"target\":[\"https:\\\/\\\/cartasonorademallorca.com\\\/en\\\/listing\\\/vinguda-de-joseph-acuna-y-castells\\\/\"]}]},{\"@type\":\"ImageObject\",\"inLanguage\":\"en-US\",\"@id\":\"https:\\\/\\\/cartasonorademallorca.com\\\/en\\\/listing\\\/vinguda-de-joseph-acuna-y-castells\\\/#primaryimage\",\"url\":\"https:\\\/\\\/cartasonorademallorca.com\\\/wp-content\\\/uploads\\\/2022\\\/08\\\/empty-1-1.jpg\",\"contentUrl\":\"https:\\\/\\\/cartasonorademallorca.com\\\/wp-content\\\/uploads\\\/2022\\\/08\\\/empty-1-1.jpg\",\"width\":400,\"height\":234},{\"@type\":\"BreadcrumbList\",\"@id\":\"https:\\\/\\\/cartasonorademallorca.com\\\/en\\\/listing\\\/vinguda-de-joseph-acuna-y-castells\\\/#breadcrumb\",\"itemListElement\":[{\"@type\":\"ListItem\",\"position\":1,\"name\":\"Portada\",\"item\":\"https:\\\/\\\/cartasonorademallorca.com\\\/en\\\/\"},{\"@type\":\"ListItem\",\"position\":2,\"name\":\"Llistats\",\"item\":\"https:\\\/\\\/cartasonorademallorca.com\\\/en\\\/arxiu\\\/\"},{\"@type\":\"ListItem\",\"position\":3,\"name\":\"Vinguda de Joseph Acu\u00f1a y Castells\"}]},{\"@type\":\"WebSite\",\"@id\":\"https:\\\/\\\/cartasonorademallorca.com\\\/en\\\/#website\",\"url\":\"https:\\\/\\\/cartasonorademallorca.com\\\/en\\\/\",\"name\":\"Carta Sonora de Mallorca\",\"description\":\"\",\"potentialAction\":[{\"@type\":\"SearchAction\",\"target\":{\"@type\":\"EntryPoint\",\"urlTemplate\":\"https:\\\/\\\/cartasonorademallorca.com\\\/en\\\/?s={search_term_string}\"},\"query-input\":{\"@type\":\"PropertyValueSpecification\",\"valueRequired\":true,\"valueName\":\"search_term_string\"}}],\"inLanguage\":\"en-US\"}]}<\/script>\n<!-- \/ Yoast SEO plugin. -->","yoast_head_json":{"title":"Vinguda de Joseph Acu\u00f1a y Castells - Carta Sonora de Mallorca","robots":{"index":"index","follow":"follow","max-snippet":"max-snippet:-1","max-image-preview":"max-image-preview:large","max-video-preview":"max-video-preview:-1"},"canonical":"https:\/\/cartasonorademallorca.com\/en\/listing\/vinguda-de-joseph-acuna-y-castells\/","og_locale":"en_US","og_type":"article","og_title":"Vinguda de Joseph Acu\u00f1a y Castells - Carta Sonora de Mallorca","og_description":"El Diario de Mallorca del divendres vint-i-nou de maig de 1812 deia: Se halla en esta ciudad el profesor de m\u00fasica Joseph Acu\u00f1a y Castelli, tenor de la yglesia colegial de X\u00e1tiva en el Reyno de Valencia: los elogios que ha merecido este art\u00edsta en los papeles p\u00fablicos de las principales capitales de Espa\u00f1a por [&hellip;]","og_url":"https:\/\/cartasonorademallorca.com\/en\/listing\/vinguda-de-joseph-acuna-y-castells\/","og_site_name":"Carta Sonora de Mallorca","article_modified_time":"2023-05-31T08:25:45+00:00","og_image":[{"width":400,"height":234,"url":"https:\/\/cartasonorademallorca.com\/wp-content\/uploads\/2022\/08\/empty-1-1.jpg","type":"image\/jpeg"}],"twitter_card":"summary_large_image","twitter_misc":{"Est. reading time":"3 minutes"},"schema":{"@context":"https:\/\/schema.org","@graph":[{"@type":"WebPage","@id":"https:\/\/cartasonorademallorca.com\/en\/listing\/vinguda-de-joseph-acuna-y-castells\/","url":"https:\/\/cartasonorademallorca.com\/en\/listing\/vinguda-de-joseph-acuna-y-castells\/","name":"Vinguda de Joseph Acu\u00f1a y Castells - Carta Sonora de Mallorca","isPartOf":{"@id":"https:\/\/cartasonorademallorca.com\/en\/#website"},"primaryImageOfPage":{"@id":"https:\/\/cartasonorademallorca.com\/en\/listing\/vinguda-de-joseph-acuna-y-castells\/#primaryimage"},"image":{"@id":"https:\/\/cartasonorademallorca.com\/en\/listing\/vinguda-de-joseph-acuna-y-castells\/#primaryimage"},"thumbnailUrl":"https:\/\/cartasonorademallorca.com\/wp-content\/uploads\/2022\/08\/empty-1-1.jpg","datePublished":"2023-05-08T07:34:54+00:00","dateModified":"2023-05-31T08:25:45+00:00","breadcrumb":{"@id":"https:\/\/cartasonorademallorca.com\/en\/listing\/vinguda-de-joseph-acuna-y-castells\/#breadcrumb"},"inLanguage":"en-US","potentialAction":[{"@type":"ReadAction","target":["https:\/\/cartasonorademallorca.com\/en\/listing\/vinguda-de-joseph-acuna-y-castells\/"]}]},{"@type":"ImageObject","inLanguage":"en-US","@id":"https:\/\/cartasonorademallorca.com\/en\/listing\/vinguda-de-joseph-acuna-y-castells\/#primaryimage","url":"https:\/\/cartasonorademallorca.com\/wp-content\/uploads\/2022\/08\/empty-1-1.jpg","contentUrl":"https:\/\/cartasonorademallorca.com\/wp-content\/uploads\/2022\/08\/empty-1-1.jpg","width":400,"height":234},{"@type":"BreadcrumbList","@id":"https:\/\/cartasonorademallorca.com\/en\/listing\/vinguda-de-joseph-acuna-y-castells\/#breadcrumb","itemListElement":[{"@type":"ListItem","position":1,"name":"Portada","item":"https:\/\/cartasonorademallorca.com\/en\/"},{"@type":"ListItem","position":2,"name":"Llistats","item":"https:\/\/cartasonorademallorca.com\/en\/arxiu\/"},{"@type":"ListItem","position":3,"name":"Vinguda de Joseph Acu\u00f1a y Castells"}]},{"@type":"WebSite","@id":"https:\/\/cartasonorademallorca.com\/en\/#website","url":"https:\/\/cartasonorademallorca.com\/en\/","name":"Carta Sonora de Mallorca","description":"","potentialAction":[{"@type":"SearchAction","target":{"@type":"EntryPoint","urlTemplate":"https:\/\/cartasonorademallorca.com\/en\/?s={search_term_string}"},"query-input":{"@type":"PropertyValueSpecification","valueRequired":true,"valueName":"search_term_string"}}],"inLanguage":"en-US"}]}},"_links":{"self":[{"href":"https:\/\/cartasonorademallorca.com\/en\/wp-json\/wp\/v2\/listing\/3350","targetHints":{"allow":["GET"]}}],"collection":[{"href":"https:\/\/cartasonorademallorca.com\/en\/wp-json\/wp\/v2\/listing"}],"about":[{"href":"https:\/\/cartasonorademallorca.com\/en\/wp-json\/wp\/v2\/types\/listing"}],"replies":[{"embeddable":true,"href":"https:\/\/cartasonorademallorca.com\/en\/wp-json\/wp\/v2\/comments?post=3350"}],"wp:featuredmedia":[{"embeddable":true,"href":"https:\/\/cartasonorademallorca.com\/en\/wp-json\/wp\/v2\/media\/1993"}],"wp:attachment":[{"href":"https:\/\/cartasonorademallorca.com\/en\/wp-json\/wp\/v2\/media?parent=3350"}],"wp:term":[{"taxonomy":"post_tag","embeddable":true,"href":"https:\/\/cartasonorademallorca.com\/en\/wp-json\/wp\/v2\/tags?post=3350"},{"taxonomy":"listing_category","embeddable":true,"href":"https:\/\/cartasonorademallorca.com\/en\/wp-json\/wp\/v2\/listing_category?post=3350"},{"taxonomy":"listing_location","embeddable":true,"href":"https:\/\/cartasonorademallorca.com\/en\/wp-json\/wp\/v2\/listing_location?post=3350"},{"taxonomy":"listing_feature","embeddable":true,"href":"https:\/\/cartasonorademallorca.com\/en\/wp-json\/wp\/v2\/listing_feature?post=3350"}],"curies":[{"name":"wp","href":"https:\/\/api.w.org\/{rel}","templated":true}]}}

Vinguda de Joseph Acuña y Castells

<p>El Diario de Mallorca del divendres vint-i-nou de maig de 1812 deia:</p>
<blockquote><p>Se halla en esta ciudad el profesor de música Joseph Acuña y Castelli, tenor de la yglesia colegial de Xátiva en el Reyno de Valencia: los elogios que ha merecido este artísta en los papeles públicos de las principales capitales de España por donde ha viajado dando conciertos, dan fundados motivos para no dudar de su mérito: la persona que guste recibirle por maestro dexará razon en la libreria de Miguel Domingo, calle de la Capelería. Nota: dará lección gratis en su propia casa a los hijos de padres pobres que teniendo disposición para aprender quieran seguir la carrera de la música.</p></blockquote>
<p>En paraules semblants el mateix dia el Diario de Palma anuncia l&#8217;arribada del valencià. (Diario de Palma, núm. 150, 29.05.1812, p. 644, cit. en Esteve Vaquer, 2016, IV, p. 70).</p>
<div class="page" title="Page 22">
<div class="layoutArea">
<div class="column">
<blockquote><p>Se halla en esta ciudad el profesor de música D. Josef Acuña y Castelli57, tenor de la iglesia colegial de Xátiva en el Reyno de Valencia: los elogios que ha merecido este artista en los papeles públicos de las principales capitales de España por donde a viajado dando conciertos, dan fundados motivos para no dudar de su mérito: la persona que guste recibirle por maestro dexará razón en la librería de Miguel Domingo, calle de la Capelería. Nota: dará lección gratis en su propia casa á los hijos de padres pobres que teniendo disposición para aprender quieran seguir la carrera de la música</p></blockquote>
</div>
</div>
</div>
<p>Josep Acuña Castells –els dos diaris mallorquins cometen una errada en el seu llinatge–, va arribar a Mallorca fugint, com tants altres, de l&#8217;ocupació francesa de València. Nascut el 1778 a Xàtiva, havia fet carrera des dels inicis del s. XIX com a tenor a Madrid i Valladolid. A les dues noticies periodístiques referents a la seva arribada a l&#8217;illa, Acuña afirma ser tenor de la Col·legiata de Xàtiva. Les actes d&#8217;aquesta col·legiata, revisades per Guaita Gabaldon (2022), no esmenten la pertinença d&#8217;Acuña a aquesta institució però, tal i com diu Garcia (2016, 74-82), podria tractar-se d&#8217;una contractació per part de les autoritats civils que no quedaria registrada a les actes de la col·legiata.</p>
<p>L&#8217;estança d&#8217;Acuña a Mallorca va ser auspiciada pel llibrer Miguel Domino, de tendències liberals i redactor del diari Aurora Patriótica. L&#8217;arribada d&#8217;Acuña va ser en certa manera polèmica, ja que va preparar dos concerts a benefici dels presos liberals.</p>

<!-- This site is optimized with the Yoast SEO plugin v27.4 - https://yoast.com/product/yoast-seo-wordpress/ -->
<title>Vinguda de Joseph Acuña y Castells - Carta Sonora de Mallorca</title>
<meta name="robots" content="index, follow, max-snippet:-1, max-image-preview:large, max-video-preview:-1" />
<link rel="canonical" href="https://cartasonorademallorca.com/en/listing/vinguda-de-joseph-acuna-y-castells/" />
<meta property="og:locale" content="en_US" />
<meta property="og:type" content="article" />
<meta property="og:title" content="Vinguda de Joseph Acuña y Castells - Carta Sonora de Mallorca" />
<meta property="og:description" content="El Diario de Mallorca del divendres vint-i-nou de maig de 1812 deia: Se halla en esta ciudad el profesor de música Joseph Acuña y Castelli, tenor de la yglesia colegial de Xátiva en el Reyno de Valencia: los elogios que ha merecido este artísta en los papeles públicos de las principales capitales de España por [&hellip;]" />
<meta property="og:url" content="https://cartasonorademallorca.com/en/listing/vinguda-de-joseph-acuna-y-castells/" />
<meta property="og:site_name" content="Carta Sonora de Mallorca" />
<meta property="article:modified_time" content="2023-05-31T08:25:45+00:00" />
<meta property="og:image" content="https://cartasonorademallorca.com/wp-content/uploads/2022/08/empty-1-1.jpg" />
	<meta property="og:image:width" content="400" />
	<meta property="og:image:height" content="234" />
	<meta property="og:image:type" content="image/jpeg" />
<meta name="twitter:card" content="summary_large_image" />
<meta name="twitter:label1" content="Est. reading time" />
	<meta name="twitter:data1" content="3 minutes" />
<script type="application/ld+json" class="yoast-schema-graph">{"@context":"https:\/\/schema.org","@graph":[{"@type":"WebPage","@id":"https:\/\/cartasonorademallorca.com\/en\/listing\/vinguda-de-joseph-acuna-y-castells\/","url":"https:\/\/cartasonorademallorca.com\/en\/listing\/vinguda-de-joseph-acuna-y-castells\/","name":"Vinguda de Joseph Acuña y Castells - Carta Sonora de Mallorca","isPartOf":{"@id":"https:\/\/cartasonorademallorca.com\/en\/#website"},"primaryImageOfPage":{"@id":"https:\/\/cartasonorademallorca.com\/en\/listing\/vinguda-de-joseph-acuna-y-castells\/#primaryimage"},"image":{"@id":"https:\/\/cartasonorademallorca.com\/en\/listing\/vinguda-de-joseph-acuna-y-castells\/#primaryimage"},"thumbnailUrl":"https:\/\/cartasonorademallorca.com\/wp-content\/uploads\/2022\/08\/empty-1-1.jpg","datePublished":"2023-05-08T07:34:54+00:00","dateModified":"2023-05-31T08:25:45+00:00","breadcrumb":{"@id":"https:\/\/cartasonorademallorca.com\/en\/listing\/vinguda-de-joseph-acuna-y-castells\/#breadcrumb"},"inLanguage":"en-US","potentialAction":[{"@type":"ReadAction","target":["https:\/\/cartasonorademallorca.com\/en\/listing\/vinguda-de-joseph-acuna-y-castells\/"]}]},{"@type":"ImageObject","inLanguage":"en-US","@id":"https:\/\/cartasonorademallorca.com\/en\/listing\/vinguda-de-joseph-acuna-y-castells\/#primaryimage","url":"https:\/\/cartasonorademallorca.com\/wp-content\/uploads\/2022\/08\/empty-1-1.jpg","contentUrl":"https:\/\/cartasonorademallorca.com\/wp-content\/uploads\/2022\/08\/empty-1-1.jpg","width":400,"height":234},{"@type":"BreadcrumbList","@id":"https:\/\/cartasonorademallorca.com\/en\/listing\/vinguda-de-joseph-acuna-y-castells\/#breadcrumb","itemListElement":[{"@type":"ListItem","position":1,"name":"Portada","item":"https:\/\/cartasonorademallorca.com\/en\/"},{"@type":"ListItem","position":2,"name":"Llistats","item":"https:\/\/cartasonorademallorca.com\/en\/arxiu\/"},{"@type":"ListItem","position":3,"name":"Vinguda de Joseph Acuña y Castells"}]},{"@type":"WebSite","@id":"https:\/\/cartasonorademallorca.com\/en\/#website","url":"https:\/\/cartasonorademallorca.com\/en\/","name":"Carta Sonora de Mallorca","description":"","potentialAction":[{"@type":"SearchAction","target":{"@type":"EntryPoint","urlTemplate":"https:\/\/cartasonorademallorca.com\/en\/?s={search_term_string}"},"query-input":{"@type":"PropertyValueSpecification","valueRequired":true,"valueName":"search_term_string"}}],"inLanguage":"en-US"}]}</script>
<!-- / Yoast SEO plugin. -->

Vinguda de Joseph Acuña y Castells - Carta Sonora de Mallorca

El Diario de Mallorca del divendres vint-i-nou de maig de 1812 deia: Se halla en esta ciudad el profesor de música Joseph Acuña y Castelli, tenor de la yglesia colegial de Xátiva en el Reyno de Valencia: los elogios que ha merecido este artísta en los papeles públicos de las principales capitales de España por [&hellip;]
