{"id":3377,"date":"2023-05-10T14:32:52","date_gmt":"2023-05-10T14:32:52","guid":{"rendered":"https:\/\/cartasonorademallorca.com\/?post_type=listing&#038;p=3377"},"modified":"2023-05-25T08:10:50","modified_gmt":"2023-05-25T08:10:50","slug":"sa-mostra-internacional-folklorica-de-soller","status":"publish","type":"listing","link":"https:\/\/cartasonorademallorca.com\/en\/listing\/sa-mostra-internacional-folklorica-de-soller\/","title":{"rendered":"Sa Mostra Internacional Folkl\u00f2rica de S\u00f3ller"},"content":{"rendered":"<p style=\"text-align: left\"><em>Sa Mostra Internacional Folkl\u00f2rica de S\u00f3ller<\/em> \u00e9s un espectacle cultural que es celebrava anualment a la vall de S\u00f3ller des del 1980, fundada per l\u2019agrupaci\u00f3 folkl\u00f2rica Aires Sollerics. Guillem Bernat, va ser el promotor d&#8217;aquesta idea i, amb l&#8217;ajuda d&#8217;Esperan\u00e7a Bernat, Catalina Bernat, Margalida Puig i Felip March van posar en marxa el projecte, el qual van presentar a autoritats i empreses hoteleres.<\/p>\n<p style=\"text-align: left\">En aquesta mostra, hi participaven diversos grups d\u2019arreu del m\u00f3n, els quals feien una representaci\u00f3 de la seva m\u00fasica i el seu ball tradicional, de manera que no es tractava d&#8217;un festival competitiu. Aix\u00ed, en aquestes jornades, no nom\u00e9s es duia a terme una mostra del folklore propi de cada pa\u00eds, sin\u00f3 que tamb\u00e9 s\u2019organitzaven tallers per aprendre un dels altres. Aquest intercanvi cultural permetia con\u00e8ixer amb m\u00e9s profunditat les danses i can\u00e7ons d\u2019altres llocs, aix\u00ed com tamb\u00e9 tenir l\u2019experi\u00e8ncia de conviure amb altres cultures i tradicions. <span class=\"Apple-converted-space\">\u00a0<\/span><\/p>\n<p style=\"text-align: left\">Durant els anys 2011 i 2012 es va haver d\u2019interrompre per falta de pressupost, per\u00f2 el 2013 es va poder recuperar i dur a terme la XXXI edici\u00f3, la qual va acabar sent la darrera que es va celebrar.<span class=\"Apple-converted-space\">\u00a0<\/span><\/p>\n","protected":false},"featured_media":3383,"comment_status":"open","ping_status":"open","template":"","tags":[1775,1729,1776,1777,1778,1231,1779,1233,1590,854],"listing_category":[427,428],"listing_location":[859],"listing_feature":[1188,59,1171,1274,1172,125],"class_list":["post-3377","listing","type-listing","status-publish","has-post-thumbnail","hentry","tag-aires-sollerics-en","tag-ball-de-bot-en","tag-cultura-en","tag-danses-del-mon-en","tag-folklore-en","tag-folkloritzacio-en","tag-intercanvi-cultural-en","tag-mostra-en","tag-musica-tradicional-en","tag-soller-en","custom_tags_1-agrupacions-folkloriques-darreu-del-mon-en","custom_tags_1-aires-sollerics-en","listing_category-imatge-en","listing_category-video-en","listing_location-soller-en","listing_feature-acte-social","listing_feature-ambit-public","listing_feature-exhibicio-mostra","listing_feature-festival","listing_feature-folkloritzacio","listing_feature-paisatge-sonor-antropofonia"],"acf":[],"yoast_head":"<!-- This site is optimized with the Yoast SEO plugin v27.4 - https:\/\/yoast.com\/product\/yoast-seo-wordpress\/ -->\n<title>Sa Mostra Internacional Folkl\u00f2rica de S\u00f3ller - Carta Sonora de Mallorca<\/title>\n<meta name=\"robots\" content=\"index, follow, max-snippet:-1, max-image-preview:large, max-video-preview:-1\" \/>\n<link rel=\"canonical\" href=\"https:\/\/cartasonorademallorca.com\/en\/listing\/sa-mostra-internacional-folklorica-de-soller\/\" \/>\n<meta property=\"og:locale\" content=\"en_US\" \/>\n<meta property=\"og:type\" content=\"article\" \/>\n<meta property=\"og:title\" content=\"Sa Mostra Internacional Folkl\u00f2rica de S\u00f3ller - Carta Sonora de Mallorca\" \/>\n<meta property=\"og:description\" content=\"Sa Mostra Internacional Folkl\u00f2rica de S\u00f3ller \u00e9s un espectacle cultural que es celebrava anualment a la vall de S\u00f3ller des del 1980, fundada per l\u2019agrupaci\u00f3 folkl\u00f2rica Aires Sollerics. Guillem Bernat, va ser el promotor d&#8217;aquesta idea i, amb l&#8217;ajuda d&#8217;Esperan\u00e7a Bernat, Catalina Bernat, Margalida Puig i Felip March van posar en marxa el projecte, el [&hellip;]\" \/>\n<meta property=\"og:url\" content=\"https:\/\/cartasonorademallorca.com\/en\/listing\/sa-mostra-internacional-folklorica-de-soller\/\" \/>\n<meta property=\"og:site_name\" content=\"Carta Sonora de Mallorca\" \/>\n<meta property=\"article:modified_time\" content=\"2023-05-25T08:10:50+00:00\" \/>\n<meta property=\"og:image\" content=\"https:\/\/cartasonorademallorca.com\/wp-content\/uploads\/2023\/05\/1.png\" \/>\n\t<meta property=\"og:image:width\" content=\"680\" \/>\n\t<meta property=\"og:image:height\" content=\"724\" \/>\n\t<meta property=\"og:image:type\" content=\"image\/png\" \/>\n<meta name=\"twitter:card\" content=\"summary_large_image\" \/>\n<meta name=\"twitter:label1\" content=\"Est. reading time\" \/>\n\t<meta name=\"twitter:data1\" content=\"2 minutes\" \/>\n<script type=\"application\/ld+json\" class=\"yoast-schema-graph\">{\"@context\":\"https:\\\/\\\/schema.org\",\"@graph\":[{\"@type\":\"WebPage\",\"@id\":\"https:\\\/\\\/cartasonorademallorca.com\\\/en\\\/listing\\\/sa-mostra-internacional-folklorica-de-soller\\\/\",\"url\":\"https:\\\/\\\/cartasonorademallorca.com\\\/en\\\/listing\\\/sa-mostra-internacional-folklorica-de-soller\\\/\",\"name\":\"Sa Mostra Internacional Folkl\u00f2rica de S\u00f3ller - Carta Sonora de Mallorca\",\"isPartOf\":{\"@id\":\"https:\\\/\\\/cartasonorademallorca.com\\\/en\\\/#website\"},\"primaryImageOfPage\":{\"@id\":\"https:\\\/\\\/cartasonorademallorca.com\\\/en\\\/listing\\\/sa-mostra-internacional-folklorica-de-soller\\\/#primaryimage\"},\"image\":{\"@id\":\"https:\\\/\\\/cartasonorademallorca.com\\\/en\\\/listing\\\/sa-mostra-internacional-folklorica-de-soller\\\/#primaryimage\"},\"thumbnailUrl\":\"https:\\\/\\\/cartasonorademallorca.com\\\/wp-content\\\/uploads\\\/2023\\\/05\\\/1.png\",\"datePublished\":\"2023-05-10T14:32:52+00:00\",\"dateModified\":\"2023-05-25T08:10:50+00:00\",\"breadcrumb\":{\"@id\":\"https:\\\/\\\/cartasonorademallorca.com\\\/en\\\/listing\\\/sa-mostra-internacional-folklorica-de-soller\\\/#breadcrumb\"},\"inLanguage\":\"en-US\",\"potentialAction\":[{\"@type\":\"ReadAction\",\"target\":[\"https:\\\/\\\/cartasonorademallorca.com\\\/en\\\/listing\\\/sa-mostra-internacional-folklorica-de-soller\\\/\"]}]},{\"@type\":\"ImageObject\",\"inLanguage\":\"en-US\",\"@id\":\"https:\\\/\\\/cartasonorademallorca.com\\\/en\\\/listing\\\/sa-mostra-internacional-folklorica-de-soller\\\/#primaryimage\",\"url\":\"https:\\\/\\\/cartasonorademallorca.com\\\/wp-content\\\/uploads\\\/2023\\\/05\\\/1.png\",\"contentUrl\":\"https:\\\/\\\/cartasonorademallorca.com\\\/wp-content\\\/uploads\\\/2023\\\/05\\\/1.png\",\"width\":680,\"height\":724},{\"@type\":\"BreadcrumbList\",\"@id\":\"https:\\\/\\\/cartasonorademallorca.com\\\/en\\\/listing\\\/sa-mostra-internacional-folklorica-de-soller\\\/#breadcrumb\",\"itemListElement\":[{\"@type\":\"ListItem\",\"position\":1,\"name\":\"Portada\",\"item\":\"https:\\\/\\\/cartasonorademallorca.com\\\/en\\\/\"},{\"@type\":\"ListItem\",\"position\":2,\"name\":\"Llistats\",\"item\":\"https:\\\/\\\/cartasonorademallorca.com\\\/en\\\/arxiu\\\/\"},{\"@type\":\"ListItem\",\"position\":3,\"name\":\"Sa Mostra Internacional Folkl\u00f2rica de S\u00f3ller\"}]},{\"@type\":\"WebSite\",\"@id\":\"https:\\\/\\\/cartasonorademallorca.com\\\/en\\\/#website\",\"url\":\"https:\\\/\\\/cartasonorademallorca.com\\\/en\\\/\",\"name\":\"Carta Sonora de Mallorca\",\"description\":\"\",\"potentialAction\":[{\"@type\":\"SearchAction\",\"target\":{\"@type\":\"EntryPoint\",\"urlTemplate\":\"https:\\\/\\\/cartasonorademallorca.com\\\/en\\\/?s={search_term_string}\"},\"query-input\":{\"@type\":\"PropertyValueSpecification\",\"valueRequired\":true,\"valueName\":\"search_term_string\"}}],\"inLanguage\":\"en-US\"}]}<\/script>\n<!-- \/ Yoast SEO plugin. -->","yoast_head_json":{"title":"Sa Mostra Internacional Folkl\u00f2rica de S\u00f3ller - Carta Sonora de Mallorca","robots":{"index":"index","follow":"follow","max-snippet":"max-snippet:-1","max-image-preview":"max-image-preview:large","max-video-preview":"max-video-preview:-1"},"canonical":"https:\/\/cartasonorademallorca.com\/en\/listing\/sa-mostra-internacional-folklorica-de-soller\/","og_locale":"en_US","og_type":"article","og_title":"Sa Mostra Internacional Folkl\u00f2rica de S\u00f3ller - Carta Sonora de Mallorca","og_description":"Sa Mostra Internacional Folkl\u00f2rica de S\u00f3ller \u00e9s un espectacle cultural que es celebrava anualment a la vall de S\u00f3ller des del 1980, fundada per l\u2019agrupaci\u00f3 folkl\u00f2rica Aires Sollerics. Guillem Bernat, va ser el promotor d&#8217;aquesta idea i, amb l&#8217;ajuda d&#8217;Esperan\u00e7a Bernat, Catalina Bernat, Margalida Puig i Felip March van posar en marxa el projecte, el [&hellip;]","og_url":"https:\/\/cartasonorademallorca.com\/en\/listing\/sa-mostra-internacional-folklorica-de-soller\/","og_site_name":"Carta Sonora de Mallorca","article_modified_time":"2023-05-25T08:10:50+00:00","og_image":[{"width":680,"height":724,"url":"https:\/\/cartasonorademallorca.com\/wp-content\/uploads\/2023\/05\/1.png","type":"image\/png"}],"twitter_card":"summary_large_image","twitter_misc":{"Est. reading time":"2 minutes"},"schema":{"@context":"https:\/\/schema.org","@graph":[{"@type":"WebPage","@id":"https:\/\/cartasonorademallorca.com\/en\/listing\/sa-mostra-internacional-folklorica-de-soller\/","url":"https:\/\/cartasonorademallorca.com\/en\/listing\/sa-mostra-internacional-folklorica-de-soller\/","name":"Sa Mostra Internacional Folkl\u00f2rica de S\u00f3ller - Carta Sonora de Mallorca","isPartOf":{"@id":"https:\/\/cartasonorademallorca.com\/en\/#website"},"primaryImageOfPage":{"@id":"https:\/\/cartasonorademallorca.com\/en\/listing\/sa-mostra-internacional-folklorica-de-soller\/#primaryimage"},"image":{"@id":"https:\/\/cartasonorademallorca.com\/en\/listing\/sa-mostra-internacional-folklorica-de-soller\/#primaryimage"},"thumbnailUrl":"https:\/\/cartasonorademallorca.com\/wp-content\/uploads\/2023\/05\/1.png","datePublished":"2023-05-10T14:32:52+00:00","dateModified":"2023-05-25T08:10:50+00:00","breadcrumb":{"@id":"https:\/\/cartasonorademallorca.com\/en\/listing\/sa-mostra-internacional-folklorica-de-soller\/#breadcrumb"},"inLanguage":"en-US","potentialAction":[{"@type":"ReadAction","target":["https:\/\/cartasonorademallorca.com\/en\/listing\/sa-mostra-internacional-folklorica-de-soller\/"]}]},{"@type":"ImageObject","inLanguage":"en-US","@id":"https:\/\/cartasonorademallorca.com\/en\/listing\/sa-mostra-internacional-folklorica-de-soller\/#primaryimage","url":"https:\/\/cartasonorademallorca.com\/wp-content\/uploads\/2023\/05\/1.png","contentUrl":"https:\/\/cartasonorademallorca.com\/wp-content\/uploads\/2023\/05\/1.png","width":680,"height":724},{"@type":"BreadcrumbList","@id":"https:\/\/cartasonorademallorca.com\/en\/listing\/sa-mostra-internacional-folklorica-de-soller\/#breadcrumb","itemListElement":[{"@type":"ListItem","position":1,"name":"Portada","item":"https:\/\/cartasonorademallorca.com\/en\/"},{"@type":"ListItem","position":2,"name":"Llistats","item":"https:\/\/cartasonorademallorca.com\/en\/arxiu\/"},{"@type":"ListItem","position":3,"name":"Sa Mostra Internacional Folkl\u00f2rica de S\u00f3ller"}]},{"@type":"WebSite","@id":"https:\/\/cartasonorademallorca.com\/en\/#website","url":"https:\/\/cartasonorademallorca.com\/en\/","name":"Carta Sonora de Mallorca","description":"","potentialAction":[{"@type":"SearchAction","target":{"@type":"EntryPoint","urlTemplate":"https:\/\/cartasonorademallorca.com\/en\/?s={search_term_string}"},"query-input":{"@type":"PropertyValueSpecification","valueRequired":true,"valueName":"search_term_string"}}],"inLanguage":"en-US"}]}},"_links":{"self":[{"href":"https:\/\/cartasonorademallorca.com\/en\/wp-json\/wp\/v2\/listing\/3377","targetHints":{"allow":["GET"]}}],"collection":[{"href":"https:\/\/cartasonorademallorca.com\/en\/wp-json\/wp\/v2\/listing"}],"about":[{"href":"https:\/\/cartasonorademallorca.com\/en\/wp-json\/wp\/v2\/types\/listing"}],"replies":[{"embeddable":true,"href":"https:\/\/cartasonorademallorca.com\/en\/wp-json\/wp\/v2\/comments?post=3377"}],"wp:featuredmedia":[{"embeddable":true,"href":"https:\/\/cartasonorademallorca.com\/en\/wp-json\/wp\/v2\/media\/3383"}],"wp:attachment":[{"href":"https:\/\/cartasonorademallorca.com\/en\/wp-json\/wp\/v2\/media?parent=3377"}],"wp:term":[{"taxonomy":"post_tag","embeddable":true,"href":"https:\/\/cartasonorademallorca.com\/en\/wp-json\/wp\/v2\/tags?post=3377"},{"taxonomy":"listing_category","embeddable":true,"href":"https:\/\/cartasonorademallorca.com\/en\/wp-json\/wp\/v2\/listing_category?post=3377"},{"taxonomy":"listing_location","embeddable":true,"href":"https:\/\/cartasonorademallorca.com\/en\/wp-json\/wp\/v2\/listing_location?post=3377"},{"taxonomy":"listing_feature","embeddable":true,"href":"https:\/\/cartasonorademallorca.com\/en\/wp-json\/wp\/v2\/listing_feature?post=3377"}],"curies":[{"name":"wp","href":"https:\/\/api.w.org\/{rel}","templated":true}]}}

Sa Mostra Internacional Folklòrica de Sóller

<p style="text-align: left"><em>Sa Mostra Internacional Folklòrica de Sóller</em> és un espectacle cultural que es celebrava anualment a la vall de Sóller des del 1980, fundada per l’agrupació folklòrica Aires Sollerics. Guillem Bernat, va ser el promotor d&#8217;aquesta idea i, amb l&#8217;ajuda d&#8217;Esperança Bernat, Catalina Bernat, Margalida Puig i Felip March van posar en marxa el projecte, el qual van presentar a autoritats i empreses hoteleres.</p>
<p style="text-align: left">En aquesta mostra, hi participaven diversos grups d’arreu del món, els quals feien una representació de la seva música i el seu ball tradicional, de manera que no es tractava d&#8217;un festival competitiu. Així, en aquestes jornades, no només es duia a terme una mostra del folklore propi de cada país, sinó que també s’organitzaven tallers per aprendre un dels altres. Aquest intercanvi cultural permetia conèixer amb més profunditat les danses i cançons d’altres llocs, així com també tenir l’experiència de conviure amb altres cultures i tradicions. <span class="Apple-converted-space"> </span></p>
<p style="text-align: left">Durant els anys 2011 i 2012 es va haver d’interrompre per falta de pressupost, però el 2013 es va poder recuperar i dur a terme la XXXI edició, la qual va acabar sent la darrera que es va celebrar.<span class="Apple-converted-space"> </span></p>

<!-- This site is optimized with the Yoast SEO plugin v27.4 - https://yoast.com/product/yoast-seo-wordpress/ -->
<title>Sa Mostra Internacional Folklòrica de Sóller - Carta Sonora de Mallorca</title>
<meta name="robots" content="index, follow, max-snippet:-1, max-image-preview:large, max-video-preview:-1" />
<link rel="canonical" href="https://cartasonorademallorca.com/en/listing/sa-mostra-internacional-folklorica-de-soller/" />
<meta property="og:locale" content="en_US" />
<meta property="og:type" content="article" />
<meta property="og:title" content="Sa Mostra Internacional Folklòrica de Sóller - Carta Sonora de Mallorca" />
<meta property="og:description" content="Sa Mostra Internacional Folklòrica de Sóller és un espectacle cultural que es celebrava anualment a la vall de Sóller des del 1980, fundada per l’agrupació folklòrica Aires Sollerics. Guillem Bernat, va ser el promotor d&#8217;aquesta idea i, amb l&#8217;ajuda d&#8217;Esperança Bernat, Catalina Bernat, Margalida Puig i Felip March van posar en marxa el projecte, el [&hellip;]" />
<meta property="og:url" content="https://cartasonorademallorca.com/en/listing/sa-mostra-internacional-folklorica-de-soller/" />
<meta property="og:site_name" content="Carta Sonora de Mallorca" />
<meta property="article:modified_time" content="2023-05-25T08:10:50+00:00" />
<meta property="og:image" content="https://cartasonorademallorca.com/wp-content/uploads/2023/05/1.png" />
	<meta property="og:image:width" content="680" />
	<meta property="og:image:height" content="724" />
	<meta property="og:image:type" content="image/png" />
<meta name="twitter:card" content="summary_large_image" />
<meta name="twitter:label1" content="Est. reading time" />
	<meta name="twitter:data1" content="2 minutes" />
<script type="application/ld+json" class="yoast-schema-graph">{"@context":"https:\/\/schema.org","@graph":[{"@type":"WebPage","@id":"https:\/\/cartasonorademallorca.com\/en\/listing\/sa-mostra-internacional-folklorica-de-soller\/","url":"https:\/\/cartasonorademallorca.com\/en\/listing\/sa-mostra-internacional-folklorica-de-soller\/","name":"Sa Mostra Internacional Folklòrica de Sóller - Carta Sonora de Mallorca","isPartOf":{"@id":"https:\/\/cartasonorademallorca.com\/en\/#website"},"primaryImageOfPage":{"@id":"https:\/\/cartasonorademallorca.com\/en\/listing\/sa-mostra-internacional-folklorica-de-soller\/#primaryimage"},"image":{"@id":"https:\/\/cartasonorademallorca.com\/en\/listing\/sa-mostra-internacional-folklorica-de-soller\/#primaryimage"},"thumbnailUrl":"https:\/\/cartasonorademallorca.com\/wp-content\/uploads\/2023\/05\/1.png","datePublished":"2023-05-10T14:32:52+00:00","dateModified":"2023-05-25T08:10:50+00:00","breadcrumb":{"@id":"https:\/\/cartasonorademallorca.com\/en\/listing\/sa-mostra-internacional-folklorica-de-soller\/#breadcrumb"},"inLanguage":"en-US","potentialAction":[{"@type":"ReadAction","target":["https:\/\/cartasonorademallorca.com\/en\/listing\/sa-mostra-internacional-folklorica-de-soller\/"]}]},{"@type":"ImageObject","inLanguage":"en-US","@id":"https:\/\/cartasonorademallorca.com\/en\/listing\/sa-mostra-internacional-folklorica-de-soller\/#primaryimage","url":"https:\/\/cartasonorademallorca.com\/wp-content\/uploads\/2023\/05\/1.png","contentUrl":"https:\/\/cartasonorademallorca.com\/wp-content\/uploads\/2023\/05\/1.png","width":680,"height":724},{"@type":"BreadcrumbList","@id":"https:\/\/cartasonorademallorca.com\/en\/listing\/sa-mostra-internacional-folklorica-de-soller\/#breadcrumb","itemListElement":[{"@type":"ListItem","position":1,"name":"Portada","item":"https:\/\/cartasonorademallorca.com\/en\/"},{"@type":"ListItem","position":2,"name":"Llistats","item":"https:\/\/cartasonorademallorca.com\/en\/arxiu\/"},{"@type":"ListItem","position":3,"name":"Sa Mostra Internacional Folklòrica de Sóller"}]},{"@type":"WebSite","@id":"https:\/\/cartasonorademallorca.com\/en\/#website","url":"https:\/\/cartasonorademallorca.com\/en\/","name":"Carta Sonora de Mallorca","description":"","potentialAction":[{"@type":"SearchAction","target":{"@type":"EntryPoint","urlTemplate":"https:\/\/cartasonorademallorca.com\/en\/?s={search_term_string}"},"query-input":{"@type":"PropertyValueSpecification","valueRequired":true,"valueName":"search_term_string"}}],"inLanguage":"en-US"}]}</script>
<!-- / Yoast SEO plugin. -->

Sa Mostra Internacional Folklòrica de Sóller - Carta Sonora de Mallorca

Sa Mostra Internacional Folklòrica de Sóller és un espectacle cultural que es celebrava anualment a la vall de Sóller des del 1980, fundada per l’agrupació folklòrica Aires Sollerics. Guillem Bernat, va ser el promotor d&#8217;aquesta idea i, amb l&#8217;ajuda d&#8217;Esperança Bernat, Catalina Bernat, Margalida Puig i Felip March van posar en marxa el projecte, el [&hellip;]
