{"id":3623,"date":"2023-06-09T06:49:12","date_gmt":"2023-06-09T06:49:12","guid":{"rendered":"https:\/\/cartasonorademallorca.com\/?post_type=listing&#038;p=3623"},"modified":"2023-06-09T06:51:46","modified_gmt":"2023-06-09T06:51:46","slug":"celebracio-de-la-constitucio-de-1812-24-de-juliol","status":"publish","type":"listing","link":"https:\/\/cartasonorademallorca.com\/en\/listing\/celebracio-de-la-constitucio-de-1812-24-de-juliol\/","title":{"rendered":"Celebraci\u00f3 de la Constituci\u00f3 de 1812 (24 de juliol)"},"content":{"rendered":"<p>Despr\u00e9s de les primeres reaccions populars a la lecura de la carta de drets constitucionals el dia vint-i-dos de juliol (vegi&#8217;s <a href=\"https:\/\/cartasonorademallorca.com\/en\/listing\/celebracio-de-la-constitucio-de-1812\/\">Celebraci\u00f3 de la Constituci\u00f3 de 1812 (22 de juliol)<\/a>) els dies seg\u00fcents va continuar l&#8217;euf\u00f2ria p\u00fablica i les manifestacions festives en favor de la Constituci\u00f3. Segons el diari <em>Aurora Patri\u00f3tica<\/em> el dia 24 es van realitzar actes protocolaris a la Catedral de Mallorca<\/p>\n<blockquote><p><span style=\"font-weight: 400;\">Los generales, gefes y oficiales de esta plaza, presididos por el escelentisimo se\u00f1or capit\u00e1n general marques de Coupign\u00ed, asistieron por la ma\u00f1ana al solemne Te Deum que se cant\u00f3 en la catedral, y en seguida aconpa\u00f1aron \u00e1 S. E. \u00e1 palacio, donde prestaron el juramento de guardar y hacer guardar la constituci\u00f3n \u00e0e la monarquia los consegeros honorarios de estado, los tenientes generales, mariscales de canpo, brigadieres, intendente interino, comandante general de la seccion mallorquina , y comandante de ingenieros de la plaza. Por la tarde un espect\u00e1culo verdaderamente marcial llam\u00f3 la atenci\u00f3n publica en el Borne, cuyos lados ocupaba toda la guarnici\u00f3n, perfectamente vestida y armada. Al son de marcha militar de tanbores y clarines, entr\u00f3 por debajo del arco triunfal S. E ., aconpa\u00f1ado de una numerosa y brillante comitiva de generales y oficiales de todas graduaciones; y ocupando el palco, donde se public\u00f3 la constituci\u00f3n el 22, areng\u00f3 \u00e1 las tropas con brevedad y energia. Juraron en seguida los valientes militares defender con las armas el c\u00f3digo nacional, aconpa\u00f1ando su juramento con tres descargas generales, y con las aclamaciones de viva la naci\u00f3n, viva la constituci\u00f3n, viva la alianza. Concluido esto, se retiraron las tropas desfilando por el arco. Se repiti\u00f3 en el teatro la tragedia el Pelayo, y en toda la ciudad la iluminaci\u00f3n general de las dos noches anteriores, habi\u00e9ndose aumentado considerablemente la del Borne con motivo de un baile de mascara que deb\u00eda darse en su sal\u00f3n. Enpez\u00f3 aquel \u00e1 las diez de la noche, y continuado \u00e1 pesar de la estr\u00e0ordinaria concurrencia con el mejor orden y alegria , prolong\u00f3 el jubilo universal hasta el amanecer del 25. El producto de este baile se reparti\u00f3 todo en las menesterosas casas del hospital, misericordia y carcel.\u00a0<\/span><\/p>\n<p style=\"text-align: right;\">Aurora Patri\u00f3tica Mallorquina, 24\/07\/1812<\/p>\n<\/blockquote>\n","protected":false},"featured_media":1993,"comment_status":"open","ping_status":"open","template":"","tags":[1843,2309,2310,420,2311,2312,1081],"listing_category":[390],"listing_location":[429,484],"listing_feature":[134,1188,59,178],"class_list":["post-3623","listing","type-listing","status-publish","has-post-thumbnail","hentry","tag-ball-de-mascares-en","tag-expressio-de-joia-en","tag-marxa-militar-en","tag-salves-en","tag-salves-dartilleria-en","tag-tambors-i-clarins-en","tag-te-deum-en","custom_tags_1-marques-de-coupigni-en","listing_category-text-en","listing_location-palma-en","listing_location-passeig-del-born-en","listing_feature-aclamacio-popular","listing_feature-acte-social","listing_feature-ambit-public","listing_feature-festa"],"acf":[],"yoast_head":"<!-- This site is optimized with the Yoast SEO plugin v27.4 - https:\/\/yoast.com\/product\/yoast-seo-wordpress\/ -->\n<title>Celebraci\u00f3 de la Constituci\u00f3 de 1812 (24 de juliol) - Carta Sonora de Mallorca<\/title>\n<meta name=\"robots\" content=\"index, follow, max-snippet:-1, max-image-preview:large, max-video-preview:-1\" \/>\n<link rel=\"canonical\" href=\"https:\/\/cartasonorademallorca.com\/en\/listing\/celebracio-de-la-constitucio-de-1812-24-de-juliol\/\" \/>\n<meta property=\"og:locale\" content=\"en_US\" \/>\n<meta property=\"og:type\" content=\"article\" \/>\n<meta property=\"og:title\" content=\"Celebraci\u00f3 de la Constituci\u00f3 de 1812 (24 de juliol) - Carta Sonora de Mallorca\" \/>\n<meta property=\"og:description\" content=\"Despr\u00e9s de les primeres reaccions populars a la lecura de la carta de drets constitucionals el dia vint-i-dos de juliol (vegi&#8217;s Celebraci\u00f3 de la Constituci\u00f3 de 1812 (22 de juliol)) els dies seg\u00fcents va continuar l&#8217;euf\u00f2ria p\u00fablica i les manifestacions festives en favor de la Constituci\u00f3. Segons el diari Aurora Patri\u00f3tica el dia 24 es [&hellip;]\" \/>\n<meta property=\"og:url\" content=\"https:\/\/cartasonorademallorca.com\/en\/listing\/celebracio-de-la-constitucio-de-1812-24-de-juliol\/\" \/>\n<meta property=\"og:site_name\" content=\"Carta Sonora de Mallorca\" \/>\n<meta property=\"article:modified_time\" content=\"2023-06-09T06:51:46+00:00\" \/>\n<meta property=\"og:image\" content=\"https:\/\/cartasonorademallorca.com\/wp-content\/uploads\/2022\/08\/empty-1-1.jpg\" \/>\n\t<meta property=\"og:image:width\" content=\"400\" \/>\n\t<meta property=\"og:image:height\" content=\"234\" \/>\n\t<meta property=\"og:image:type\" content=\"image\/jpeg\" \/>\n<meta name=\"twitter:card\" content=\"summary_large_image\" \/>\n<meta name=\"twitter:label1\" content=\"Est. reading time\" \/>\n\t<meta name=\"twitter:data1\" content=\"2 minutes\" \/>\n<script type=\"application\/ld+json\" class=\"yoast-schema-graph\">{\"@context\":\"https:\\\/\\\/schema.org\",\"@graph\":[{\"@type\":\"WebPage\",\"@id\":\"https:\\\/\\\/cartasonorademallorca.com\\\/en\\\/listing\\\/celebracio-de-la-constitucio-de-1812-24-de-juliol\\\/\",\"url\":\"https:\\\/\\\/cartasonorademallorca.com\\\/en\\\/listing\\\/celebracio-de-la-constitucio-de-1812-24-de-juliol\\\/\",\"name\":\"Celebraci\u00f3 de la Constituci\u00f3 de 1812 (24 de juliol) - Carta Sonora de Mallorca\",\"isPartOf\":{\"@id\":\"https:\\\/\\\/cartasonorademallorca.com\\\/en\\\/#website\"},\"primaryImageOfPage\":{\"@id\":\"https:\\\/\\\/cartasonorademallorca.com\\\/en\\\/listing\\\/celebracio-de-la-constitucio-de-1812-24-de-juliol\\\/#primaryimage\"},\"image\":{\"@id\":\"https:\\\/\\\/cartasonorademallorca.com\\\/en\\\/listing\\\/celebracio-de-la-constitucio-de-1812-24-de-juliol\\\/#primaryimage\"},\"thumbnailUrl\":\"https:\\\/\\\/cartasonorademallorca.com\\\/wp-content\\\/uploads\\\/2022\\\/08\\\/empty-1-1.jpg\",\"datePublished\":\"2023-06-09T06:49:12+00:00\",\"dateModified\":\"2023-06-09T06:51:46+00:00\",\"breadcrumb\":{\"@id\":\"https:\\\/\\\/cartasonorademallorca.com\\\/en\\\/listing\\\/celebracio-de-la-constitucio-de-1812-24-de-juliol\\\/#breadcrumb\"},\"inLanguage\":\"en-US\",\"potentialAction\":[{\"@type\":\"ReadAction\",\"target\":[\"https:\\\/\\\/cartasonorademallorca.com\\\/en\\\/listing\\\/celebracio-de-la-constitucio-de-1812-24-de-juliol\\\/\"]}]},{\"@type\":\"ImageObject\",\"inLanguage\":\"en-US\",\"@id\":\"https:\\\/\\\/cartasonorademallorca.com\\\/en\\\/listing\\\/celebracio-de-la-constitucio-de-1812-24-de-juliol\\\/#primaryimage\",\"url\":\"https:\\\/\\\/cartasonorademallorca.com\\\/wp-content\\\/uploads\\\/2022\\\/08\\\/empty-1-1.jpg\",\"contentUrl\":\"https:\\\/\\\/cartasonorademallorca.com\\\/wp-content\\\/uploads\\\/2022\\\/08\\\/empty-1-1.jpg\",\"width\":400,\"height\":234},{\"@type\":\"BreadcrumbList\",\"@id\":\"https:\\\/\\\/cartasonorademallorca.com\\\/en\\\/listing\\\/celebracio-de-la-constitucio-de-1812-24-de-juliol\\\/#breadcrumb\",\"itemListElement\":[{\"@type\":\"ListItem\",\"position\":1,\"name\":\"Portada\",\"item\":\"https:\\\/\\\/cartasonorademallorca.com\\\/en\\\/\"},{\"@type\":\"ListItem\",\"position\":2,\"name\":\"Llistats\",\"item\":\"https:\\\/\\\/cartasonorademallorca.com\\\/en\\\/arxiu\\\/\"},{\"@type\":\"ListItem\",\"position\":3,\"name\":\"Celebraci\u00f3 de la Constituci\u00f3 de 1812 (24 de juliol)\"}]},{\"@type\":\"WebSite\",\"@id\":\"https:\\\/\\\/cartasonorademallorca.com\\\/en\\\/#website\",\"url\":\"https:\\\/\\\/cartasonorademallorca.com\\\/en\\\/\",\"name\":\"Carta Sonora de Mallorca\",\"description\":\"\",\"potentialAction\":[{\"@type\":\"SearchAction\",\"target\":{\"@type\":\"EntryPoint\",\"urlTemplate\":\"https:\\\/\\\/cartasonorademallorca.com\\\/en\\\/?s={search_term_string}\"},\"query-input\":{\"@type\":\"PropertyValueSpecification\",\"valueRequired\":true,\"valueName\":\"search_term_string\"}}],\"inLanguage\":\"en-US\"}]}<\/script>\n<!-- \/ Yoast SEO plugin. -->","yoast_head_json":{"title":"Celebraci\u00f3 de la Constituci\u00f3 de 1812 (24 de juliol) - Carta Sonora de Mallorca","robots":{"index":"index","follow":"follow","max-snippet":"max-snippet:-1","max-image-preview":"max-image-preview:large","max-video-preview":"max-video-preview:-1"},"canonical":"https:\/\/cartasonorademallorca.com\/en\/listing\/celebracio-de-la-constitucio-de-1812-24-de-juliol\/","og_locale":"en_US","og_type":"article","og_title":"Celebraci\u00f3 de la Constituci\u00f3 de 1812 (24 de juliol) - Carta Sonora de Mallorca","og_description":"Despr\u00e9s de les primeres reaccions populars a la lecura de la carta de drets constitucionals el dia vint-i-dos de juliol (vegi&#8217;s Celebraci\u00f3 de la Constituci\u00f3 de 1812 (22 de juliol)) els dies seg\u00fcents va continuar l&#8217;euf\u00f2ria p\u00fablica i les manifestacions festives en favor de la Constituci\u00f3. Segons el diari Aurora Patri\u00f3tica el dia 24 es [&hellip;]","og_url":"https:\/\/cartasonorademallorca.com\/en\/listing\/celebracio-de-la-constitucio-de-1812-24-de-juliol\/","og_site_name":"Carta Sonora de Mallorca","article_modified_time":"2023-06-09T06:51:46+00:00","og_image":[{"width":400,"height":234,"url":"https:\/\/cartasonorademallorca.com\/wp-content\/uploads\/2022\/08\/empty-1-1.jpg","type":"image\/jpeg"}],"twitter_card":"summary_large_image","twitter_misc":{"Est. reading time":"2 minutes"},"schema":{"@context":"https:\/\/schema.org","@graph":[{"@type":"WebPage","@id":"https:\/\/cartasonorademallorca.com\/en\/listing\/celebracio-de-la-constitucio-de-1812-24-de-juliol\/","url":"https:\/\/cartasonorademallorca.com\/en\/listing\/celebracio-de-la-constitucio-de-1812-24-de-juliol\/","name":"Celebraci\u00f3 de la Constituci\u00f3 de 1812 (24 de juliol) - Carta Sonora de Mallorca","isPartOf":{"@id":"https:\/\/cartasonorademallorca.com\/en\/#website"},"primaryImageOfPage":{"@id":"https:\/\/cartasonorademallorca.com\/en\/listing\/celebracio-de-la-constitucio-de-1812-24-de-juliol\/#primaryimage"},"image":{"@id":"https:\/\/cartasonorademallorca.com\/en\/listing\/celebracio-de-la-constitucio-de-1812-24-de-juliol\/#primaryimage"},"thumbnailUrl":"https:\/\/cartasonorademallorca.com\/wp-content\/uploads\/2022\/08\/empty-1-1.jpg","datePublished":"2023-06-09T06:49:12+00:00","dateModified":"2023-06-09T06:51:46+00:00","breadcrumb":{"@id":"https:\/\/cartasonorademallorca.com\/en\/listing\/celebracio-de-la-constitucio-de-1812-24-de-juliol\/#breadcrumb"},"inLanguage":"en-US","potentialAction":[{"@type":"ReadAction","target":["https:\/\/cartasonorademallorca.com\/en\/listing\/celebracio-de-la-constitucio-de-1812-24-de-juliol\/"]}]},{"@type":"ImageObject","inLanguage":"en-US","@id":"https:\/\/cartasonorademallorca.com\/en\/listing\/celebracio-de-la-constitucio-de-1812-24-de-juliol\/#primaryimage","url":"https:\/\/cartasonorademallorca.com\/wp-content\/uploads\/2022\/08\/empty-1-1.jpg","contentUrl":"https:\/\/cartasonorademallorca.com\/wp-content\/uploads\/2022\/08\/empty-1-1.jpg","width":400,"height":234},{"@type":"BreadcrumbList","@id":"https:\/\/cartasonorademallorca.com\/en\/listing\/celebracio-de-la-constitucio-de-1812-24-de-juliol\/#breadcrumb","itemListElement":[{"@type":"ListItem","position":1,"name":"Portada","item":"https:\/\/cartasonorademallorca.com\/en\/"},{"@type":"ListItem","position":2,"name":"Llistats","item":"https:\/\/cartasonorademallorca.com\/en\/arxiu\/"},{"@type":"ListItem","position":3,"name":"Celebraci\u00f3 de la Constituci\u00f3 de 1812 (24 de juliol)"}]},{"@type":"WebSite","@id":"https:\/\/cartasonorademallorca.com\/en\/#website","url":"https:\/\/cartasonorademallorca.com\/en\/","name":"Carta Sonora de Mallorca","description":"","potentialAction":[{"@type":"SearchAction","target":{"@type":"EntryPoint","urlTemplate":"https:\/\/cartasonorademallorca.com\/en\/?s={search_term_string}"},"query-input":{"@type":"PropertyValueSpecification","valueRequired":true,"valueName":"search_term_string"}}],"inLanguage":"en-US"}]}},"_links":{"self":[{"href":"https:\/\/cartasonorademallorca.com\/en\/wp-json\/wp\/v2\/listing\/3623","targetHints":{"allow":["GET"]}}],"collection":[{"href":"https:\/\/cartasonorademallorca.com\/en\/wp-json\/wp\/v2\/listing"}],"about":[{"href":"https:\/\/cartasonorademallorca.com\/en\/wp-json\/wp\/v2\/types\/listing"}],"replies":[{"embeddable":true,"href":"https:\/\/cartasonorademallorca.com\/en\/wp-json\/wp\/v2\/comments?post=3623"}],"wp:featuredmedia":[{"embeddable":true,"href":"https:\/\/cartasonorademallorca.com\/en\/wp-json\/wp\/v2\/media\/1993"}],"wp:attachment":[{"href":"https:\/\/cartasonorademallorca.com\/en\/wp-json\/wp\/v2\/media?parent=3623"}],"wp:term":[{"taxonomy":"post_tag","embeddable":true,"href":"https:\/\/cartasonorademallorca.com\/en\/wp-json\/wp\/v2\/tags?post=3623"},{"taxonomy":"listing_category","embeddable":true,"href":"https:\/\/cartasonorademallorca.com\/en\/wp-json\/wp\/v2\/listing_category?post=3623"},{"taxonomy":"listing_location","embeddable":true,"href":"https:\/\/cartasonorademallorca.com\/en\/wp-json\/wp\/v2\/listing_location?post=3623"},{"taxonomy":"listing_feature","embeddable":true,"href":"https:\/\/cartasonorademallorca.com\/en\/wp-json\/wp\/v2\/listing_feature?post=3623"}],"curies":[{"name":"wp","href":"https:\/\/api.w.org\/{rel}","templated":true}]}}

Celebració de la Constitució de 1812 (24 de juliol)

<p>Després de les primeres reaccions populars a la lecura de la carta de drets constitucionals el dia vint-i-dos de juliol (vegi&#8217;s <a href="https://cartasonorademallorca.com/en/listing/celebracio-de-la-constitucio-de-1812/">Celebració de la Constitució de 1812 (22 de juliol)</a>) els dies següents va continuar l&#8217;eufòria pública i les manifestacions festives en favor de la Constitució. Segons el diari <em>Aurora Patriótica</em> el dia 24 es van realitzar actes protocolaris a la Catedral de Mallorca</p>
<blockquote><p><span style="font-weight: 400;">Los generales, gefes y oficiales de esta plaza, presididos por el escelentisimo señor capitán general marques de Coupigní, asistieron por la mañana al solemne Te Deum que se cantó en la catedral, y en seguida aconpañaron á S. E. á palacio, donde prestaron el juramento de guardar y hacer guardar la constitución àe la monarquia los consegeros honorarios de estado, los tenientes generales, mariscales de canpo, brigadieres, intendente interino, comandante general de la seccion mallorquina , y comandante de ingenieros de la plaza. Por la tarde un espectáculo verdaderamente marcial llamó la atención publica en el Borne, cuyos lados ocupaba toda la guarnición, perfectamente vestida y armada. Al son de marcha militar de tanbores y clarines, entró por debajo del arco triunfal S. E ., aconpañado de una numerosa y brillante comitiva de generales y oficiales de todas graduaciones; y ocupando el palco, donde se publicó la constitución el 22, arengó á las tropas con brevedad y energia. Juraron en seguida los valientes militares defender con las armas el código nacional, aconpañando su juramento con tres descargas generales, y con las aclamaciones de viva la nación, viva la constitución, viva la alianza. Concluido esto, se retiraron las tropas desfilando por el arco. Se repitió en el teatro la tragedia el Pelayo, y en toda la ciudad la iluminación general de las dos noches anteriores, habiéndose aumentado considerablemente la del Borne con motivo de un baile de mascara que debía darse en su salón. Enpezó aquel á las diez de la noche, y continuado á pesar de la estràordinaria concurrencia con el mejor orden y alegria , prolongó el jubilo universal hasta el amanecer del 25. El producto de este baile se repartió todo en las menesterosas casas del hospital, misericordia y carcel. </span></p>
<p style="text-align: right;">Aurora Patriótica Mallorquina, 24/07/1812</p>
</blockquote>

<!-- This site is optimized with the Yoast SEO plugin v27.4 - https://yoast.com/product/yoast-seo-wordpress/ -->
<title>Celebració de la Constitució de 1812 (24 de juliol) - Carta Sonora de Mallorca</title>
<meta name="robots" content="index, follow, max-snippet:-1, max-image-preview:large, max-video-preview:-1" />
<link rel="canonical" href="https://cartasonorademallorca.com/en/listing/celebracio-de-la-constitucio-de-1812-24-de-juliol/" />
<meta property="og:locale" content="en_US" />
<meta property="og:type" content="article" />
<meta property="og:title" content="Celebració de la Constitució de 1812 (24 de juliol) - Carta Sonora de Mallorca" />
<meta property="og:description" content="Després de les primeres reaccions populars a la lecura de la carta de drets constitucionals el dia vint-i-dos de juliol (vegi&#8217;s Celebració de la Constitució de 1812 (22 de juliol)) els dies següents va continuar l&#8217;eufòria pública i les manifestacions festives en favor de la Constitució. Segons el diari Aurora Patriótica el dia 24 es [&hellip;]" />
<meta property="og:url" content="https://cartasonorademallorca.com/en/listing/celebracio-de-la-constitucio-de-1812-24-de-juliol/" />
<meta property="og:site_name" content="Carta Sonora de Mallorca" />
<meta property="article:modified_time" content="2023-06-09T06:51:46+00:00" />
<meta property="og:image" content="https://cartasonorademallorca.com/wp-content/uploads/2022/08/empty-1-1.jpg" />
	<meta property="og:image:width" content="400" />
	<meta property="og:image:height" content="234" />
	<meta property="og:image:type" content="image/jpeg" />
<meta name="twitter:card" content="summary_large_image" />
<meta name="twitter:label1" content="Est. reading time" />
	<meta name="twitter:data1" content="2 minutes" />
<script type="application/ld+json" class="yoast-schema-graph">{"@context":"https:\/\/schema.org","@graph":[{"@type":"WebPage","@id":"https:\/\/cartasonorademallorca.com\/en\/listing\/celebracio-de-la-constitucio-de-1812-24-de-juliol\/","url":"https:\/\/cartasonorademallorca.com\/en\/listing\/celebracio-de-la-constitucio-de-1812-24-de-juliol\/","name":"Celebració de la Constitució de 1812 (24 de juliol) - Carta Sonora de Mallorca","isPartOf":{"@id":"https:\/\/cartasonorademallorca.com\/en\/#website"},"primaryImageOfPage":{"@id":"https:\/\/cartasonorademallorca.com\/en\/listing\/celebracio-de-la-constitucio-de-1812-24-de-juliol\/#primaryimage"},"image":{"@id":"https:\/\/cartasonorademallorca.com\/en\/listing\/celebracio-de-la-constitucio-de-1812-24-de-juliol\/#primaryimage"},"thumbnailUrl":"https:\/\/cartasonorademallorca.com\/wp-content\/uploads\/2022\/08\/empty-1-1.jpg","datePublished":"2023-06-09T06:49:12+00:00","dateModified":"2023-06-09T06:51:46+00:00","breadcrumb":{"@id":"https:\/\/cartasonorademallorca.com\/en\/listing\/celebracio-de-la-constitucio-de-1812-24-de-juliol\/#breadcrumb"},"inLanguage":"en-US","potentialAction":[{"@type":"ReadAction","target":["https:\/\/cartasonorademallorca.com\/en\/listing\/celebracio-de-la-constitucio-de-1812-24-de-juliol\/"]}]},{"@type":"ImageObject","inLanguage":"en-US","@id":"https:\/\/cartasonorademallorca.com\/en\/listing\/celebracio-de-la-constitucio-de-1812-24-de-juliol\/#primaryimage","url":"https:\/\/cartasonorademallorca.com\/wp-content\/uploads\/2022\/08\/empty-1-1.jpg","contentUrl":"https:\/\/cartasonorademallorca.com\/wp-content\/uploads\/2022\/08\/empty-1-1.jpg","width":400,"height":234},{"@type":"BreadcrumbList","@id":"https:\/\/cartasonorademallorca.com\/en\/listing\/celebracio-de-la-constitucio-de-1812-24-de-juliol\/#breadcrumb","itemListElement":[{"@type":"ListItem","position":1,"name":"Portada","item":"https:\/\/cartasonorademallorca.com\/en\/"},{"@type":"ListItem","position":2,"name":"Llistats","item":"https:\/\/cartasonorademallorca.com\/en\/arxiu\/"},{"@type":"ListItem","position":3,"name":"Celebració de la Constitució de 1812 (24 de juliol)"}]},{"@type":"WebSite","@id":"https:\/\/cartasonorademallorca.com\/en\/#website","url":"https:\/\/cartasonorademallorca.com\/en\/","name":"Carta Sonora de Mallorca","description":"","potentialAction":[{"@type":"SearchAction","target":{"@type":"EntryPoint","urlTemplate":"https:\/\/cartasonorademallorca.com\/en\/?s={search_term_string}"},"query-input":{"@type":"PropertyValueSpecification","valueRequired":true,"valueName":"search_term_string"}}],"inLanguage":"en-US"}]}</script>
<!-- / Yoast SEO plugin. -->

Celebració de la Constitució de 1812 (24 de juliol) - Carta Sonora de Mallorca

Després de les primeres reaccions populars a la lecura de la carta de drets constitucionals el dia vint-i-dos de juliol (vegi&#8217;s Celebració de la Constitució de 1812 (22 de juliol)) els dies següents va continuar l&#8217;eufòria pública i les manifestacions festives en favor de la Constitució. Segons el diari Aurora Patriótica el dia 24 es [&hellip;]
