{"id":3655,"date":"2023-06-19T14:30:29","date_gmt":"2023-06-19T14:30:29","guid":{"rendered":"https:\/\/cartasonorademallorca.com\/?post_type=listing&#038;p=3655"},"modified":"2023-06-22T08:36:58","modified_gmt":"2023-06-22T08:36:58","slug":"boc-retorna-als-escenaris","status":"publish","type":"listing","link":"https:\/\/cartasonorademallorca.com\/en\/listing\/boc-retorna-als-escenaris\/","title":{"rendered":"BOC retorna als escenaris"},"content":{"rendered":"<p>El passat 22 d&#8217;abril del 2023 el grup de m\u00fasica folk i tradicional, BOC, torn\u00e0 als escenaris despr\u00e9s de quatre anys de pausa. Actuaren en el festival Palma Folk situat a Ses Voltes juntament amb el grup Do natural.<\/p>\n<p>BOC amb aquesta primera actuaci\u00f3 iniciaren una gira de concerts i continuaran amb el projecte creat per Joan Frontera <span class=\"hiddenSpellError\">Luna<\/span> el 2009. Una proposta impregnada de m\u00fasiques del m\u00f3n i ritmes tradicionals que barreja la base cl\u00e0ssica de contrapunt i harmonia amb importants influ\u00e8ncies de l&#8217;hardcore, el new age, el metall o l&#8217;<span class=\"hiddenSpellError\">ska<\/span>.<\/p>\n<p><img fetchpriority=\"high\" decoding=\"async\" class=\"size-medium wp-image-3657 aligncenter\" src=\"https:\/\/cartasonorademallorca.com\/wp-content\/uploads\/2023\/06\/Palmafolk-2023-cartel.jpg-212x300.webp\" alt=\"\" width=\"212\" height=\"300\" srcset=\"https:\/\/cartasonorademallorca.com\/wp-content\/uploads\/2023\/06\/Palmafolk-2023-cartel.jpg-212x300.webp 212w, https:\/\/cartasonorademallorca.com\/wp-content\/uploads\/2023\/06\/Palmafolk-2023-cartel.jpg.webp 636w\" sizes=\"(max-width: 212px) 100vw, 212px\" \/><\/p>\n","protected":false},"featured_media":3638,"comment_status":"open","ping_status":"open","template":"","tags":[2399,2400,2401,2402,2403],"listing_category":[428],"listing_location":[429,2451],"listing_feature":[1188,28,59,1273,1274,1172],"class_list":["post-3655","listing","type-listing","status-publish","has-post-thumbnail","hentry","tag-boc-en","tag-cultura-popular-en","tag-folk-en","tag-palmacultura-en","tag-tradicional-en","custom_tags_1-ajuntament-de-palma-en","custom_tags_1-boc-en","custom_tags_1-do-natural-en","custom_tags_1-festival-palma-folk-en","custom_tags_1-joan-frontera-luna-en","listing_category-video-en","listing_location-palma-en","listing_location-ses-voltes-en","listing_feature-acte-social","listing_feature-ambit-profa","listing_feature-ambit-public","listing_feature-concert","listing_feature-festival","listing_feature-folkloritzacio"],"acf":[],"yoast_head":"<!-- This site is optimized with the Yoast SEO plugin v27.4 - https:\/\/yoast.com\/product\/yoast-seo-wordpress\/ -->\n<title>BOC retorna als escenaris - Carta Sonora de Mallorca<\/title>\n<meta name=\"robots\" content=\"index, follow, max-snippet:-1, max-image-preview:large, max-video-preview:-1\" \/>\n<link rel=\"canonical\" href=\"https:\/\/cartasonorademallorca.com\/en\/listing\/boc-retorna-als-escenaris\/\" \/>\n<meta property=\"og:locale\" content=\"en_US\" \/>\n<meta property=\"og:type\" content=\"article\" \/>\n<meta property=\"og:title\" content=\"BOC retorna als escenaris - Carta Sonora de Mallorca\" \/>\n<meta property=\"og:description\" content=\"El passat 22 d&#8217;abril del 2023 el grup de m\u00fasica folk i tradicional, BOC, torn\u00e0 als escenaris despr\u00e9s de quatre anys de pausa. Actuaren en el festival Palma Folk situat a Ses Voltes juntament amb el grup Do natural. BOC amb aquesta primera actuaci\u00f3 iniciaren una gira de concerts i continuaran amb el projecte creat [&hellip;]\" \/>\n<meta property=\"og:url\" content=\"https:\/\/cartasonorademallorca.com\/en\/listing\/boc-retorna-als-escenaris\/\" \/>\n<meta property=\"og:site_name\" content=\"Carta Sonora de Mallorca\" \/>\n<meta property=\"article:modified_time\" content=\"2023-06-22T08:36:58+00:00\" \/>\n<meta property=\"og:image\" content=\"https:\/\/cartasonorademallorca.com\/wp-content\/uploads\/2023\/06\/IMG-35691-scaled.jpg\" \/>\n\t<meta property=\"og:image:width\" content=\"2560\" \/>\n\t<meta property=\"og:image:height\" content=\"1920\" \/>\n\t<meta property=\"og:image:type\" content=\"image\/jpeg\" \/>\n<meta name=\"twitter:card\" content=\"summary_large_image\" \/>\n<meta name=\"twitter:label1\" content=\"Est. reading time\" \/>\n\t<meta name=\"twitter:data1\" content=\"1 minute\" \/>\n<script type=\"application\/ld+json\" class=\"yoast-schema-graph\">{\"@context\":\"https:\\\/\\\/schema.org\",\"@graph\":[{\"@type\":\"WebPage\",\"@id\":\"https:\\\/\\\/cartasonorademallorca.com\\\/en\\\/listing\\\/boc-retorna-als-escenaris\\\/\",\"url\":\"https:\\\/\\\/cartasonorademallorca.com\\\/en\\\/listing\\\/boc-retorna-als-escenaris\\\/\",\"name\":\"BOC retorna als escenaris - Carta Sonora de Mallorca\",\"isPartOf\":{\"@id\":\"https:\\\/\\\/cartasonorademallorca.com\\\/en\\\/#website\"},\"primaryImageOfPage\":{\"@id\":\"https:\\\/\\\/cartasonorademallorca.com\\\/en\\\/listing\\\/boc-retorna-als-escenaris\\\/#primaryimage\"},\"image\":{\"@id\":\"https:\\\/\\\/cartasonorademallorca.com\\\/en\\\/listing\\\/boc-retorna-als-escenaris\\\/#primaryimage\"},\"thumbnailUrl\":\"https:\\\/\\\/cartasonorademallorca.com\\\/wp-content\\\/uploads\\\/2023\\\/06\\\/IMG-35691-scaled.jpg\",\"datePublished\":\"2023-06-19T14:30:29+00:00\",\"dateModified\":\"2023-06-22T08:36:58+00:00\",\"breadcrumb\":{\"@id\":\"https:\\\/\\\/cartasonorademallorca.com\\\/en\\\/listing\\\/boc-retorna-als-escenaris\\\/#breadcrumb\"},\"inLanguage\":\"en-US\",\"potentialAction\":[{\"@type\":\"ReadAction\",\"target\":[\"https:\\\/\\\/cartasonorademallorca.com\\\/en\\\/listing\\\/boc-retorna-als-escenaris\\\/\"]}]},{\"@type\":\"ImageObject\",\"inLanguage\":\"en-US\",\"@id\":\"https:\\\/\\\/cartasonorademallorca.com\\\/en\\\/listing\\\/boc-retorna-als-escenaris\\\/#primaryimage\",\"url\":\"https:\\\/\\\/cartasonorademallorca.com\\\/wp-content\\\/uploads\\\/2023\\\/06\\\/IMG-35691-scaled.jpg\",\"contentUrl\":\"https:\\\/\\\/cartasonorademallorca.com\\\/wp-content\\\/uploads\\\/2023\\\/06\\\/IMG-35691-scaled.jpg\",\"width\":2560,\"height\":1920},{\"@type\":\"BreadcrumbList\",\"@id\":\"https:\\\/\\\/cartasonorademallorca.com\\\/en\\\/listing\\\/boc-retorna-als-escenaris\\\/#breadcrumb\",\"itemListElement\":[{\"@type\":\"ListItem\",\"position\":1,\"name\":\"Portada\",\"item\":\"https:\\\/\\\/cartasonorademallorca.com\\\/en\\\/\"},{\"@type\":\"ListItem\",\"position\":2,\"name\":\"Llistats\",\"item\":\"https:\\\/\\\/cartasonorademallorca.com\\\/en\\\/arxiu\\\/\"},{\"@type\":\"ListItem\",\"position\":3,\"name\":\"BOC retorna als escenaris\"}]},{\"@type\":\"WebSite\",\"@id\":\"https:\\\/\\\/cartasonorademallorca.com\\\/en\\\/#website\",\"url\":\"https:\\\/\\\/cartasonorademallorca.com\\\/en\\\/\",\"name\":\"Carta Sonora de Mallorca\",\"description\":\"\",\"potentialAction\":[{\"@type\":\"SearchAction\",\"target\":{\"@type\":\"EntryPoint\",\"urlTemplate\":\"https:\\\/\\\/cartasonorademallorca.com\\\/en\\\/?s={search_term_string}\"},\"query-input\":{\"@type\":\"PropertyValueSpecification\",\"valueRequired\":true,\"valueName\":\"search_term_string\"}}],\"inLanguage\":\"en-US\"}]}<\/script>\n<!-- \/ Yoast SEO plugin. -->","yoast_head_json":{"title":"BOC retorna als escenaris - Carta Sonora de Mallorca","robots":{"index":"index","follow":"follow","max-snippet":"max-snippet:-1","max-image-preview":"max-image-preview:large","max-video-preview":"max-video-preview:-1"},"canonical":"https:\/\/cartasonorademallorca.com\/en\/listing\/boc-retorna-als-escenaris\/","og_locale":"en_US","og_type":"article","og_title":"BOC retorna als escenaris - Carta Sonora de Mallorca","og_description":"El passat 22 d&#8217;abril del 2023 el grup de m\u00fasica folk i tradicional, BOC, torn\u00e0 als escenaris despr\u00e9s de quatre anys de pausa. Actuaren en el festival Palma Folk situat a Ses Voltes juntament amb el grup Do natural. BOC amb aquesta primera actuaci\u00f3 iniciaren una gira de concerts i continuaran amb el projecte creat [&hellip;]","og_url":"https:\/\/cartasonorademallorca.com\/en\/listing\/boc-retorna-als-escenaris\/","og_site_name":"Carta Sonora de Mallorca","article_modified_time":"2023-06-22T08:36:58+00:00","og_image":[{"width":2560,"height":1920,"url":"https:\/\/cartasonorademallorca.com\/wp-content\/uploads\/2023\/06\/IMG-35691-scaled.jpg","type":"image\/jpeg"}],"twitter_card":"summary_large_image","twitter_misc":{"Est. reading time":"1 minute"},"schema":{"@context":"https:\/\/schema.org","@graph":[{"@type":"WebPage","@id":"https:\/\/cartasonorademallorca.com\/en\/listing\/boc-retorna-als-escenaris\/","url":"https:\/\/cartasonorademallorca.com\/en\/listing\/boc-retorna-als-escenaris\/","name":"BOC retorna als escenaris - Carta Sonora de Mallorca","isPartOf":{"@id":"https:\/\/cartasonorademallorca.com\/en\/#website"},"primaryImageOfPage":{"@id":"https:\/\/cartasonorademallorca.com\/en\/listing\/boc-retorna-als-escenaris\/#primaryimage"},"image":{"@id":"https:\/\/cartasonorademallorca.com\/en\/listing\/boc-retorna-als-escenaris\/#primaryimage"},"thumbnailUrl":"https:\/\/cartasonorademallorca.com\/wp-content\/uploads\/2023\/06\/IMG-35691-scaled.jpg","datePublished":"2023-06-19T14:30:29+00:00","dateModified":"2023-06-22T08:36:58+00:00","breadcrumb":{"@id":"https:\/\/cartasonorademallorca.com\/en\/listing\/boc-retorna-als-escenaris\/#breadcrumb"},"inLanguage":"en-US","potentialAction":[{"@type":"ReadAction","target":["https:\/\/cartasonorademallorca.com\/en\/listing\/boc-retorna-als-escenaris\/"]}]},{"@type":"ImageObject","inLanguage":"en-US","@id":"https:\/\/cartasonorademallorca.com\/en\/listing\/boc-retorna-als-escenaris\/#primaryimage","url":"https:\/\/cartasonorademallorca.com\/wp-content\/uploads\/2023\/06\/IMG-35691-scaled.jpg","contentUrl":"https:\/\/cartasonorademallorca.com\/wp-content\/uploads\/2023\/06\/IMG-35691-scaled.jpg","width":2560,"height":1920},{"@type":"BreadcrumbList","@id":"https:\/\/cartasonorademallorca.com\/en\/listing\/boc-retorna-als-escenaris\/#breadcrumb","itemListElement":[{"@type":"ListItem","position":1,"name":"Portada","item":"https:\/\/cartasonorademallorca.com\/en\/"},{"@type":"ListItem","position":2,"name":"Llistats","item":"https:\/\/cartasonorademallorca.com\/en\/arxiu\/"},{"@type":"ListItem","position":3,"name":"BOC retorna als escenaris"}]},{"@type":"WebSite","@id":"https:\/\/cartasonorademallorca.com\/en\/#website","url":"https:\/\/cartasonorademallorca.com\/en\/","name":"Carta Sonora de Mallorca","description":"","potentialAction":[{"@type":"SearchAction","target":{"@type":"EntryPoint","urlTemplate":"https:\/\/cartasonorademallorca.com\/en\/?s={search_term_string}"},"query-input":{"@type":"PropertyValueSpecification","valueRequired":true,"valueName":"search_term_string"}}],"inLanguage":"en-US"}]}},"_links":{"self":[{"href":"https:\/\/cartasonorademallorca.com\/en\/wp-json\/wp\/v2\/listing\/3655","targetHints":{"allow":["GET"]}}],"collection":[{"href":"https:\/\/cartasonorademallorca.com\/en\/wp-json\/wp\/v2\/listing"}],"about":[{"href":"https:\/\/cartasonorademallorca.com\/en\/wp-json\/wp\/v2\/types\/listing"}],"replies":[{"embeddable":true,"href":"https:\/\/cartasonorademallorca.com\/en\/wp-json\/wp\/v2\/comments?post=3655"}],"wp:featuredmedia":[{"embeddable":true,"href":"https:\/\/cartasonorademallorca.com\/en\/wp-json\/wp\/v2\/media\/3638"}],"wp:attachment":[{"href":"https:\/\/cartasonorademallorca.com\/en\/wp-json\/wp\/v2\/media?parent=3655"}],"wp:term":[{"taxonomy":"post_tag","embeddable":true,"href":"https:\/\/cartasonorademallorca.com\/en\/wp-json\/wp\/v2\/tags?post=3655"},{"taxonomy":"listing_category","embeddable":true,"href":"https:\/\/cartasonorademallorca.com\/en\/wp-json\/wp\/v2\/listing_category?post=3655"},{"taxonomy":"listing_location","embeddable":true,"href":"https:\/\/cartasonorademallorca.com\/en\/wp-json\/wp\/v2\/listing_location?post=3655"},{"taxonomy":"listing_feature","embeddable":true,"href":"https:\/\/cartasonorademallorca.com\/en\/wp-json\/wp\/v2\/listing_feature?post=3655"}],"curies":[{"name":"wp","href":"https:\/\/api.w.org\/{rel}","templated":true}]}}

<p>El passat 22 d&#8217;abril del 2023 el grup de música folk i tradicional, BOC, tornà als escenaris després de quatre anys de pausa. Actuaren en el festival Palma Folk situat a Ses Voltes juntament amb el grup Do natural.</p>
<p>BOC amb aquesta primera actuació iniciaren una gira de concerts i continuaran amb el projecte creat per Joan Frontera <span class="hiddenSpellError">Luna</span> el 2009. Una proposta impregnada de músiques del món i ritmes tradicionals que barreja la base clàssica de contrapunt i harmonia amb importants influències de l&#8217;hardcore, el new age, el metall o l&#8217;<span class="hiddenSpellError">ska</span>.</p>
<p><img fetchpriority="high" decoding="async" class="size-medium wp-image-3657 aligncenter" src="https://cartasonorademallorca.com/wp-content/uploads/2023/06/Palmafolk-2023-cartel.jpg-212x300.webp" alt="" width="212" height="300" srcset="https://cartasonorademallorca.com/wp-content/uploads/2023/06/Palmafolk-2023-cartel.jpg-212x300.webp 212w, https://cartasonorademallorca.com/wp-content/uploads/2023/06/Palmafolk-2023-cartel.jpg.webp 636w" sizes="(max-width: 212px) 100vw, 212px" /></p>

<!-- This site is optimized with the Yoast SEO plugin v27.4 - https://yoast.com/product/yoast-seo-wordpress/ -->
<title>BOC retorna als escenaris - Carta Sonora de Mallorca</title>
<meta name="robots" content="index, follow, max-snippet:-1, max-image-preview:large, max-video-preview:-1" />
<link rel="canonical" href="https://cartasonorademallorca.com/en/listing/boc-retorna-als-escenaris/" />
<meta property="og:locale" content="en_US" />
<meta property="og:type" content="article" />
<meta property="og:title" content="BOC retorna als escenaris - Carta Sonora de Mallorca" />
<meta property="og:description" content="El passat 22 d&#8217;abril del 2023 el grup de música folk i tradicional, BOC, tornà als escenaris després de quatre anys de pausa. Actuaren en el festival Palma Folk situat a Ses Voltes juntament amb el grup Do natural. BOC amb aquesta primera actuació iniciaren una gira de concerts i continuaran amb el projecte creat [&hellip;]" />
<meta property="og:url" content="https://cartasonorademallorca.com/en/listing/boc-retorna-als-escenaris/" />
<meta property="og:site_name" content="Carta Sonora de Mallorca" />
<meta property="article:modified_time" content="2023-06-22T08:36:58+00:00" />
<meta property="og:image" content="https://cartasonorademallorca.com/wp-content/uploads/2023/06/IMG-35691-scaled.jpg" />
	<meta property="og:image:width" content="2560" />
	<meta property="og:image:height" content="1920" />
	<meta property="og:image:type" content="image/jpeg" />
<meta name="twitter:card" content="summary_large_image" />
<meta name="twitter:label1" content="Est. reading time" />
	<meta name="twitter:data1" content="1 minute" />
<script type="application/ld+json" class="yoast-schema-graph">{"@context":"https:\/\/schema.org","@graph":[{"@type":"WebPage","@id":"https:\/\/cartasonorademallorca.com\/en\/listing\/boc-retorna-als-escenaris\/","url":"https:\/\/cartasonorademallorca.com\/en\/listing\/boc-retorna-als-escenaris\/","name":"BOC retorna als escenaris - Carta Sonora de Mallorca","isPartOf":{"@id":"https:\/\/cartasonorademallorca.com\/en\/#website"},"primaryImageOfPage":{"@id":"https:\/\/cartasonorademallorca.com\/en\/listing\/boc-retorna-als-escenaris\/#primaryimage"},"image":{"@id":"https:\/\/cartasonorademallorca.com\/en\/listing\/boc-retorna-als-escenaris\/#primaryimage"},"thumbnailUrl":"https:\/\/cartasonorademallorca.com\/wp-content\/uploads\/2023\/06\/IMG-35691-scaled.jpg","datePublished":"2023-06-19T14:30:29+00:00","dateModified":"2023-06-22T08:36:58+00:00","breadcrumb":{"@id":"https:\/\/cartasonorademallorca.com\/en\/listing\/boc-retorna-als-escenaris\/#breadcrumb"},"inLanguage":"en-US","potentialAction":[{"@type":"ReadAction","target":["https:\/\/cartasonorademallorca.com\/en\/listing\/boc-retorna-als-escenaris\/"]}]},{"@type":"ImageObject","inLanguage":"en-US","@id":"https:\/\/cartasonorademallorca.com\/en\/listing\/boc-retorna-als-escenaris\/#primaryimage","url":"https:\/\/cartasonorademallorca.com\/wp-content\/uploads\/2023\/06\/IMG-35691-scaled.jpg","contentUrl":"https:\/\/cartasonorademallorca.com\/wp-content\/uploads\/2023\/06\/IMG-35691-scaled.jpg","width":2560,"height":1920},{"@type":"BreadcrumbList","@id":"https:\/\/cartasonorademallorca.com\/en\/listing\/boc-retorna-als-escenaris\/#breadcrumb","itemListElement":[{"@type":"ListItem","position":1,"name":"Portada","item":"https:\/\/cartasonorademallorca.com\/en\/"},{"@type":"ListItem","position":2,"name":"Llistats","item":"https:\/\/cartasonorademallorca.com\/en\/arxiu\/"},{"@type":"ListItem","position":3,"name":"BOC retorna als escenaris"}]},{"@type":"WebSite","@id":"https:\/\/cartasonorademallorca.com\/en\/#website","url":"https:\/\/cartasonorademallorca.com\/en\/","name":"Carta Sonora de Mallorca","description":"","potentialAction":[{"@type":"SearchAction","target":{"@type":"EntryPoint","urlTemplate":"https:\/\/cartasonorademallorca.com\/en\/?s={search_term_string}"},"query-input":{"@type":"PropertyValueSpecification","valueRequired":true,"valueName":"search_term_string"}}],"inLanguage":"en-US"}]}</script>
<!-- / Yoast SEO plugin. -->

El passat 22 d&#8217;abril del 2023 el grup de música folk i tradicional, BOC, tornà als escenaris després de quatre anys de pausa. Actuaren en el festival Palma Folk situat a Ses Voltes juntament amb el grup Do natural. BOC amb aquesta primera actuació iniciaren una gira de concerts i continuaran amb el projecte creat [&hellip;]
