{"id":3705,"date":"2023-07-27T20:59:12","date_gmt":"2023-07-27T20:59:12","guid":{"rendered":"https:\/\/cartasonorademallorca.com\/?post_type=listing&#038;p=3705"},"modified":"2023-07-27T20:59:14","modified_gmt":"2023-07-27T20:59:14","slug":"scarlet-rivera-sings-dylan-a-la-fundacio-miro","status":"publish","type":"listing","link":"https:\/\/cartasonorademallorca.com\/en\/listing\/scarlet-rivera-sings-dylan-a-la-fundacio-miro\/","title":{"rendered":"&#8216;Scarlet Rivera sings Dylan&#8217; a la Fundaci\u00f3 Mir\u00f3"},"content":{"rendered":"<p>El divendres 16 de juny a les 21h la violinista Scarlet Rivera, juntament amb Brandy Lauretti a la guitarra, d\u00f3na un concert a la Fundaci\u00f3 Mir\u00f3 Mallorca. Va ser el concert n\u00famero 21 del cicle musical &#8216;<a href=\"https:\/\/www.facebook.com\/p\/WOMEN-dont-WAIT-for-WAITS-100070138932307\/\">WOMEN don&#8217;t WAIT for WAITS<\/a>&#8216;. L&#8217;actuaci\u00f3 musical va ser \u00edntima, amb un p\u00fablic que no superava les 120 persones, i el repertorio interpretat varen ser algunas de les can\u00e7ons m\u00e9s conegudes de Bob Dylan.<\/p>\n<p>Scarlet Rivera va tenir un paper fonamental en la hist\u00f2ria del rock, sent una de les capdavanteres en l&#8217;interpretaci\u00f3 del viol\u00ed el\u00e8ctric. El cantautor Bob Dylan la va convidar a la seva gira <em>Rolling Thunder Revue<\/em> i a la gravaci\u00f3 de l&#8217;\u00e0lbum <em>Desire<\/em>\u00a0l&#8217;any 1975. En el documental de Netflix\u00a0<em>Rolling Thunder Revue: A Bob Dylan Story<\/em>, el director Martin Scorsese anomenava a la violinista com <em>The Queen of Swords<\/em>.<\/p>\n","protected":false},"featured_media":3703,"comment_status":"open","ping_status":"open","template":"","tags":[649,2343,1119,2515],"listing_category":[390,428],"listing_location":[2516,429],"listing_feature":[28,59,1273,178,1274],"class_list":["post-3705","listing","type-listing","status-publish","has-post-thumbnail","hentry","tag-concert-en","tag-rock-en","tag-turisme-en","tag-violi-en","custom_tags_1-bob-dylan-en","custom_tags_1-brandy-lauretti-en","custom_tags_1-fundacio-miro-mallorca-en","custom_tags_1-scarlet-rivera-en","custom_tags_1-women-dont-wait-for-waits-en","listing_category-text-en","listing_category-video-en","listing_location-fundacio-miro-en","listing_location-palma-en","listing_feature-ambit-profa","listing_feature-ambit-public","listing_feature-concert","listing_feature-festa","listing_feature-festival"],"acf":[],"yoast_head":"<!-- This site is optimized with the Yoast SEO plugin v27.4 - https:\/\/yoast.com\/product\/yoast-seo-wordpress\/ -->\n<title>&#039;Scarlet Rivera sings Dylan&#039; a la Fundaci\u00f3 Mir\u00f3 - Carta Sonora de Mallorca<\/title>\n<meta name=\"robots\" content=\"index, follow, max-snippet:-1, max-image-preview:large, max-video-preview:-1\" \/>\n<link rel=\"canonical\" href=\"https:\/\/cartasonorademallorca.com\/en\/listing\/scarlet-rivera-sings-dylan-a-la-fundacio-miro\/\" \/>\n<meta property=\"og:locale\" content=\"en_US\" \/>\n<meta property=\"og:type\" content=\"article\" \/>\n<meta property=\"og:title\" content=\"&#039;Scarlet Rivera sings Dylan&#039; a la Fundaci\u00f3 Mir\u00f3 - Carta Sonora de Mallorca\" \/>\n<meta property=\"og:description\" content=\"El divendres 16 de juny a les 21h la violinista Scarlet Rivera, juntament amb Brandy Lauretti a la guitarra, d\u00f3na un concert a la Fundaci\u00f3 Mir\u00f3 Mallorca. Va ser el concert n\u00famero 21 del cicle musical &#8216;WOMEN don&#8217;t WAIT for WAITS&#8216;. L&#8217;actuaci\u00f3 musical va ser \u00edntima, amb un p\u00fablic que no superava les 120 persones, [&hellip;]\" \/>\n<meta property=\"og:url\" content=\"https:\/\/cartasonorademallorca.com\/en\/listing\/scarlet-rivera-sings-dylan-a-la-fundacio-miro\/\" \/>\n<meta property=\"og:site_name\" content=\"Carta Sonora de Mallorca\" \/>\n<meta property=\"article:modified_time\" content=\"2023-07-27T20:59:14+00:00\" \/>\n<meta property=\"og:image\" content=\"https:\/\/cartasonorademallorca.com\/wp-content\/uploads\/2023\/06\/Captura-de-pantalla-2023-07-27-a-les-22.58.12.png\" \/>\n\t<meta property=\"og:image:width\" content=\"1204\" \/>\n\t<meta property=\"og:image:height\" content=\"1342\" \/>\n\t<meta property=\"og:image:type\" content=\"image\/png\" \/>\n<meta name=\"twitter:card\" content=\"summary_large_image\" \/>\n<meta name=\"twitter:label1\" content=\"Est. reading time\" \/>\n\t<meta name=\"twitter:data1\" content=\"1 minute\" \/>\n<script type=\"application\/ld+json\" class=\"yoast-schema-graph\">{\"@context\":\"https:\\\/\\\/schema.org\",\"@graph\":[{\"@type\":\"WebPage\",\"@id\":\"https:\\\/\\\/cartasonorademallorca.com\\\/en\\\/listing\\\/scarlet-rivera-sings-dylan-a-la-fundacio-miro\\\/\",\"url\":\"https:\\\/\\\/cartasonorademallorca.com\\\/en\\\/listing\\\/scarlet-rivera-sings-dylan-a-la-fundacio-miro\\\/\",\"name\":\"'Scarlet Rivera sings Dylan' a la Fundaci\u00f3 Mir\u00f3 - Carta Sonora de Mallorca\",\"isPartOf\":{\"@id\":\"https:\\\/\\\/cartasonorademallorca.com\\\/en\\\/#website\"},\"primaryImageOfPage\":{\"@id\":\"https:\\\/\\\/cartasonorademallorca.com\\\/en\\\/listing\\\/scarlet-rivera-sings-dylan-a-la-fundacio-miro\\\/#primaryimage\"},\"image\":{\"@id\":\"https:\\\/\\\/cartasonorademallorca.com\\\/en\\\/listing\\\/scarlet-rivera-sings-dylan-a-la-fundacio-miro\\\/#primaryimage\"},\"thumbnailUrl\":\"https:\\\/\\\/cartasonorademallorca.com\\\/wp-content\\\/uploads\\\/2023\\\/06\\\/Captura-de-pantalla-2023-07-27-a-les-22.58.12.png\",\"datePublished\":\"2023-07-27T20:59:12+00:00\",\"dateModified\":\"2023-07-27T20:59:14+00:00\",\"breadcrumb\":{\"@id\":\"https:\\\/\\\/cartasonorademallorca.com\\\/en\\\/listing\\\/scarlet-rivera-sings-dylan-a-la-fundacio-miro\\\/#breadcrumb\"},\"inLanguage\":\"en-US\",\"potentialAction\":[{\"@type\":\"ReadAction\",\"target\":[\"https:\\\/\\\/cartasonorademallorca.com\\\/en\\\/listing\\\/scarlet-rivera-sings-dylan-a-la-fundacio-miro\\\/\"]}]},{\"@type\":\"ImageObject\",\"inLanguage\":\"en-US\",\"@id\":\"https:\\\/\\\/cartasonorademallorca.com\\\/en\\\/listing\\\/scarlet-rivera-sings-dylan-a-la-fundacio-miro\\\/#primaryimage\",\"url\":\"https:\\\/\\\/cartasonorademallorca.com\\\/wp-content\\\/uploads\\\/2023\\\/06\\\/Captura-de-pantalla-2023-07-27-a-les-22.58.12.png\",\"contentUrl\":\"https:\\\/\\\/cartasonorademallorca.com\\\/wp-content\\\/uploads\\\/2023\\\/06\\\/Captura-de-pantalla-2023-07-27-a-les-22.58.12.png\",\"width\":1204,\"height\":1342},{\"@type\":\"BreadcrumbList\",\"@id\":\"https:\\\/\\\/cartasonorademallorca.com\\\/en\\\/listing\\\/scarlet-rivera-sings-dylan-a-la-fundacio-miro\\\/#breadcrumb\",\"itemListElement\":[{\"@type\":\"ListItem\",\"position\":1,\"name\":\"Portada\",\"item\":\"https:\\\/\\\/cartasonorademallorca.com\\\/en\\\/\"},{\"@type\":\"ListItem\",\"position\":2,\"name\":\"Llistats\",\"item\":\"https:\\\/\\\/cartasonorademallorca.com\\\/en\\\/arxiu\\\/\"},{\"@type\":\"ListItem\",\"position\":3,\"name\":\"&#8216;Scarlet Rivera sings Dylan&#8217; a la Fundaci\u00f3 Mir\u00f3\"}]},{\"@type\":\"WebSite\",\"@id\":\"https:\\\/\\\/cartasonorademallorca.com\\\/en\\\/#website\",\"url\":\"https:\\\/\\\/cartasonorademallorca.com\\\/en\\\/\",\"name\":\"Carta Sonora de Mallorca\",\"description\":\"\",\"potentialAction\":[{\"@type\":\"SearchAction\",\"target\":{\"@type\":\"EntryPoint\",\"urlTemplate\":\"https:\\\/\\\/cartasonorademallorca.com\\\/en\\\/?s={search_term_string}\"},\"query-input\":{\"@type\":\"PropertyValueSpecification\",\"valueRequired\":true,\"valueName\":\"search_term_string\"}}],\"inLanguage\":\"en-US\"}]}<\/script>\n<!-- \/ Yoast SEO plugin. -->","yoast_head_json":{"title":"'Scarlet Rivera sings Dylan' a la Fundaci\u00f3 Mir\u00f3 - Carta Sonora de Mallorca","robots":{"index":"index","follow":"follow","max-snippet":"max-snippet:-1","max-image-preview":"max-image-preview:large","max-video-preview":"max-video-preview:-1"},"canonical":"https:\/\/cartasonorademallorca.com\/en\/listing\/scarlet-rivera-sings-dylan-a-la-fundacio-miro\/","og_locale":"en_US","og_type":"article","og_title":"'Scarlet Rivera sings Dylan' a la Fundaci\u00f3 Mir\u00f3 - Carta Sonora de Mallorca","og_description":"El divendres 16 de juny a les 21h la violinista Scarlet Rivera, juntament amb Brandy Lauretti a la guitarra, d\u00f3na un concert a la Fundaci\u00f3 Mir\u00f3 Mallorca. Va ser el concert n\u00famero 21 del cicle musical &#8216;WOMEN don&#8217;t WAIT for WAITS&#8216;. L&#8217;actuaci\u00f3 musical va ser \u00edntima, amb un p\u00fablic que no superava les 120 persones, [&hellip;]","og_url":"https:\/\/cartasonorademallorca.com\/en\/listing\/scarlet-rivera-sings-dylan-a-la-fundacio-miro\/","og_site_name":"Carta Sonora de Mallorca","article_modified_time":"2023-07-27T20:59:14+00:00","og_image":[{"width":1204,"height":1342,"url":"https:\/\/cartasonorademallorca.com\/wp-content\/uploads\/2023\/06\/Captura-de-pantalla-2023-07-27-a-les-22.58.12.png","type":"image\/png"}],"twitter_card":"summary_large_image","twitter_misc":{"Est. reading time":"1 minute"},"schema":{"@context":"https:\/\/schema.org","@graph":[{"@type":"WebPage","@id":"https:\/\/cartasonorademallorca.com\/en\/listing\/scarlet-rivera-sings-dylan-a-la-fundacio-miro\/","url":"https:\/\/cartasonorademallorca.com\/en\/listing\/scarlet-rivera-sings-dylan-a-la-fundacio-miro\/","name":"'Scarlet Rivera sings Dylan' a la Fundaci\u00f3 Mir\u00f3 - Carta Sonora de Mallorca","isPartOf":{"@id":"https:\/\/cartasonorademallorca.com\/en\/#website"},"primaryImageOfPage":{"@id":"https:\/\/cartasonorademallorca.com\/en\/listing\/scarlet-rivera-sings-dylan-a-la-fundacio-miro\/#primaryimage"},"image":{"@id":"https:\/\/cartasonorademallorca.com\/en\/listing\/scarlet-rivera-sings-dylan-a-la-fundacio-miro\/#primaryimage"},"thumbnailUrl":"https:\/\/cartasonorademallorca.com\/wp-content\/uploads\/2023\/06\/Captura-de-pantalla-2023-07-27-a-les-22.58.12.png","datePublished":"2023-07-27T20:59:12+00:00","dateModified":"2023-07-27T20:59:14+00:00","breadcrumb":{"@id":"https:\/\/cartasonorademallorca.com\/en\/listing\/scarlet-rivera-sings-dylan-a-la-fundacio-miro\/#breadcrumb"},"inLanguage":"en-US","potentialAction":[{"@type":"ReadAction","target":["https:\/\/cartasonorademallorca.com\/en\/listing\/scarlet-rivera-sings-dylan-a-la-fundacio-miro\/"]}]},{"@type":"ImageObject","inLanguage":"en-US","@id":"https:\/\/cartasonorademallorca.com\/en\/listing\/scarlet-rivera-sings-dylan-a-la-fundacio-miro\/#primaryimage","url":"https:\/\/cartasonorademallorca.com\/wp-content\/uploads\/2023\/06\/Captura-de-pantalla-2023-07-27-a-les-22.58.12.png","contentUrl":"https:\/\/cartasonorademallorca.com\/wp-content\/uploads\/2023\/06\/Captura-de-pantalla-2023-07-27-a-les-22.58.12.png","width":1204,"height":1342},{"@type":"BreadcrumbList","@id":"https:\/\/cartasonorademallorca.com\/en\/listing\/scarlet-rivera-sings-dylan-a-la-fundacio-miro\/#breadcrumb","itemListElement":[{"@type":"ListItem","position":1,"name":"Portada","item":"https:\/\/cartasonorademallorca.com\/en\/"},{"@type":"ListItem","position":2,"name":"Llistats","item":"https:\/\/cartasonorademallorca.com\/en\/arxiu\/"},{"@type":"ListItem","position":3,"name":"&#8216;Scarlet Rivera sings Dylan&#8217; a la Fundaci\u00f3 Mir\u00f3"}]},{"@type":"WebSite","@id":"https:\/\/cartasonorademallorca.com\/en\/#website","url":"https:\/\/cartasonorademallorca.com\/en\/","name":"Carta Sonora de Mallorca","description":"","potentialAction":[{"@type":"SearchAction","target":{"@type":"EntryPoint","urlTemplate":"https:\/\/cartasonorademallorca.com\/en\/?s={search_term_string}"},"query-input":{"@type":"PropertyValueSpecification","valueRequired":true,"valueName":"search_term_string"}}],"inLanguage":"en-US"}]}},"_links":{"self":[{"href":"https:\/\/cartasonorademallorca.com\/en\/wp-json\/wp\/v2\/listing\/3705","targetHints":{"allow":["GET"]}}],"collection":[{"href":"https:\/\/cartasonorademallorca.com\/en\/wp-json\/wp\/v2\/listing"}],"about":[{"href":"https:\/\/cartasonorademallorca.com\/en\/wp-json\/wp\/v2\/types\/listing"}],"replies":[{"embeddable":true,"href":"https:\/\/cartasonorademallorca.com\/en\/wp-json\/wp\/v2\/comments?post=3705"}],"wp:featuredmedia":[{"embeddable":true,"href":"https:\/\/cartasonorademallorca.com\/en\/wp-json\/wp\/v2\/media\/3703"}],"wp:attachment":[{"href":"https:\/\/cartasonorademallorca.com\/en\/wp-json\/wp\/v2\/media?parent=3705"}],"wp:term":[{"taxonomy":"post_tag","embeddable":true,"href":"https:\/\/cartasonorademallorca.com\/en\/wp-json\/wp\/v2\/tags?post=3705"},{"taxonomy":"listing_category","embeddable":true,"href":"https:\/\/cartasonorademallorca.com\/en\/wp-json\/wp\/v2\/listing_category?post=3705"},{"taxonomy":"listing_location","embeddable":true,"href":"https:\/\/cartasonorademallorca.com\/en\/wp-json\/wp\/v2\/listing_location?post=3705"},{"taxonomy":"listing_feature","embeddable":true,"href":"https:\/\/cartasonorademallorca.com\/en\/wp-json\/wp\/v2\/listing_feature?post=3705"}],"curies":[{"name":"wp","href":"https:\/\/api.w.org\/{rel}","templated":true}]}}

&#8216;Scarlet Rivera sings Dylan&#8217; a la Fundació Miró

<p>El divendres 16 de juny a les 21h la violinista Scarlet Rivera, juntament amb Brandy Lauretti a la guitarra, dóna un concert a la Fundació Miró Mallorca. Va ser el concert número 21 del cicle musical &#8216;<a href="https://www.facebook.com/p/WOMEN-dont-WAIT-for-WAITS-100070138932307/">WOMEN don&#8217;t WAIT for WAITS</a>&#8216;. L&#8217;actuació musical va ser íntima, amb un públic que no superava les 120 persones, i el repertorio interpretat varen ser algunas de les cançons més conegudes de Bob Dylan.</p>
<p>Scarlet Rivera va tenir un paper fonamental en la història del rock, sent una de les capdavanteres en l&#8217;interpretació del violí elèctric. El cantautor Bob Dylan la va convidar a la seva gira <em>Rolling Thunder Revue</em> i a la gravació de l&#8217;àlbum <em>Desire</em> l&#8217;any 1975. En el documental de Netflix <em>Rolling Thunder Revue: A Bob Dylan Story</em>, el director Martin Scorsese anomenava a la violinista com <em>The Queen of Swords</em>.</p>

<!-- This site is optimized with the Yoast SEO plugin v27.4 - https://yoast.com/product/yoast-seo-wordpress/ -->
<title>&#039;Scarlet Rivera sings Dylan&#039; a la Fundació Miró - Carta Sonora de Mallorca</title>
<meta name="robots" content="index, follow, max-snippet:-1, max-image-preview:large, max-video-preview:-1" />
<link rel="canonical" href="https://cartasonorademallorca.com/en/listing/scarlet-rivera-sings-dylan-a-la-fundacio-miro/" />
<meta property="og:locale" content="en_US" />
<meta property="og:type" content="article" />
<meta property="og:title" content="&#039;Scarlet Rivera sings Dylan&#039; a la Fundació Miró - Carta Sonora de Mallorca" />
<meta property="og:description" content="El divendres 16 de juny a les 21h la violinista Scarlet Rivera, juntament amb Brandy Lauretti a la guitarra, dóna un concert a la Fundació Miró Mallorca. Va ser el concert número 21 del cicle musical &#8216;WOMEN don&#8217;t WAIT for WAITS&#8216;. L&#8217;actuació musical va ser íntima, amb un públic que no superava les 120 persones, [&hellip;]" />
<meta property="og:url" content="https://cartasonorademallorca.com/en/listing/scarlet-rivera-sings-dylan-a-la-fundacio-miro/" />
<meta property="og:site_name" content="Carta Sonora de Mallorca" />
<meta property="article:modified_time" content="2023-07-27T20:59:14+00:00" />
<meta property="og:image" content="https://cartasonorademallorca.com/wp-content/uploads/2023/06/Captura-de-pantalla-2023-07-27-a-les-22.58.12.png" />
	<meta property="og:image:width" content="1204" />
	<meta property="og:image:height" content="1342" />
	<meta property="og:image:type" content="image/png" />
<meta name="twitter:card" content="summary_large_image" />
<meta name="twitter:label1" content="Est. reading time" />
	<meta name="twitter:data1" content="1 minute" />
<script type="application/ld+json" class="yoast-schema-graph">{"@context":"https:\/\/schema.org","@graph":[{"@type":"WebPage","@id":"https:\/\/cartasonorademallorca.com\/en\/listing\/scarlet-rivera-sings-dylan-a-la-fundacio-miro\/","url":"https:\/\/cartasonorademallorca.com\/en\/listing\/scarlet-rivera-sings-dylan-a-la-fundacio-miro\/","name":"'Scarlet Rivera sings Dylan' a la Fundació Miró - Carta Sonora de Mallorca","isPartOf":{"@id":"https:\/\/cartasonorademallorca.com\/en\/#website"},"primaryImageOfPage":{"@id":"https:\/\/cartasonorademallorca.com\/en\/listing\/scarlet-rivera-sings-dylan-a-la-fundacio-miro\/#primaryimage"},"image":{"@id":"https:\/\/cartasonorademallorca.com\/en\/listing\/scarlet-rivera-sings-dylan-a-la-fundacio-miro\/#primaryimage"},"thumbnailUrl":"https:\/\/cartasonorademallorca.com\/wp-content\/uploads\/2023\/06\/Captura-de-pantalla-2023-07-27-a-les-22.58.12.png","datePublished":"2023-07-27T20:59:12+00:00","dateModified":"2023-07-27T20:59:14+00:00","breadcrumb":{"@id":"https:\/\/cartasonorademallorca.com\/en\/listing\/scarlet-rivera-sings-dylan-a-la-fundacio-miro\/#breadcrumb"},"inLanguage":"en-US","potentialAction":[{"@type":"ReadAction","target":["https:\/\/cartasonorademallorca.com\/en\/listing\/scarlet-rivera-sings-dylan-a-la-fundacio-miro\/"]}]},{"@type":"ImageObject","inLanguage":"en-US","@id":"https:\/\/cartasonorademallorca.com\/en\/listing\/scarlet-rivera-sings-dylan-a-la-fundacio-miro\/#primaryimage","url":"https:\/\/cartasonorademallorca.com\/wp-content\/uploads\/2023\/06\/Captura-de-pantalla-2023-07-27-a-les-22.58.12.png","contentUrl":"https:\/\/cartasonorademallorca.com\/wp-content\/uploads\/2023\/06\/Captura-de-pantalla-2023-07-27-a-les-22.58.12.png","width":1204,"height":1342},{"@type":"BreadcrumbList","@id":"https:\/\/cartasonorademallorca.com\/en\/listing\/scarlet-rivera-sings-dylan-a-la-fundacio-miro\/#breadcrumb","itemListElement":[{"@type":"ListItem","position":1,"name":"Portada","item":"https:\/\/cartasonorademallorca.com\/en\/"},{"@type":"ListItem","position":2,"name":"Llistats","item":"https:\/\/cartasonorademallorca.com\/en\/arxiu\/"},{"@type":"ListItem","position":3,"name":"&#8216;Scarlet Rivera sings Dylan&#8217; a la Fundació Miró"}]},{"@type":"WebSite","@id":"https:\/\/cartasonorademallorca.com\/en\/#website","url":"https:\/\/cartasonorademallorca.com\/en\/","name":"Carta Sonora de Mallorca","description":"","potentialAction":[{"@type":"SearchAction","target":{"@type":"EntryPoint","urlTemplate":"https:\/\/cartasonorademallorca.com\/en\/?s={search_term_string}"},"query-input":{"@type":"PropertyValueSpecification","valueRequired":true,"valueName":"search_term_string"}}],"inLanguage":"en-US"}]}</script>
<!-- / Yoast SEO plugin. -->

'Scarlet Rivera sings Dylan' a la Fundació Miró - Carta Sonora de Mallorca

El divendres 16 de juny a les 21h la violinista Scarlet Rivera, juntament amb Brandy Lauretti a la guitarra, dóna un concert a la Fundació Miró Mallorca. Va ser el concert número 21 del cicle musical &#8216;WOMEN don&#8217;t WAIT for WAITS&#8216;. L&#8217;actuació musical va ser íntima, amb un públic que no superava les 120 persones, [&hellip;]
