{"id":2695,"date":"2022-09-18T10:56:11","date_gmt":"2022-09-18T10:56:11","guid":{"rendered":"https:\/\/cartasonorademallorca.com\/listing\/renuncia-de-jordi-font-com-a-director-de-la-banda-de-musica-de-llucmajor\/"},"modified":"2023-01-08T07:46:37","modified_gmt":"2023-01-08T07:46:37","slug":"renuncia-de-jordi-font-com-a-director-de-la-banda-de-musica-de-llucmajor","status":"publish","type":"listing","link":"https:\/\/cartasonorademallorca.com\/es\/listing\/renuncia-de-jordi-font-com-a-director-de-la-banda-de-musica-de-llucmajor\/","title":{"rendered":"Ren\u00fancia de Jordi Font com a director de la Banda de M\u00fasica de Llucmajor"},"content":{"rendered":"<div class=\"page\" title=\"Page 424\">\n<div class=\"section\">\n<div class=\"layoutArea\">\n<div class=\"column\">\n<p>A l&#8217;arxiu de l&#8217;Associaci\u00f3 Cultural &#8220;Sa M\u00fasica&#8221; de Llucmajor s&#8217;hi guarda una carta emesa per Jordi Font (qui era el director de la banda) i remesa a Gabriel Verdera (qui era en aquell moment el president de la instituci\u00f3 musical) datada el 30 de gener de 1878 en la qual l&#8217;emissor comunicava el seu desig de dimitir del seu c\u00e0rrec i recomanava a un jove del poble com a substitut en la seva pla\u00e7a de flaut\u00ed.<\/p>\n<blockquote><p>&#8220;Al presidente y amigo Gabriel Verdera; espero me hara\u0301s el favor de dar lectura a los mu\u0301sicos, de esta mi ultima resolusion. Deseo sustituirme o poner otro que sirva de mu\u0301sico en mi lugar como concede a todos los musicos en corporacion para que pasen a su favor todos sus intereses que en la musica tenga creados segun concede uno de los articulos del Reglamento. Mi primera eleccion es o recae en un sobrino de mi mujer, previo el consentimiento de sus padres, Miguel Tomas y Monserrat. En breve tiempo si se le da el flautin, podra tocar, de cuya ensen\u0303anza yo me encargari\u0301a. Si posible fuera arreglarlo esta noche misma, se agradeceria. Llumayor 30 de enero de 1878. (Signat) Jorge Font&#8221;<\/p><\/blockquote>\n<\/div>\n<\/div>\n<\/div>\n<\/div>\n","protected":false},"featured_media":2358,"comment_status":"open","ping_status":"open","template":"","tags":[557,558,559,545,560],"listing_category":[444,396],"listing_location":[549],"listing_feature":[34,28,157],"class_list":["post-2695","listing","type-listing","status-publish","has-post-thumbnail","hentry","tag-banda-de-musica-es","tag-dimisio-es","tag-director-es","tag-llucmajor-es","tag-renuncia-es","custom_tags_1-gabriel-verdera-es","custom_tags_1-jordi-font-es","custom_tags_1-miquel-tomas-montserrat-es","listing_category-imatge-es","listing_category-text-es","listing_location-llucmajor-es","listing_feature-ambit-domestic","listing_feature-ambit-profa","listing_feature-documentacio-musics"],"acf":[],"yoast_head":"<!-- This site is optimized with the Yoast SEO plugin v27.4 - https:\/\/yoast.com\/product\/yoast-seo-wordpress\/ -->\n<title>Ren\u00fancia de Jordi Font com a director de la Banda de M\u00fasica de Llucmajor - Carta Sonora de Mallorca<\/title>\n<meta name=\"robots\" content=\"index, follow, max-snippet:-1, max-image-preview:large, max-video-preview:-1\" \/>\n<link rel=\"canonical\" href=\"https:\/\/cartasonorademallorca.com\/es\/listing\/renuncia-de-jordi-font-com-a-director-de-la-banda-de-musica-de-llucmajor\/\" \/>\n<meta property=\"og:locale\" content=\"es_ES\" \/>\n<meta property=\"og:type\" content=\"article\" \/>\n<meta property=\"og:title\" content=\"Ren\u00fancia de Jordi Font com a director de la Banda de M\u00fasica de Llucmajor - Carta Sonora de Mallorca\" \/>\n<meta property=\"og:description\" content=\"A l&#8217;arxiu de l&#8217;Associaci\u00f3 Cultural &#8220;Sa M\u00fasica&#8221; de Llucmajor s&#8217;hi guarda una carta emesa per Jordi Font (qui era el director de la banda) i remesa a Gabriel Verdera (qui era en aquell moment el president de la instituci\u00f3 musical) datada el 30 de gener de 1878 en la qual l&#8217;emissor comunicava el seu desig [&hellip;]\" \/>\n<meta property=\"og:url\" content=\"https:\/\/cartasonorademallorca.com\/es\/listing\/renuncia-de-jordi-font-com-a-director-de-la-banda-de-musica-de-llucmajor\/\" \/>\n<meta property=\"og:site_name\" content=\"Carta Sonora de Mallorca\" \/>\n<meta property=\"article:modified_time\" content=\"2023-01-08T07:46:37+00:00\" \/>\n<meta property=\"og:image\" content=\"https:\/\/cartasonorademallorca.com\/wp-content\/uploads\/2022\/09\/IMG_3599-1-scaled.jpg\" \/>\n\t<meta property=\"og:image:width\" content=\"1616\" \/>\n\t<meta property=\"og:image:height\" content=\"2560\" \/>\n\t<meta property=\"og:image:type\" content=\"image\/jpeg\" \/>\n<meta name=\"twitter:card\" content=\"summary_large_image\" \/>\n<meta name=\"twitter:label1\" content=\"Est. reading time\" \/>\n\t<meta name=\"twitter:data1\" content=\"2 minutes\" \/>\n<script type=\"application\/ld+json\" class=\"yoast-schema-graph\">{\"@context\":\"https:\\\/\\\/schema.org\",\"@graph\":[{\"@type\":\"WebPage\",\"@id\":\"https:\\\/\\\/cartasonorademallorca.com\\\/es\\\/listing\\\/renuncia-de-jordi-font-com-a-director-de-la-banda-de-musica-de-llucmajor\\\/\",\"url\":\"https:\\\/\\\/cartasonorademallorca.com\\\/es\\\/listing\\\/renuncia-de-jordi-font-com-a-director-de-la-banda-de-musica-de-llucmajor\\\/\",\"name\":\"Ren\u00fancia de Jordi Font com a director de la Banda de M\u00fasica de Llucmajor - Carta Sonora de Mallorca\",\"isPartOf\":{\"@id\":\"https:\\\/\\\/cartasonorademallorca.com\\\/es\\\/#website\"},\"primaryImageOfPage\":{\"@id\":\"https:\\\/\\\/cartasonorademallorca.com\\\/es\\\/listing\\\/renuncia-de-jordi-font-com-a-director-de-la-banda-de-musica-de-llucmajor\\\/#primaryimage\"},\"image\":{\"@id\":\"https:\\\/\\\/cartasonorademallorca.com\\\/es\\\/listing\\\/renuncia-de-jordi-font-com-a-director-de-la-banda-de-musica-de-llucmajor\\\/#primaryimage\"},\"thumbnailUrl\":\"https:\\\/\\\/cartasonorademallorca.com\\\/wp-content\\\/uploads\\\/2022\\\/09\\\/IMG_3599-1-scaled.jpg\",\"datePublished\":\"2022-09-18T10:56:11+00:00\",\"dateModified\":\"2023-01-08T07:46:37+00:00\",\"breadcrumb\":{\"@id\":\"https:\\\/\\\/cartasonorademallorca.com\\\/es\\\/listing\\\/renuncia-de-jordi-font-com-a-director-de-la-banda-de-musica-de-llucmajor\\\/#breadcrumb\"},\"inLanguage\":\"es-ES\",\"potentialAction\":[{\"@type\":\"ReadAction\",\"target\":[\"https:\\\/\\\/cartasonorademallorca.com\\\/es\\\/listing\\\/renuncia-de-jordi-font-com-a-director-de-la-banda-de-musica-de-llucmajor\\\/\"]}]},{\"@type\":\"ImageObject\",\"inLanguage\":\"es-ES\",\"@id\":\"https:\\\/\\\/cartasonorademallorca.com\\\/es\\\/listing\\\/renuncia-de-jordi-font-com-a-director-de-la-banda-de-musica-de-llucmajor\\\/#primaryimage\",\"url\":\"https:\\\/\\\/cartasonorademallorca.com\\\/wp-content\\\/uploads\\\/2022\\\/09\\\/IMG_3599-1-scaled.jpg\",\"contentUrl\":\"https:\\\/\\\/cartasonorademallorca.com\\\/wp-content\\\/uploads\\\/2022\\\/09\\\/IMG_3599-1-scaled.jpg\",\"width\":1616,\"height\":2560,\"caption\":\"Fotografia: Joan ANtoni Ballester. Col. Banda de M\u00fasica de Llucmajor\"},{\"@type\":\"BreadcrumbList\",\"@id\":\"https:\\\/\\\/cartasonorademallorca.com\\\/es\\\/listing\\\/renuncia-de-jordi-font-com-a-director-de-la-banda-de-musica-de-llucmajor\\\/#breadcrumb\",\"itemListElement\":[{\"@type\":\"ListItem\",\"position\":1,\"name\":\"Portada\",\"item\":\"https:\\\/\\\/cartasonorademallorca.com\\\/es\\\/\"},{\"@type\":\"ListItem\",\"position\":2,\"name\":\"Llistats\",\"item\":\"https:\\\/\\\/cartasonorademallorca.com\\\/es\\\/arxiu\\\/\"},{\"@type\":\"ListItem\",\"position\":3,\"name\":\"Ren\u00fancia de Jordi Font com a director de la Banda de M\u00fasica de Llucmajor\"}]},{\"@type\":\"WebSite\",\"@id\":\"https:\\\/\\\/cartasonorademallorca.com\\\/es\\\/#website\",\"url\":\"https:\\\/\\\/cartasonorademallorca.com\\\/es\\\/\",\"name\":\"Carta Sonora de Mallorca\",\"description\":\"\",\"potentialAction\":[{\"@type\":\"SearchAction\",\"target\":{\"@type\":\"EntryPoint\",\"urlTemplate\":\"https:\\\/\\\/cartasonorademallorca.com\\\/es\\\/?s={search_term_string}\"},\"query-input\":{\"@type\":\"PropertyValueSpecification\",\"valueRequired\":true,\"valueName\":\"search_term_string\"}}],\"inLanguage\":\"es-ES\"}]}<\/script>\n<!-- \/ Yoast SEO plugin. -->","yoast_head_json":{"title":"Ren\u00fancia de Jordi Font com a director de la Banda de M\u00fasica de Llucmajor - Carta Sonora de Mallorca","robots":{"index":"index","follow":"follow","max-snippet":"max-snippet:-1","max-image-preview":"max-image-preview:large","max-video-preview":"max-video-preview:-1"},"canonical":"https:\/\/cartasonorademallorca.com\/es\/listing\/renuncia-de-jordi-font-com-a-director-de-la-banda-de-musica-de-llucmajor\/","og_locale":"es_ES","og_type":"article","og_title":"Ren\u00fancia de Jordi Font com a director de la Banda de M\u00fasica de Llucmajor - Carta Sonora de Mallorca","og_description":"A l&#8217;arxiu de l&#8217;Associaci\u00f3 Cultural &#8220;Sa M\u00fasica&#8221; de Llucmajor s&#8217;hi guarda una carta emesa per Jordi Font (qui era el director de la banda) i remesa a Gabriel Verdera (qui era en aquell moment el president de la instituci\u00f3 musical) datada el 30 de gener de 1878 en la qual l&#8217;emissor comunicava el seu desig [&hellip;]","og_url":"https:\/\/cartasonorademallorca.com\/es\/listing\/renuncia-de-jordi-font-com-a-director-de-la-banda-de-musica-de-llucmajor\/","og_site_name":"Carta Sonora de Mallorca","article_modified_time":"2023-01-08T07:46:37+00:00","og_image":[{"width":1616,"height":2560,"url":"https:\/\/cartasonorademallorca.com\/wp-content\/uploads\/2022\/09\/IMG_3599-1-scaled.jpg","type":"image\/jpeg"}],"twitter_card":"summary_large_image","twitter_misc":{"Est. reading time":"2 minutes"},"schema":{"@context":"https:\/\/schema.org","@graph":[{"@type":"WebPage","@id":"https:\/\/cartasonorademallorca.com\/es\/listing\/renuncia-de-jordi-font-com-a-director-de-la-banda-de-musica-de-llucmajor\/","url":"https:\/\/cartasonorademallorca.com\/es\/listing\/renuncia-de-jordi-font-com-a-director-de-la-banda-de-musica-de-llucmajor\/","name":"Ren\u00fancia de Jordi Font com a director de la Banda de M\u00fasica de Llucmajor - Carta Sonora de Mallorca","isPartOf":{"@id":"https:\/\/cartasonorademallorca.com\/es\/#website"},"primaryImageOfPage":{"@id":"https:\/\/cartasonorademallorca.com\/es\/listing\/renuncia-de-jordi-font-com-a-director-de-la-banda-de-musica-de-llucmajor\/#primaryimage"},"image":{"@id":"https:\/\/cartasonorademallorca.com\/es\/listing\/renuncia-de-jordi-font-com-a-director-de-la-banda-de-musica-de-llucmajor\/#primaryimage"},"thumbnailUrl":"https:\/\/cartasonorademallorca.com\/wp-content\/uploads\/2022\/09\/IMG_3599-1-scaled.jpg","datePublished":"2022-09-18T10:56:11+00:00","dateModified":"2023-01-08T07:46:37+00:00","breadcrumb":{"@id":"https:\/\/cartasonorademallorca.com\/es\/listing\/renuncia-de-jordi-font-com-a-director-de-la-banda-de-musica-de-llucmajor\/#breadcrumb"},"inLanguage":"es-ES","potentialAction":[{"@type":"ReadAction","target":["https:\/\/cartasonorademallorca.com\/es\/listing\/renuncia-de-jordi-font-com-a-director-de-la-banda-de-musica-de-llucmajor\/"]}]},{"@type":"ImageObject","inLanguage":"es-ES","@id":"https:\/\/cartasonorademallorca.com\/es\/listing\/renuncia-de-jordi-font-com-a-director-de-la-banda-de-musica-de-llucmajor\/#primaryimage","url":"https:\/\/cartasonorademallorca.com\/wp-content\/uploads\/2022\/09\/IMG_3599-1-scaled.jpg","contentUrl":"https:\/\/cartasonorademallorca.com\/wp-content\/uploads\/2022\/09\/IMG_3599-1-scaled.jpg","width":1616,"height":2560,"caption":"Fotografia: Joan ANtoni Ballester. Col. Banda de M\u00fasica de Llucmajor"},{"@type":"BreadcrumbList","@id":"https:\/\/cartasonorademallorca.com\/es\/listing\/renuncia-de-jordi-font-com-a-director-de-la-banda-de-musica-de-llucmajor\/#breadcrumb","itemListElement":[{"@type":"ListItem","position":1,"name":"Portada","item":"https:\/\/cartasonorademallorca.com\/es\/"},{"@type":"ListItem","position":2,"name":"Llistats","item":"https:\/\/cartasonorademallorca.com\/es\/arxiu\/"},{"@type":"ListItem","position":3,"name":"Ren\u00fancia de Jordi Font com a director de la Banda de M\u00fasica de Llucmajor"}]},{"@type":"WebSite","@id":"https:\/\/cartasonorademallorca.com\/es\/#website","url":"https:\/\/cartasonorademallorca.com\/es\/","name":"Carta Sonora de Mallorca","description":"","potentialAction":[{"@type":"SearchAction","target":{"@type":"EntryPoint","urlTemplate":"https:\/\/cartasonorademallorca.com\/es\/?s={search_term_string}"},"query-input":{"@type":"PropertyValueSpecification","valueRequired":true,"valueName":"search_term_string"}}],"inLanguage":"es-ES"}]}},"_links":{"self":[{"href":"https:\/\/cartasonorademallorca.com\/es\/wp-json\/wp\/v2\/listing\/2695","targetHints":{"allow":["GET"]}}],"collection":[{"href":"https:\/\/cartasonorademallorca.com\/es\/wp-json\/wp\/v2\/listing"}],"about":[{"href":"https:\/\/cartasonorademallorca.com\/es\/wp-json\/wp\/v2\/types\/listing"}],"replies":[{"embeddable":true,"href":"https:\/\/cartasonorademallorca.com\/es\/wp-json\/wp\/v2\/comments?post=2695"}],"wp:featuredmedia":[{"embeddable":true,"href":"https:\/\/cartasonorademallorca.com\/es\/wp-json\/wp\/v2\/media\/2358"}],"wp:attachment":[{"href":"https:\/\/cartasonorademallorca.com\/es\/wp-json\/wp\/v2\/media?parent=2695"}],"wp:term":[{"taxonomy":"post_tag","embeddable":true,"href":"https:\/\/cartasonorademallorca.com\/es\/wp-json\/wp\/v2\/tags?post=2695"},{"taxonomy":"listing_category","embeddable":true,"href":"https:\/\/cartasonorademallorca.com\/es\/wp-json\/wp\/v2\/listing_category?post=2695"},{"taxonomy":"listing_location","embeddable":true,"href":"https:\/\/cartasonorademallorca.com\/es\/wp-json\/wp\/v2\/listing_location?post=2695"},{"taxonomy":"listing_feature","embeddable":true,"href":"https:\/\/cartasonorademallorca.com\/es\/wp-json\/wp\/v2\/listing_feature?post=2695"}],"curies":[{"name":"wp","href":"https:\/\/api.w.org\/{rel}","templated":true}]}}

Renúncia de Jordi Font com a director de la Banda de Música de Llucmajor

<div class="page" title="Page 424">
<div class="section">
<div class="layoutArea">
<div class="column">
<p>A l&#8217;arxiu de l&#8217;Associació Cultural &#8220;Sa Música&#8221; de Llucmajor s&#8217;hi guarda una carta emesa per Jordi Font (qui era el director de la banda) i remesa a Gabriel Verdera (qui era en aquell moment el president de la institució musical) datada el 30 de gener de 1878 en la qual l&#8217;emissor comunicava el seu desig de dimitir del seu càrrec i recomanava a un jove del poble com a substitut en la seva plaça de flautí.</p>
<blockquote><p>&#8220;Al presidente y amigo Gabriel Verdera; espero me harás el favor de dar lectura a los músicos, de esta mi ultima resolusion. Deseo sustituirme o poner otro que sirva de músico en mi lugar como concede a todos los musicos en corporacion para que pasen a su favor todos sus intereses que en la musica tenga creados segun concede uno de los articulos del Reglamento. Mi primera eleccion es o recae en un sobrino de mi mujer, previo el consentimiento de sus padres, Miguel Tomas y Monserrat. En breve tiempo si se le da el flautin, podra tocar, de cuya enseñanza yo me encargaría. Si posible fuera arreglarlo esta noche misma, se agradeceria. Llumayor 30 de enero de 1878. (Signat) Jorge Font&#8221;</p></blockquote>
</div>
</div>
</div>
</div>

<!-- This site is optimized with the Yoast SEO plugin v27.4 - https://yoast.com/product/yoast-seo-wordpress/ -->
<title>Renúncia de Jordi Font com a director de la Banda de Música de Llucmajor - Carta Sonora de Mallorca</title>
<meta name="robots" content="index, follow, max-snippet:-1, max-image-preview:large, max-video-preview:-1" />
<link rel="canonical" href="https://cartasonorademallorca.com/es/listing/renuncia-de-jordi-font-com-a-director-de-la-banda-de-musica-de-llucmajor/" />
<meta property="og:locale" content="es_ES" />
<meta property="og:type" content="article" />
<meta property="og:title" content="Renúncia de Jordi Font com a director de la Banda de Música de Llucmajor - Carta Sonora de Mallorca" />
<meta property="og:description" content="A l&#8217;arxiu de l&#8217;Associació Cultural &#8220;Sa Música&#8221; de Llucmajor s&#8217;hi guarda una carta emesa per Jordi Font (qui era el director de la banda) i remesa a Gabriel Verdera (qui era en aquell moment el president de la institució musical) datada el 30 de gener de 1878 en la qual l&#8217;emissor comunicava el seu desig [&hellip;]" />
<meta property="og:url" content="https://cartasonorademallorca.com/es/listing/renuncia-de-jordi-font-com-a-director-de-la-banda-de-musica-de-llucmajor/" />
<meta property="og:site_name" content="Carta Sonora de Mallorca" />
<meta property="article:modified_time" content="2023-01-08T07:46:37+00:00" />
<meta property="og:image" content="https://cartasonorademallorca.com/wp-content/uploads/2022/09/IMG_3599-1-scaled.jpg" />
	<meta property="og:image:width" content="1616" />
	<meta property="og:image:height" content="2560" />
	<meta property="og:image:type" content="image/jpeg" />
<meta name="twitter:card" content="summary_large_image" />
<meta name="twitter:label1" content="Est. reading time" />
	<meta name="twitter:data1" content="2 minutes" />
<script type="application/ld+json" class="yoast-schema-graph">{"@context":"https:\/\/schema.org","@graph":[{"@type":"WebPage","@id":"https:\/\/cartasonorademallorca.com\/es\/listing\/renuncia-de-jordi-font-com-a-director-de-la-banda-de-musica-de-llucmajor\/","url":"https:\/\/cartasonorademallorca.com\/es\/listing\/renuncia-de-jordi-font-com-a-director-de-la-banda-de-musica-de-llucmajor\/","name":"Renúncia de Jordi Font com a director de la Banda de Música de Llucmajor - Carta Sonora de Mallorca","isPartOf":{"@id":"https:\/\/cartasonorademallorca.com\/es\/#website"},"primaryImageOfPage":{"@id":"https:\/\/cartasonorademallorca.com\/es\/listing\/renuncia-de-jordi-font-com-a-director-de-la-banda-de-musica-de-llucmajor\/#primaryimage"},"image":{"@id":"https:\/\/cartasonorademallorca.com\/es\/listing\/renuncia-de-jordi-font-com-a-director-de-la-banda-de-musica-de-llucmajor\/#primaryimage"},"thumbnailUrl":"https:\/\/cartasonorademallorca.com\/wp-content\/uploads\/2022\/09\/IMG_3599-1-scaled.jpg","datePublished":"2022-09-18T10:56:11+00:00","dateModified":"2023-01-08T07:46:37+00:00","breadcrumb":{"@id":"https:\/\/cartasonorademallorca.com\/es\/listing\/renuncia-de-jordi-font-com-a-director-de-la-banda-de-musica-de-llucmajor\/#breadcrumb"},"inLanguage":"es-ES","potentialAction":[{"@type":"ReadAction","target":["https:\/\/cartasonorademallorca.com\/es\/listing\/renuncia-de-jordi-font-com-a-director-de-la-banda-de-musica-de-llucmajor\/"]}]},{"@type":"ImageObject","inLanguage":"es-ES","@id":"https:\/\/cartasonorademallorca.com\/es\/listing\/renuncia-de-jordi-font-com-a-director-de-la-banda-de-musica-de-llucmajor\/#primaryimage","url":"https:\/\/cartasonorademallorca.com\/wp-content\/uploads\/2022\/09\/IMG_3599-1-scaled.jpg","contentUrl":"https:\/\/cartasonorademallorca.com\/wp-content\/uploads\/2022\/09\/IMG_3599-1-scaled.jpg","width":1616,"height":2560,"caption":"Fotografia: Joan ANtoni Ballester. Col. Banda de Música de Llucmajor"},{"@type":"BreadcrumbList","@id":"https:\/\/cartasonorademallorca.com\/es\/listing\/renuncia-de-jordi-font-com-a-director-de-la-banda-de-musica-de-llucmajor\/#breadcrumb","itemListElement":[{"@type":"ListItem","position":1,"name":"Portada","item":"https:\/\/cartasonorademallorca.com\/es\/"},{"@type":"ListItem","position":2,"name":"Llistats","item":"https:\/\/cartasonorademallorca.com\/es\/arxiu\/"},{"@type":"ListItem","position":3,"name":"Renúncia de Jordi Font com a director de la Banda de Música de Llucmajor"}]},{"@type":"WebSite","@id":"https:\/\/cartasonorademallorca.com\/es\/#website","url":"https:\/\/cartasonorademallorca.com\/es\/","name":"Carta Sonora de Mallorca","description":"","potentialAction":[{"@type":"SearchAction","target":{"@type":"EntryPoint","urlTemplate":"https:\/\/cartasonorademallorca.com\/es\/?s={search_term_string}"},"query-input":{"@type":"PropertyValueSpecification","valueRequired":true,"valueName":"search_term_string"}}],"inLanguage":"es-ES"}]}</script>
<!-- / Yoast SEO plugin. -->

Renúncia de Jordi Font com a director de la Banda de Música de Llucmajor - Carta Sonora de Mallorca

A l&#8217;arxiu de l&#8217;Associació Cultural &#8220;Sa Música&#8221; de Llucmajor s&#8217;hi guarda una carta emesa per Jordi Font (qui era el director de la banda) i remesa a Gabriel Verdera (qui era en aquell moment el president de la institució musical) datada el 30 de gener de 1878 en la qual l&#8217;emissor comunicava el seu desig [&hellip;]

Fotografia: Joan ANtoni Ballester. Col. Banda de Música de Llucmajor
