{"id":2714,"date":"2022-10-19T13:59:32","date_gmt":"2022-10-19T13:59:32","guid":{"rendered":"https:\/\/cartasonorademallorca.com\/listing\/concert-de-sta-candida-de-1891\/"},"modified":"2023-08-15T22:10:18","modified_gmt":"2023-08-15T22:10:18","slug":"concert-de-sta-candida-de-1891","status":"publish","type":"listing","link":"https:\/\/cartasonorademallorca.com\/es\/listing\/concert-de-sta-candida-de-1891\/","title":{"rendered":"Concert de Sta. C\u00e0ndida de 1891"},"content":{"rendered":"<p>La coexist\u00e8ncia de diverses agrupacions band\u00edstiques a la Llucmajor de finals del s. XIX dificulta l&#8217;estabilitat d&#8217;aquestes. Normalment, aquestes agrupacions s&#8217;adhereixen a agrupacions pol\u00edtiques locals i depenen de l&#8217;\u00e8xit electoral d&#8217;aquestes per tenir m\u00e9s o menys vida musical.<\/p>\n<p>El 1891 el partit conservador governava l&#8217;ajuntament llucmajorer i la banda conservadora, dirigida per Antoni M\u00f2ger, era l&#8217;encarregada de dur a terme concerts com el de Sta. C\u00e0ndida. Per aquell concert es va interpretar:<\/p>\n<blockquote>\n<p style=\"text-align: center;\"><em>La Vanguardia de Cazadores<\/em> (Milpager)<\/p>\n<p style=\"text-align: center;\"><em>La Fiesta del pueblo<\/em> (Erviti)<\/p>\n<p style=\"text-align: center;\">Sinfonia Poeta y Aldeano (Suppe)<\/p>\n<p style=\"text-align: center;\"><em>Aria Capricho de Requinto<\/em> (no indica autor)<\/p>\n<p style=\"text-align: center;\">Cor i \u00c0ria de baix de l&#8217;\u00f2pera <em>Poliuto<\/em> (Donizetti)<\/p>\n<p style=\"text-align: center;\"><em>Introducci\u00f3 i vals per a clarinet<\/em> (no indica autor)<\/p>\n<p style=\"text-align: center;\">Malaguenya de <em>Los Microbios<\/em> (Milpager)<\/p>\n<p style=\"text-align: center;\">Mazurca de <em>La Verbena<\/em>, amb variacions per a bombard\u00ed (Verguilla)<\/p>\n<p style=\"text-align: center;\">Habanera <em>La Flamenca<\/em> (Erviti)<\/p>\n<p style=\"text-align: center;\">Pasdoble Ciudad-Rodrigo (Ruiz)<\/p>\n<\/blockquote>\n<div class=\"page\" title=\"Page 425\">\n<div class=\"section\">\n<div class=\"layoutArea\">\n<div class=\"column\">\n<blockquote><p>&nbsp;<\/p><\/blockquote>\n<\/div>\n<\/div>\n<\/div>\n<\/div>\n","protected":false},"featured_media":2262,"comment_status":"open","ping_status":"open","template":"","tags":[667,668,557,669,670,671,672,587,673,674,675,676,677,678,679,680,681,682,683,684,685],"listing_category":[444,396],"listing_location":[549],"listing_feature":[28,59,157,178],"class_list":["post-2714","listing","type-listing","status-publish","has-post-thumbnail","hentry","tag-antoni-moger-es","tag-aria-capricho-de-requinto-es","tag-banda-de-musica-es","tag-banda-de-musica-de-llucmajor-es","tag-concert-es","tag-donizetti-es","tag-erviti-es","tag-festa-es","tag-habanera-la-flamenca-es","tag-introduccio-i-vals-per-a-clarinet-es","tag-la-fiesta-del-pueblo-es","tag-la-vanguardia-de-cazadores-es","tag-malaguenya-de-los-microbios-es","tag-mazurca-de-la-verbena-amb-variacions-per-a-bombardi-es","tag-milpager-es","tag-partit-conservador-es","tag-pasdoble-ciudad-rodrigo-es","tag-poeta-y-aldeano-es","tag-poliuto-es","tag-sta-candida-es","tag-suppe-es","custom_tags_1-antoni-moger-es","custom_tags_1-banda-de-musica-de-llucmajor-es","listing_category-imatge-es","listing_category-text-es","listing_location-llucmajor-es","listing_feature-ambit-profa","listing_feature-ambit-public","listing_feature-documentacio-musics","listing_feature-festa"],"acf":[],"yoast_head":"<!-- This site is optimized with the Yoast SEO plugin v27.4 - https:\/\/yoast.com\/product\/yoast-seo-wordpress\/ -->\n<title>Concert de Sta. C\u00e0ndida de 1891 - Carta Sonora de Mallorca<\/title>\n<meta name=\"robots\" content=\"index, follow, max-snippet:-1, max-image-preview:large, max-video-preview:-1\" \/>\n<link rel=\"canonical\" href=\"https:\/\/cartasonorademallorca.com\/es\/listing\/concert-de-sta-candida-de-1891\/\" \/>\n<meta property=\"og:locale\" content=\"es_ES\" \/>\n<meta property=\"og:type\" content=\"article\" \/>\n<meta property=\"og:title\" content=\"Concert de Sta. C\u00e0ndida de 1891 - Carta Sonora de Mallorca\" \/>\n<meta property=\"og:description\" content=\"La coexist\u00e8ncia de diverses agrupacions band\u00edstiques a la Llucmajor de finals del s. XIX dificulta l&#8217;estabilitat d&#8217;aquestes. Normalment, aquestes agrupacions s&#8217;adhereixen a agrupacions pol\u00edtiques locals i depenen de l&#8217;\u00e8xit electoral d&#8217;aquestes per tenir m\u00e9s o menys vida musical. El 1891 el partit conservador governava l&#8217;ajuntament llucmajorer i la banda conservadora, dirigida per Antoni M\u00f2ger, era [&hellip;]\" \/>\n<meta property=\"og:url\" content=\"https:\/\/cartasonorademallorca.com\/es\/listing\/concert-de-sta-candida-de-1891\/\" \/>\n<meta property=\"og:site_name\" content=\"Carta Sonora de Mallorca\" \/>\n<meta property=\"article:modified_time\" content=\"2023-08-15T22:10:18+00:00\" \/>\n<meta property=\"og:image\" content=\"https:\/\/cartasonorademallorca.com\/wp-content\/uploads\/2022\/10\/Captura-de-pantalla-2022-10-19-a-les-15.32.36.png\" \/>\n\t<meta property=\"og:image:width\" content=\"974\" \/>\n\t<meta property=\"og:image:height\" content=\"1476\" \/>\n\t<meta property=\"og:image:type\" content=\"image\/png\" \/>\n<meta name=\"twitter:card\" content=\"summary_large_image\" \/>\n<meta name=\"twitter:label1\" content=\"Est. reading time\" \/>\n\t<meta name=\"twitter:data1\" content=\"1 minute\" \/>\n<script type=\"application\/ld+json\" class=\"yoast-schema-graph\">{\"@context\":\"https:\\\/\\\/schema.org\",\"@graph\":[{\"@type\":\"WebPage\",\"@id\":\"https:\\\/\\\/cartasonorademallorca.com\\\/es\\\/listing\\\/concert-de-sta-candida-de-1891\\\/\",\"url\":\"https:\\\/\\\/cartasonorademallorca.com\\\/es\\\/listing\\\/concert-de-sta-candida-de-1891\\\/\",\"name\":\"Concert de Sta. C\u00e0ndida de 1891 - Carta Sonora de Mallorca\",\"isPartOf\":{\"@id\":\"https:\\\/\\\/cartasonorademallorca.com\\\/es\\\/#website\"},\"primaryImageOfPage\":{\"@id\":\"https:\\\/\\\/cartasonorademallorca.com\\\/es\\\/listing\\\/concert-de-sta-candida-de-1891\\\/#primaryimage\"},\"image\":{\"@id\":\"https:\\\/\\\/cartasonorademallorca.com\\\/es\\\/listing\\\/concert-de-sta-candida-de-1891\\\/#primaryimage\"},\"thumbnailUrl\":\"https:\\\/\\\/cartasonorademallorca.com\\\/wp-content\\\/uploads\\\/2022\\\/10\\\/Captura-de-pantalla-2022-10-19-a-les-15.32.36.png\",\"datePublished\":\"2022-10-19T13:59:32+00:00\",\"dateModified\":\"2023-08-15T22:10:18+00:00\",\"breadcrumb\":{\"@id\":\"https:\\\/\\\/cartasonorademallorca.com\\\/es\\\/listing\\\/concert-de-sta-candida-de-1891\\\/#breadcrumb\"},\"inLanguage\":\"es-ES\",\"potentialAction\":[{\"@type\":\"ReadAction\",\"target\":[\"https:\\\/\\\/cartasonorademallorca.com\\\/es\\\/listing\\\/concert-de-sta-candida-de-1891\\\/\"]}]},{\"@type\":\"ImageObject\",\"inLanguage\":\"es-ES\",\"@id\":\"https:\\\/\\\/cartasonorademallorca.com\\\/es\\\/listing\\\/concert-de-sta-candida-de-1891\\\/#primaryimage\",\"url\":\"https:\\\/\\\/cartasonorademallorca.com\\\/wp-content\\\/uploads\\\/2022\\\/10\\\/Captura-de-pantalla-2022-10-19-a-les-15.32.36.png\",\"contentUrl\":\"https:\\\/\\\/cartasonorademallorca.com\\\/wp-content\\\/uploads\\\/2022\\\/10\\\/Captura-de-pantalla-2022-10-19-a-les-15.32.36.png\",\"width\":974,\"height\":1476},{\"@type\":\"BreadcrumbList\",\"@id\":\"https:\\\/\\\/cartasonorademallorca.com\\\/es\\\/listing\\\/concert-de-sta-candida-de-1891\\\/#breadcrumb\",\"itemListElement\":[{\"@type\":\"ListItem\",\"position\":1,\"name\":\"Portada\",\"item\":\"https:\\\/\\\/cartasonorademallorca.com\\\/es\\\/\"},{\"@type\":\"ListItem\",\"position\":2,\"name\":\"Llistats\",\"item\":\"https:\\\/\\\/cartasonorademallorca.com\\\/es\\\/arxiu\\\/\"},{\"@type\":\"ListItem\",\"position\":3,\"name\":\"Concert de Sta. C\u00e0ndida de 1891\"}]},{\"@type\":\"WebSite\",\"@id\":\"https:\\\/\\\/cartasonorademallorca.com\\\/es\\\/#website\",\"url\":\"https:\\\/\\\/cartasonorademallorca.com\\\/es\\\/\",\"name\":\"Carta Sonora de Mallorca\",\"description\":\"\",\"potentialAction\":[{\"@type\":\"SearchAction\",\"target\":{\"@type\":\"EntryPoint\",\"urlTemplate\":\"https:\\\/\\\/cartasonorademallorca.com\\\/es\\\/?s={search_term_string}\"},\"query-input\":{\"@type\":\"PropertyValueSpecification\",\"valueRequired\":true,\"valueName\":\"search_term_string\"}}],\"inLanguage\":\"es-ES\"}]}<\/script>\n<!-- \/ Yoast SEO plugin. -->","yoast_head_json":{"title":"Concert de Sta. C\u00e0ndida de 1891 - Carta Sonora de Mallorca","robots":{"index":"index","follow":"follow","max-snippet":"max-snippet:-1","max-image-preview":"max-image-preview:large","max-video-preview":"max-video-preview:-1"},"canonical":"https:\/\/cartasonorademallorca.com\/es\/listing\/concert-de-sta-candida-de-1891\/","og_locale":"es_ES","og_type":"article","og_title":"Concert de Sta. C\u00e0ndida de 1891 - Carta Sonora de Mallorca","og_description":"La coexist\u00e8ncia de diverses agrupacions band\u00edstiques a la Llucmajor de finals del s. XIX dificulta l&#8217;estabilitat d&#8217;aquestes. Normalment, aquestes agrupacions s&#8217;adhereixen a agrupacions pol\u00edtiques locals i depenen de l&#8217;\u00e8xit electoral d&#8217;aquestes per tenir m\u00e9s o menys vida musical. El 1891 el partit conservador governava l&#8217;ajuntament llucmajorer i la banda conservadora, dirigida per Antoni M\u00f2ger, era [&hellip;]","og_url":"https:\/\/cartasonorademallorca.com\/es\/listing\/concert-de-sta-candida-de-1891\/","og_site_name":"Carta Sonora de Mallorca","article_modified_time":"2023-08-15T22:10:18+00:00","og_image":[{"width":974,"height":1476,"url":"https:\/\/cartasonorademallorca.com\/wp-content\/uploads\/2022\/10\/Captura-de-pantalla-2022-10-19-a-les-15.32.36.png","type":"image\/png"}],"twitter_card":"summary_large_image","twitter_misc":{"Est. reading time":"1 minute"},"schema":{"@context":"https:\/\/schema.org","@graph":[{"@type":"WebPage","@id":"https:\/\/cartasonorademallorca.com\/es\/listing\/concert-de-sta-candida-de-1891\/","url":"https:\/\/cartasonorademallorca.com\/es\/listing\/concert-de-sta-candida-de-1891\/","name":"Concert de Sta. C\u00e0ndida de 1891 - Carta Sonora de Mallorca","isPartOf":{"@id":"https:\/\/cartasonorademallorca.com\/es\/#website"},"primaryImageOfPage":{"@id":"https:\/\/cartasonorademallorca.com\/es\/listing\/concert-de-sta-candida-de-1891\/#primaryimage"},"image":{"@id":"https:\/\/cartasonorademallorca.com\/es\/listing\/concert-de-sta-candida-de-1891\/#primaryimage"},"thumbnailUrl":"https:\/\/cartasonorademallorca.com\/wp-content\/uploads\/2022\/10\/Captura-de-pantalla-2022-10-19-a-les-15.32.36.png","datePublished":"2022-10-19T13:59:32+00:00","dateModified":"2023-08-15T22:10:18+00:00","breadcrumb":{"@id":"https:\/\/cartasonorademallorca.com\/es\/listing\/concert-de-sta-candida-de-1891\/#breadcrumb"},"inLanguage":"es-ES","potentialAction":[{"@type":"ReadAction","target":["https:\/\/cartasonorademallorca.com\/es\/listing\/concert-de-sta-candida-de-1891\/"]}]},{"@type":"ImageObject","inLanguage":"es-ES","@id":"https:\/\/cartasonorademallorca.com\/es\/listing\/concert-de-sta-candida-de-1891\/#primaryimage","url":"https:\/\/cartasonorademallorca.com\/wp-content\/uploads\/2022\/10\/Captura-de-pantalla-2022-10-19-a-les-15.32.36.png","contentUrl":"https:\/\/cartasonorademallorca.com\/wp-content\/uploads\/2022\/10\/Captura-de-pantalla-2022-10-19-a-les-15.32.36.png","width":974,"height":1476},{"@type":"BreadcrumbList","@id":"https:\/\/cartasonorademallorca.com\/es\/listing\/concert-de-sta-candida-de-1891\/#breadcrumb","itemListElement":[{"@type":"ListItem","position":1,"name":"Portada","item":"https:\/\/cartasonorademallorca.com\/es\/"},{"@type":"ListItem","position":2,"name":"Llistats","item":"https:\/\/cartasonorademallorca.com\/es\/arxiu\/"},{"@type":"ListItem","position":3,"name":"Concert de Sta. C\u00e0ndida de 1891"}]},{"@type":"WebSite","@id":"https:\/\/cartasonorademallorca.com\/es\/#website","url":"https:\/\/cartasonorademallorca.com\/es\/","name":"Carta Sonora de Mallorca","description":"","potentialAction":[{"@type":"SearchAction","target":{"@type":"EntryPoint","urlTemplate":"https:\/\/cartasonorademallorca.com\/es\/?s={search_term_string}"},"query-input":{"@type":"PropertyValueSpecification","valueRequired":true,"valueName":"search_term_string"}}],"inLanguage":"es-ES"}]}},"_links":{"self":[{"href":"https:\/\/cartasonorademallorca.com\/es\/wp-json\/wp\/v2\/listing\/2714","targetHints":{"allow":["GET"]}}],"collection":[{"href":"https:\/\/cartasonorademallorca.com\/es\/wp-json\/wp\/v2\/listing"}],"about":[{"href":"https:\/\/cartasonorademallorca.com\/es\/wp-json\/wp\/v2\/types\/listing"}],"replies":[{"embeddable":true,"href":"https:\/\/cartasonorademallorca.com\/es\/wp-json\/wp\/v2\/comments?post=2714"}],"wp:featuredmedia":[{"embeddable":true,"href":"https:\/\/cartasonorademallorca.com\/es\/wp-json\/wp\/v2\/media\/2262"}],"wp:attachment":[{"href":"https:\/\/cartasonorademallorca.com\/es\/wp-json\/wp\/v2\/media?parent=2714"}],"wp:term":[{"taxonomy":"post_tag","embeddable":true,"href":"https:\/\/cartasonorademallorca.com\/es\/wp-json\/wp\/v2\/tags?post=2714"},{"taxonomy":"listing_category","embeddable":true,"href":"https:\/\/cartasonorademallorca.com\/es\/wp-json\/wp\/v2\/listing_category?post=2714"},{"taxonomy":"listing_location","embeddable":true,"href":"https:\/\/cartasonorademallorca.com\/es\/wp-json\/wp\/v2\/listing_location?post=2714"},{"taxonomy":"listing_feature","embeddable":true,"href":"https:\/\/cartasonorademallorca.com\/es\/wp-json\/wp\/v2\/listing_feature?post=2714"}],"curies":[{"name":"wp","href":"https:\/\/api.w.org\/{rel}","templated":true}]}}

Concert de Sta. Càndida de 1891

<p>La coexistència de diverses agrupacions bandístiques a la Llucmajor de finals del s. XIX dificulta l&#8217;estabilitat d&#8217;aquestes. Normalment, aquestes agrupacions s&#8217;adhereixen a agrupacions polítiques locals i depenen de l&#8217;èxit electoral d&#8217;aquestes per tenir més o menys vida musical.</p>
<p>El 1891 el partit conservador governava l&#8217;ajuntament llucmajorer i la banda conservadora, dirigida per Antoni Mòger, era l&#8217;encarregada de dur a terme concerts com el de Sta. Càndida. Per aquell concert es va interpretar:</p>
<blockquote>
<p style="text-align: center;"><em>La Vanguardia de Cazadores</em> (Milpager)</p>
<p style="text-align: center;"><em>La Fiesta del pueblo</em> (Erviti)</p>
<p style="text-align: center;">Sinfonia Poeta y Aldeano (Suppe)</p>
<p style="text-align: center;"><em>Aria Capricho de Requinto</em> (no indica autor)</p>
<p style="text-align: center;">Cor i Ària de baix de l&#8217;òpera <em>Poliuto</em> (Donizetti)</p>
<p style="text-align: center;"><em>Introducció i vals per a clarinet</em> (no indica autor)</p>
<p style="text-align: center;">Malaguenya de <em>Los Microbios</em> (Milpager)</p>
<p style="text-align: center;">Mazurca de <em>La Verbena</em>, amb variacions per a bombardí (Verguilla)</p>
<p style="text-align: center;">Habanera <em>La Flamenca</em> (Erviti)</p>
<p style="text-align: center;">Pasdoble Ciudad-Rodrigo (Ruiz)</p>
</blockquote>
<div class="page" title="Page 425">
<div class="section">
<div class="layoutArea">
<div class="column">
<blockquote><p>&nbsp;</p></blockquote>
</div>
</div>
</div>
</div>

<!-- This site is optimized with the Yoast SEO plugin v27.4 - https://yoast.com/product/yoast-seo-wordpress/ -->
<title>Concert de Sta. Càndida de 1891 - Carta Sonora de Mallorca</title>
<meta name="robots" content="index, follow, max-snippet:-1, max-image-preview:large, max-video-preview:-1" />
<link rel="canonical" href="https://cartasonorademallorca.com/es/listing/concert-de-sta-candida-de-1891/" />
<meta property="og:locale" content="es_ES" />
<meta property="og:type" content="article" />
<meta property="og:title" content="Concert de Sta. Càndida de 1891 - Carta Sonora de Mallorca" />
<meta property="og:description" content="La coexistència de diverses agrupacions bandístiques a la Llucmajor de finals del s. XIX dificulta l&#8217;estabilitat d&#8217;aquestes. Normalment, aquestes agrupacions s&#8217;adhereixen a agrupacions polítiques locals i depenen de l&#8217;èxit electoral d&#8217;aquestes per tenir més o menys vida musical. El 1891 el partit conservador governava l&#8217;ajuntament llucmajorer i la banda conservadora, dirigida per Antoni Mòger, era [&hellip;]" />
<meta property="og:url" content="https://cartasonorademallorca.com/es/listing/concert-de-sta-candida-de-1891/" />
<meta property="og:site_name" content="Carta Sonora de Mallorca" />
<meta property="article:modified_time" content="2023-08-15T22:10:18+00:00" />
<meta property="og:image" content="https://cartasonorademallorca.com/wp-content/uploads/2022/10/Captura-de-pantalla-2022-10-19-a-les-15.32.36.png" />
	<meta property="og:image:width" content="974" />
	<meta property="og:image:height" content="1476" />
	<meta property="og:image:type" content="image/png" />
<meta name="twitter:card" content="summary_large_image" />
<meta name="twitter:label1" content="Est. reading time" />
	<meta name="twitter:data1" content="1 minute" />
<script type="application/ld+json" class="yoast-schema-graph">{"@context":"https:\/\/schema.org","@graph":[{"@type":"WebPage","@id":"https:\/\/cartasonorademallorca.com\/es\/listing\/concert-de-sta-candida-de-1891\/","url":"https:\/\/cartasonorademallorca.com\/es\/listing\/concert-de-sta-candida-de-1891\/","name":"Concert de Sta. Càndida de 1891 - Carta Sonora de Mallorca","isPartOf":{"@id":"https:\/\/cartasonorademallorca.com\/es\/#website"},"primaryImageOfPage":{"@id":"https:\/\/cartasonorademallorca.com\/es\/listing\/concert-de-sta-candida-de-1891\/#primaryimage"},"image":{"@id":"https:\/\/cartasonorademallorca.com\/es\/listing\/concert-de-sta-candida-de-1891\/#primaryimage"},"thumbnailUrl":"https:\/\/cartasonorademallorca.com\/wp-content\/uploads\/2022\/10\/Captura-de-pantalla-2022-10-19-a-les-15.32.36.png","datePublished":"2022-10-19T13:59:32+00:00","dateModified":"2023-08-15T22:10:18+00:00","breadcrumb":{"@id":"https:\/\/cartasonorademallorca.com\/es\/listing\/concert-de-sta-candida-de-1891\/#breadcrumb"},"inLanguage":"es-ES","potentialAction":[{"@type":"ReadAction","target":["https:\/\/cartasonorademallorca.com\/es\/listing\/concert-de-sta-candida-de-1891\/"]}]},{"@type":"ImageObject","inLanguage":"es-ES","@id":"https:\/\/cartasonorademallorca.com\/es\/listing\/concert-de-sta-candida-de-1891\/#primaryimage","url":"https:\/\/cartasonorademallorca.com\/wp-content\/uploads\/2022\/10\/Captura-de-pantalla-2022-10-19-a-les-15.32.36.png","contentUrl":"https:\/\/cartasonorademallorca.com\/wp-content\/uploads\/2022\/10\/Captura-de-pantalla-2022-10-19-a-les-15.32.36.png","width":974,"height":1476},{"@type":"BreadcrumbList","@id":"https:\/\/cartasonorademallorca.com\/es\/listing\/concert-de-sta-candida-de-1891\/#breadcrumb","itemListElement":[{"@type":"ListItem","position":1,"name":"Portada","item":"https:\/\/cartasonorademallorca.com\/es\/"},{"@type":"ListItem","position":2,"name":"Llistats","item":"https:\/\/cartasonorademallorca.com\/es\/arxiu\/"},{"@type":"ListItem","position":3,"name":"Concert de Sta. Càndida de 1891"}]},{"@type":"WebSite","@id":"https:\/\/cartasonorademallorca.com\/es\/#website","url":"https:\/\/cartasonorademallorca.com\/es\/","name":"Carta Sonora de Mallorca","description":"","potentialAction":[{"@type":"SearchAction","target":{"@type":"EntryPoint","urlTemplate":"https:\/\/cartasonorademallorca.com\/es\/?s={search_term_string}"},"query-input":{"@type":"PropertyValueSpecification","valueRequired":true,"valueName":"search_term_string"}}],"inLanguage":"es-ES"}]}</script>
<!-- / Yoast SEO plugin. -->

Concert de Sta. Càndida de 1891 - Carta Sonora de Mallorca

La coexistència de diverses agrupacions bandístiques a la Llucmajor de finals del s. XIX dificulta l&#8217;estabilitat d&#8217;aquestes. Normalment, aquestes agrupacions s&#8217;adhereixen a agrupacions polítiques locals i depenen de l&#8217;èxit electoral d&#8217;aquestes per tenir més o menys vida musical. El 1891 el partit conservador governava l&#8217;ajuntament llucmajorer i la banda conservadora, dirigida per Antoni Mòger, era [&hellip;]
