{"id":2883,"date":"2023-02-09T22:03:30","date_gmt":"2023-02-09T22:03:30","guid":{"rendered":"https:\/\/cartasonorademallorca.com\/?post_type=listing&#038;p=2883"},"modified":"2023-02-09T22:04:24","modified_gmt":"2023-02-09T22:04:24","slug":"2878","status":"publish","type":"listing","link":"https:\/\/cartasonorademallorca.com\/es\/listing\/2878\/","title":{"rendered":"Antonio R\u00e0fols, vingut de Tarragona, s&#8217;ofereix com a professor"},"content":{"rendered":"<p>El presb\u00edter Antonio R\u00e1fols (1757-1830), vingut de Tarragona on exercia de violinista a la Catedral, havia publicat, l&#8217; any 1801, el <em>Tratado de la Simfonia: en que se explica su verdadera noci\u00f3n, algunas reglas para su rectitud, y los vicios que padecen las llamadas sinfon\u00edas del D\u00eda; todo en desagravio de la m\u00fasica facultad. A\u00f1\u00e1dese para el mismo fin una cr\u00edtica disertaci\u00f3n, en que se rebate el abuso de terminar universalmente los tonos menores en tercera mayor,\u00a0<\/em>s&#8217;anuncia al <em>Diario de Mallorca <\/em>del dia dos de novembre de 1811 oferint els seus serveis de professor de viol\u00ed, piano, arpa, cant pl\u00e0, saltiri&#8230;<\/p>\n<blockquote><p><span style=\"font-weight: 400;\">D. Antonio R\u00e1fols presb\u00edtero y emigrado de Tarragona, primer violin de su santa y metropolitana Iglesia Catedral desea ocuparse en dar lecciones de violin, fuerte-piano, arpa, canto llano, salterio, etc.; vive en el convento de la Merced: se\u00f1ala las horas desde las 8 hasta las 10 por la ma\u00f1ana y de las\u00a0 2 hasta las 4 por la tarde<\/span><\/p><\/blockquote>\n","protected":false},"featured_media":2881,"comment_status":"open","ping_status":"open","template":"","tags":[1166,1167,1168,1169,1114],"listing_category":[396],"listing_location":[446],"listing_feature":[34,28,157],"class_list":["post-2883","listing","type-listing","status-publish","has-post-thumbnail","hentry","tag-professor-dharpa-es","tag-professor-de-cant-pla-es","tag-professor-de-piano-es","tag-professor-de-saltiri-es","tag-professor-de-violi-es","custom_tags_1-antonio-rafols-es","listing_category-text-es","listing_location-palma-es","listing_feature-ambit-domestic","listing_feature-ambit-profa","listing_feature-documentacio-musics"],"acf":[],"yoast_head":"<!-- This site is optimized with the Yoast SEO plugin v27.4 - https:\/\/yoast.com\/product\/yoast-seo-wordpress\/ -->\n<title>Antonio R\u00e0fols, vingut de Tarragona, s&#039;ofereix com a professor - Carta Sonora de Mallorca<\/title>\n<meta name=\"robots\" content=\"index, follow, max-snippet:-1, max-image-preview:large, max-video-preview:-1\" \/>\n<link rel=\"canonical\" href=\"https:\/\/cartasonorademallorca.com\/es\/listing\/2878\/\" \/>\n<meta property=\"og:locale\" content=\"es_ES\" \/>\n<meta property=\"og:type\" content=\"article\" \/>\n<meta property=\"og:title\" content=\"Antonio R\u00e0fols, vingut de Tarragona, s&#039;ofereix com a professor - Carta Sonora de Mallorca\" \/>\n<meta property=\"og:description\" content=\"El presb\u00edter Antonio R\u00e1fols (1757-1830), vingut de Tarragona on exercia de violinista a la Catedral, havia publicat, l&#8217; any 1801, el Tratado de la Simfonia: en que se explica su verdadera noci\u00f3n, algunas reglas para su rectitud, y los vicios que padecen las llamadas sinfon\u00edas del D\u00eda; todo en desagravio de la m\u00fasica facultad. A\u00f1\u00e1dese [&hellip;]\" \/>\n<meta property=\"og:url\" content=\"https:\/\/cartasonorademallorca.com\/es\/listing\/2878\/\" \/>\n<meta property=\"og:site_name\" content=\"Carta Sonora de Mallorca\" \/>\n<meta property=\"article:modified_time\" content=\"2023-02-09T22:04:24+00:00\" \/>\n<meta property=\"og:image\" content=\"https:\/\/cartasonorademallorca.com\/wp-content\/uploads\/2023\/02\/default.jpg\" \/>\n\t<meta property=\"og:image:width\" content=\"673\" \/>\n\t<meta property=\"og:image:height\" content=\"986\" \/>\n\t<meta property=\"og:image:type\" content=\"image\/jpeg\" \/>\n<meta name=\"twitter:card\" content=\"summary_large_image\" \/>\n<meta name=\"twitter:label1\" content=\"Est. reading time\" \/>\n\t<meta name=\"twitter:data1\" content=\"1 minute\" \/>\n<script type=\"application\/ld+json\" class=\"yoast-schema-graph\">{\"@context\":\"https:\\\/\\\/schema.org\",\"@graph\":[{\"@type\":\"WebPage\",\"@id\":\"https:\\\/\\\/cartasonorademallorca.com\\\/es\\\/listing\\\/2878\\\/\",\"url\":\"https:\\\/\\\/cartasonorademallorca.com\\\/es\\\/listing\\\/2878\\\/\",\"name\":\"Antonio R\u00e0fols, vingut de Tarragona, s'ofereix com a professor - Carta Sonora de Mallorca\",\"isPartOf\":{\"@id\":\"https:\\\/\\\/cartasonorademallorca.com\\\/es\\\/#website\"},\"primaryImageOfPage\":{\"@id\":\"https:\\\/\\\/cartasonorademallorca.com\\\/es\\\/listing\\\/2878\\\/#primaryimage\"},\"image\":{\"@id\":\"https:\\\/\\\/cartasonorademallorca.com\\\/es\\\/listing\\\/2878\\\/#primaryimage\"},\"thumbnailUrl\":\"https:\\\/\\\/cartasonorademallorca.com\\\/wp-content\\\/uploads\\\/2023\\\/02\\\/default.jpg\",\"datePublished\":\"2023-02-09T22:03:30+00:00\",\"dateModified\":\"2023-02-09T22:04:24+00:00\",\"breadcrumb\":{\"@id\":\"https:\\\/\\\/cartasonorademallorca.com\\\/es\\\/listing\\\/2878\\\/#breadcrumb\"},\"inLanguage\":\"es-ES\",\"potentialAction\":[{\"@type\":\"ReadAction\",\"target\":[\"https:\\\/\\\/cartasonorademallorca.com\\\/es\\\/listing\\\/2878\\\/\"]}]},{\"@type\":\"ImageObject\",\"inLanguage\":\"es-ES\",\"@id\":\"https:\\\/\\\/cartasonorademallorca.com\\\/es\\\/listing\\\/2878\\\/#primaryimage\",\"url\":\"https:\\\/\\\/cartasonorademallorca.com\\\/wp-content\\\/uploads\\\/2023\\\/02\\\/default.jpg\",\"contentUrl\":\"https:\\\/\\\/cartasonorademallorca.com\\\/wp-content\\\/uploads\\\/2023\\\/02\\\/default.jpg\",\"width\":673,\"height\":986},{\"@type\":\"BreadcrumbList\",\"@id\":\"https:\\\/\\\/cartasonorademallorca.com\\\/es\\\/listing\\\/2878\\\/#breadcrumb\",\"itemListElement\":[{\"@type\":\"ListItem\",\"position\":1,\"name\":\"Portada\",\"item\":\"https:\\\/\\\/cartasonorademallorca.com\\\/es\\\/\"},{\"@type\":\"ListItem\",\"position\":2,\"name\":\"Llistats\",\"item\":\"https:\\\/\\\/cartasonorademallorca.com\\\/es\\\/arxiu\\\/\"},{\"@type\":\"ListItem\",\"position\":3,\"name\":\"Antonio R\u00e0fols, vingut de Tarragona, s&#8217;ofereix com a professor\"}]},{\"@type\":\"WebSite\",\"@id\":\"https:\\\/\\\/cartasonorademallorca.com\\\/es\\\/#website\",\"url\":\"https:\\\/\\\/cartasonorademallorca.com\\\/es\\\/\",\"name\":\"Carta Sonora de Mallorca\",\"description\":\"\",\"potentialAction\":[{\"@type\":\"SearchAction\",\"target\":{\"@type\":\"EntryPoint\",\"urlTemplate\":\"https:\\\/\\\/cartasonorademallorca.com\\\/es\\\/?s={search_term_string}\"},\"query-input\":{\"@type\":\"PropertyValueSpecification\",\"valueRequired\":true,\"valueName\":\"search_term_string\"}}],\"inLanguage\":\"es-ES\"}]}<\/script>\n<!-- \/ Yoast SEO plugin. -->","yoast_head_json":{"title":"Antonio R\u00e0fols, vingut de Tarragona, s'ofereix com a professor - Carta Sonora de Mallorca","robots":{"index":"index","follow":"follow","max-snippet":"max-snippet:-1","max-image-preview":"max-image-preview:large","max-video-preview":"max-video-preview:-1"},"canonical":"https:\/\/cartasonorademallorca.com\/es\/listing\/2878\/","og_locale":"es_ES","og_type":"article","og_title":"Antonio R\u00e0fols, vingut de Tarragona, s'ofereix com a professor - Carta Sonora de Mallorca","og_description":"El presb\u00edter Antonio R\u00e1fols (1757-1830), vingut de Tarragona on exercia de violinista a la Catedral, havia publicat, l&#8217; any 1801, el Tratado de la Simfonia: en que se explica su verdadera noci\u00f3n, algunas reglas para su rectitud, y los vicios que padecen las llamadas sinfon\u00edas del D\u00eda; todo en desagravio de la m\u00fasica facultad. A\u00f1\u00e1dese [&hellip;]","og_url":"https:\/\/cartasonorademallorca.com\/es\/listing\/2878\/","og_site_name":"Carta Sonora de Mallorca","article_modified_time":"2023-02-09T22:04:24+00:00","og_image":[{"width":673,"height":986,"url":"https:\/\/cartasonorademallorca.com\/wp-content\/uploads\/2023\/02\/default.jpg","type":"image\/jpeg"}],"twitter_card":"summary_large_image","twitter_misc":{"Est. reading time":"1 minute"},"schema":{"@context":"https:\/\/schema.org","@graph":[{"@type":"WebPage","@id":"https:\/\/cartasonorademallorca.com\/es\/listing\/2878\/","url":"https:\/\/cartasonorademallorca.com\/es\/listing\/2878\/","name":"Antonio R\u00e0fols, vingut de Tarragona, s'ofereix com a professor - Carta Sonora de Mallorca","isPartOf":{"@id":"https:\/\/cartasonorademallorca.com\/es\/#website"},"primaryImageOfPage":{"@id":"https:\/\/cartasonorademallorca.com\/es\/listing\/2878\/#primaryimage"},"image":{"@id":"https:\/\/cartasonorademallorca.com\/es\/listing\/2878\/#primaryimage"},"thumbnailUrl":"https:\/\/cartasonorademallorca.com\/wp-content\/uploads\/2023\/02\/default.jpg","datePublished":"2023-02-09T22:03:30+00:00","dateModified":"2023-02-09T22:04:24+00:00","breadcrumb":{"@id":"https:\/\/cartasonorademallorca.com\/es\/listing\/2878\/#breadcrumb"},"inLanguage":"es-ES","potentialAction":[{"@type":"ReadAction","target":["https:\/\/cartasonorademallorca.com\/es\/listing\/2878\/"]}]},{"@type":"ImageObject","inLanguage":"es-ES","@id":"https:\/\/cartasonorademallorca.com\/es\/listing\/2878\/#primaryimage","url":"https:\/\/cartasonorademallorca.com\/wp-content\/uploads\/2023\/02\/default.jpg","contentUrl":"https:\/\/cartasonorademallorca.com\/wp-content\/uploads\/2023\/02\/default.jpg","width":673,"height":986},{"@type":"BreadcrumbList","@id":"https:\/\/cartasonorademallorca.com\/es\/listing\/2878\/#breadcrumb","itemListElement":[{"@type":"ListItem","position":1,"name":"Portada","item":"https:\/\/cartasonorademallorca.com\/es\/"},{"@type":"ListItem","position":2,"name":"Llistats","item":"https:\/\/cartasonorademallorca.com\/es\/arxiu\/"},{"@type":"ListItem","position":3,"name":"Antonio R\u00e0fols, vingut de Tarragona, s&#8217;ofereix com a professor"}]},{"@type":"WebSite","@id":"https:\/\/cartasonorademallorca.com\/es\/#website","url":"https:\/\/cartasonorademallorca.com\/es\/","name":"Carta Sonora de Mallorca","description":"","potentialAction":[{"@type":"SearchAction","target":{"@type":"EntryPoint","urlTemplate":"https:\/\/cartasonorademallorca.com\/es\/?s={search_term_string}"},"query-input":{"@type":"PropertyValueSpecification","valueRequired":true,"valueName":"search_term_string"}}],"inLanguage":"es-ES"}]}},"_links":{"self":[{"href":"https:\/\/cartasonorademallorca.com\/es\/wp-json\/wp\/v2\/listing\/2883","targetHints":{"allow":["GET"]}}],"collection":[{"href":"https:\/\/cartasonorademallorca.com\/es\/wp-json\/wp\/v2\/listing"}],"about":[{"href":"https:\/\/cartasonorademallorca.com\/es\/wp-json\/wp\/v2\/types\/listing"}],"replies":[{"embeddable":true,"href":"https:\/\/cartasonorademallorca.com\/es\/wp-json\/wp\/v2\/comments?post=2883"}],"wp:featuredmedia":[{"embeddable":true,"href":"https:\/\/cartasonorademallorca.com\/es\/wp-json\/wp\/v2\/media\/2881"}],"wp:attachment":[{"href":"https:\/\/cartasonorademallorca.com\/es\/wp-json\/wp\/v2\/media?parent=2883"}],"wp:term":[{"taxonomy":"post_tag","embeddable":true,"href":"https:\/\/cartasonorademallorca.com\/es\/wp-json\/wp\/v2\/tags?post=2883"},{"taxonomy":"listing_category","embeddable":true,"href":"https:\/\/cartasonorademallorca.com\/es\/wp-json\/wp\/v2\/listing_category?post=2883"},{"taxonomy":"listing_location","embeddable":true,"href":"https:\/\/cartasonorademallorca.com\/es\/wp-json\/wp\/v2\/listing_location?post=2883"},{"taxonomy":"listing_feature","embeddable":true,"href":"https:\/\/cartasonorademallorca.com\/es\/wp-json\/wp\/v2\/listing_feature?post=2883"}],"curies":[{"name":"wp","href":"https:\/\/api.w.org\/{rel}","templated":true}]}}

Antonio Ràfols, vingut de Tarragona, s&#8217;ofereix com a professor

<p>El presbíter Antonio Ráfols (1757-1830), vingut de Tarragona on exercia de violinista a la Catedral, havia publicat, l&#8217; any 1801, el <em>Tratado de la Simfonia: en que se explica su verdadera noción, algunas reglas para su rectitud, y los vicios que padecen las llamadas sinfonías del Día; todo en desagravio de la música facultad. Añádese para el mismo fin una crítica disertación, en que se rebate el abuso de terminar universalmente los tonos menores en tercera mayor, </em>s&#8217;anuncia al <em>Diario de Mallorca </em>del dia dos de novembre de 1811 oferint els seus serveis de professor de violí, piano, arpa, cant plà, saltiri&#8230;</p>
<blockquote><p><span style="font-weight: 400;">D. Antonio Ráfols presbítero y emigrado de Tarragona, primer violin de su santa y metropolitana Iglesia Catedral desea ocuparse en dar lecciones de violin, fuerte-piano, arpa, canto llano, salterio, etc.; vive en el convento de la Merced: señala las horas desde las 8 hasta las 10 por la mañana y de las  2 hasta las 4 por la tarde</span></p></blockquote>

<!-- This site is optimized with the Yoast SEO plugin v27.4 - https://yoast.com/product/yoast-seo-wordpress/ -->
<title>Antonio Ràfols, vingut de Tarragona, s&#039;ofereix com a professor - Carta Sonora de Mallorca</title>
<meta name="robots" content="index, follow, max-snippet:-1, max-image-preview:large, max-video-preview:-1" />
<link rel="canonical" href="https://cartasonorademallorca.com/es/listing/2878/" />
<meta property="og:locale" content="es_ES" />
<meta property="og:type" content="article" />
<meta property="og:title" content="Antonio Ràfols, vingut de Tarragona, s&#039;ofereix com a professor - Carta Sonora de Mallorca" />
<meta property="og:description" content="El presbíter Antonio Ráfols (1757-1830), vingut de Tarragona on exercia de violinista a la Catedral, havia publicat, l&#8217; any 1801, el Tratado de la Simfonia: en que se explica su verdadera noción, algunas reglas para su rectitud, y los vicios que padecen las llamadas sinfonías del Día; todo en desagravio de la música facultad. Añádese [&hellip;]" />
<meta property="og:url" content="https://cartasonorademallorca.com/es/listing/2878/" />
<meta property="og:site_name" content="Carta Sonora de Mallorca" />
<meta property="article:modified_time" content="2023-02-09T22:04:24+00:00" />
<meta property="og:image" content="https://cartasonorademallorca.com/wp-content/uploads/2023/02/default.jpg" />
	<meta property="og:image:width" content="673" />
	<meta property="og:image:height" content="986" />
	<meta property="og:image:type" content="image/jpeg" />
<meta name="twitter:card" content="summary_large_image" />
<meta name="twitter:label1" content="Est. reading time" />
	<meta name="twitter:data1" content="1 minute" />
<script type="application/ld+json" class="yoast-schema-graph">{"@context":"https:\/\/schema.org","@graph":[{"@type":"WebPage","@id":"https:\/\/cartasonorademallorca.com\/es\/listing\/2878\/","url":"https:\/\/cartasonorademallorca.com\/es\/listing\/2878\/","name":"Antonio Ràfols, vingut de Tarragona, s'ofereix com a professor - Carta Sonora de Mallorca","isPartOf":{"@id":"https:\/\/cartasonorademallorca.com\/es\/#website"},"primaryImageOfPage":{"@id":"https:\/\/cartasonorademallorca.com\/es\/listing\/2878\/#primaryimage"},"image":{"@id":"https:\/\/cartasonorademallorca.com\/es\/listing\/2878\/#primaryimage"},"thumbnailUrl":"https:\/\/cartasonorademallorca.com\/wp-content\/uploads\/2023\/02\/default.jpg","datePublished":"2023-02-09T22:03:30+00:00","dateModified":"2023-02-09T22:04:24+00:00","breadcrumb":{"@id":"https:\/\/cartasonorademallorca.com\/es\/listing\/2878\/#breadcrumb"},"inLanguage":"es-ES","potentialAction":[{"@type":"ReadAction","target":["https:\/\/cartasonorademallorca.com\/es\/listing\/2878\/"]}]},{"@type":"ImageObject","inLanguage":"es-ES","@id":"https:\/\/cartasonorademallorca.com\/es\/listing\/2878\/#primaryimage","url":"https:\/\/cartasonorademallorca.com\/wp-content\/uploads\/2023\/02\/default.jpg","contentUrl":"https:\/\/cartasonorademallorca.com\/wp-content\/uploads\/2023\/02\/default.jpg","width":673,"height":986},{"@type":"BreadcrumbList","@id":"https:\/\/cartasonorademallorca.com\/es\/listing\/2878\/#breadcrumb","itemListElement":[{"@type":"ListItem","position":1,"name":"Portada","item":"https:\/\/cartasonorademallorca.com\/es\/"},{"@type":"ListItem","position":2,"name":"Llistats","item":"https:\/\/cartasonorademallorca.com\/es\/arxiu\/"},{"@type":"ListItem","position":3,"name":"Antonio Ràfols, vingut de Tarragona, s&#8217;ofereix com a professor"}]},{"@type":"WebSite","@id":"https:\/\/cartasonorademallorca.com\/es\/#website","url":"https:\/\/cartasonorademallorca.com\/es\/","name":"Carta Sonora de Mallorca","description":"","potentialAction":[{"@type":"SearchAction","target":{"@type":"EntryPoint","urlTemplate":"https:\/\/cartasonorademallorca.com\/es\/?s={search_term_string}"},"query-input":{"@type":"PropertyValueSpecification","valueRequired":true,"valueName":"search_term_string"}}],"inLanguage":"es-ES"}]}</script>
<!-- / Yoast SEO plugin. -->

Antonio Ràfols, vingut de Tarragona, s'ofereix com a professor - Carta Sonora de Mallorca

El presbíter Antonio Ráfols (1757-1830), vingut de Tarragona on exercia de violinista a la Catedral, havia publicat, l&#8217; any 1801, el Tratado de la Simfonia: en que se explica su verdadera noción, algunas reglas para su rectitud, y los vicios que padecen las llamadas sinfonías del Día; todo en desagravio de la música facultad. Añádese [&hellip;]
