{"id":3027,"date":"2023-03-14T08:37:51","date_gmt":"2023-03-14T08:37:51","guid":{"rendered":"https:\/\/cartasonorademallorca.com\/?post_type=listing&#038;p=3027"},"modified":"2023-05-12T05:36:29","modified_gmt":"2023-05-12T05:36:29","slug":"estrena-de-lhimne-al-poble-de-lloseta","status":"publish","type":"listing","link":"https:\/\/cartasonorademallorca.com\/es\/listing\/estrena-de-lhimne-al-poble-de-lloseta\/","title":{"rendered":"Estrena de l&#8217;Himne al poble de Lloseta"},"content":{"rendered":"<p>Al n\u00ba 101 de la <em>Revista Independiente De Informaci\u00f3n Local<\/em> de Lloseta, corresponent a octubre de l&#8217;any 1991, es mostra en portada la not\u00edcia de l&#8217;estrena de l&#8217;Himne de Lloseta. Aquesta va acompanyada per una fotografia de la Coral Llosetina juntament amb els autors de l&#8217;obra. A m\u00e9s, al cos de la not\u00edcia es pot veure una descripci\u00f3 detallada de l&#8217;acte, acompanyada per dues p\u00e0gines d&#8217;opinions sobre aquest.<\/p>\n<p><img fetchpriority=\"high\" decoding=\"async\" class=\"alignnone size-medium wp-image-2981\" src=\"https:\/\/cartasonorademallorca.com\/wp-content\/uploads\/2023\/02\/himne-lloseta-300x206.png\" alt=\"\" width=\"300\" height=\"206\" srcset=\"https:\/\/cartasonorademallorca.com\/wp-content\/uploads\/2023\/02\/himne-lloseta-300x206.png 300w, https:\/\/cartasonorademallorca.com\/wp-content\/uploads\/2023\/02\/himne-lloseta.png 641w\" sizes=\"(max-width: 300px) 100vw, 300px\" \/><\/p>\n<p>Per a m\u00e9s informaci\u00f3: <a href=\"https:\/\/bit.ly\/3Tq6DvW\">https:\/\/bit.ly\/3Tq6DvW<\/a><\/p>\n","protected":false},"featured_media":2983,"comment_status":"open","ping_status":"open","template":"","tags":[670,531,1345,1346,1353,1354],"listing_category":[444],"listing_location":[1348],"listing_feature":[1188,28,59,1273,1171],"class_list":["post-3027","listing","type-listing","status-publish","has-post-thumbnail","hentry","tag-concert-es","tag-cor-es","tag-estrena-es","tag-himne-es","tag-lloseta-es","tag-musica-vocal-es","custom_tags_1-coral-llosetina-es","listing_category-imatge-es","listing_location-lloseta-es","listing_feature-acte-social","listing_feature-ambit-profa","listing_feature-ambit-public","listing_feature-concert","listing_feature-exhibicio-mostra"],"acf":[],"yoast_head":"<!-- This site is optimized with the Yoast SEO plugin v27.4 - https:\/\/yoast.com\/product\/yoast-seo-wordpress\/ -->\n<title>Estrena de l&#039;Himne al poble de Lloseta - Carta Sonora de Mallorca<\/title>\n<meta name=\"robots\" content=\"index, follow, max-snippet:-1, max-image-preview:large, max-video-preview:-1\" \/>\n<link rel=\"canonical\" href=\"https:\/\/cartasonorademallorca.com\/es\/listing\/estrena-de-lhimne-al-poble-de-lloseta\/\" \/>\n<meta property=\"og:locale\" content=\"es_ES\" \/>\n<meta property=\"og:type\" content=\"article\" \/>\n<meta property=\"og:title\" content=\"Estrena de l&#039;Himne al poble de Lloseta - Carta Sonora de Mallorca\" \/>\n<meta property=\"og:description\" content=\"Al n\u00ba 101 de la Revista Independiente De Informaci\u00f3n Local de Lloseta, corresponent a octubre de l&#8217;any 1991, es mostra en portada la not\u00edcia de l&#8217;estrena de l&#8217;Himne de Lloseta. Aquesta va acompanyada per una fotografia de la Coral Llosetina juntament amb els autors de l&#8217;obra. A m\u00e9s, al cos de la not\u00edcia es pot [&hellip;]\" \/>\n<meta property=\"og:url\" content=\"https:\/\/cartasonorademallorca.com\/es\/listing\/estrena-de-lhimne-al-poble-de-lloseta\/\" \/>\n<meta property=\"og:site_name\" content=\"Carta Sonora de Mallorca\" \/>\n<meta property=\"article:modified_time\" content=\"2023-05-12T05:36:29+00:00\" \/>\n<meta property=\"og:image\" content=\"https:\/\/cartasonorademallorca.com\/wp-content\/uploads\/2023\/02\/himne-lloseta.png\" \/>\n\t<meta property=\"og:image:width\" content=\"641\" \/>\n\t<meta property=\"og:image:height\" content=\"441\" \/>\n\t<meta property=\"og:image:type\" content=\"image\/png\" \/>\n<meta name=\"twitter:card\" content=\"summary_large_image\" \/>\n<meta name=\"twitter:label1\" content=\"Est. reading time\" \/>\n\t<meta name=\"twitter:data1\" content=\"1 minute\" \/>\n<script type=\"application\/ld+json\" class=\"yoast-schema-graph\">{\"@context\":\"https:\\\/\\\/schema.org\",\"@graph\":[{\"@type\":\"WebPage\",\"@id\":\"https:\\\/\\\/cartasonorademallorca.com\\\/es\\\/listing\\\/estrena-de-lhimne-al-poble-de-lloseta\\\/\",\"url\":\"https:\\\/\\\/cartasonorademallorca.com\\\/es\\\/listing\\\/estrena-de-lhimne-al-poble-de-lloseta\\\/\",\"name\":\"Estrena de l'Himne al poble de Lloseta - Carta Sonora de Mallorca\",\"isPartOf\":{\"@id\":\"https:\\\/\\\/cartasonorademallorca.com\\\/es\\\/#website\"},\"primaryImageOfPage\":{\"@id\":\"https:\\\/\\\/cartasonorademallorca.com\\\/es\\\/listing\\\/estrena-de-lhimne-al-poble-de-lloseta\\\/#primaryimage\"},\"image\":{\"@id\":\"https:\\\/\\\/cartasonorademallorca.com\\\/es\\\/listing\\\/estrena-de-lhimne-al-poble-de-lloseta\\\/#primaryimage\"},\"thumbnailUrl\":\"https:\\\/\\\/cartasonorademallorca.com\\\/wp-content\\\/uploads\\\/2023\\\/02\\\/himne-lloseta.png\",\"datePublished\":\"2023-03-14T08:37:51+00:00\",\"dateModified\":\"2023-05-12T05:36:29+00:00\",\"breadcrumb\":{\"@id\":\"https:\\\/\\\/cartasonorademallorca.com\\\/es\\\/listing\\\/estrena-de-lhimne-al-poble-de-lloseta\\\/#breadcrumb\"},\"inLanguage\":\"es-ES\",\"potentialAction\":[{\"@type\":\"ReadAction\",\"target\":[\"https:\\\/\\\/cartasonorademallorca.com\\\/es\\\/listing\\\/estrena-de-lhimne-al-poble-de-lloseta\\\/\"]}]},{\"@type\":\"ImageObject\",\"inLanguage\":\"es-ES\",\"@id\":\"https:\\\/\\\/cartasonorademallorca.com\\\/es\\\/listing\\\/estrena-de-lhimne-al-poble-de-lloseta\\\/#primaryimage\",\"url\":\"https:\\\/\\\/cartasonorademallorca.com\\\/wp-content\\\/uploads\\\/2023\\\/02\\\/himne-lloseta.png\",\"contentUrl\":\"https:\\\/\\\/cartasonorademallorca.com\\\/wp-content\\\/uploads\\\/2023\\\/02\\\/himne-lloseta.png\",\"width\":641,\"height\":441},{\"@type\":\"BreadcrumbList\",\"@id\":\"https:\\\/\\\/cartasonorademallorca.com\\\/es\\\/listing\\\/estrena-de-lhimne-al-poble-de-lloseta\\\/#breadcrumb\",\"itemListElement\":[{\"@type\":\"ListItem\",\"position\":1,\"name\":\"Portada\",\"item\":\"https:\\\/\\\/cartasonorademallorca.com\\\/es\\\/\"},{\"@type\":\"ListItem\",\"position\":2,\"name\":\"Llistats\",\"item\":\"https:\\\/\\\/cartasonorademallorca.com\\\/es\\\/arxiu\\\/\"},{\"@type\":\"ListItem\",\"position\":3,\"name\":\"Estrena de l&#8217;Himne al poble de Lloseta\"}]},{\"@type\":\"WebSite\",\"@id\":\"https:\\\/\\\/cartasonorademallorca.com\\\/es\\\/#website\",\"url\":\"https:\\\/\\\/cartasonorademallorca.com\\\/es\\\/\",\"name\":\"Carta Sonora de Mallorca\",\"description\":\"\",\"potentialAction\":[{\"@type\":\"SearchAction\",\"target\":{\"@type\":\"EntryPoint\",\"urlTemplate\":\"https:\\\/\\\/cartasonorademallorca.com\\\/es\\\/?s={search_term_string}\"},\"query-input\":{\"@type\":\"PropertyValueSpecification\",\"valueRequired\":true,\"valueName\":\"search_term_string\"}}],\"inLanguage\":\"es-ES\"}]}<\/script>\n<!-- \/ Yoast SEO plugin. -->","yoast_head_json":{"title":"Estrena de l'Himne al poble de Lloseta - Carta Sonora de Mallorca","robots":{"index":"index","follow":"follow","max-snippet":"max-snippet:-1","max-image-preview":"max-image-preview:large","max-video-preview":"max-video-preview:-1"},"canonical":"https:\/\/cartasonorademallorca.com\/es\/listing\/estrena-de-lhimne-al-poble-de-lloseta\/","og_locale":"es_ES","og_type":"article","og_title":"Estrena de l'Himne al poble de Lloseta - Carta Sonora de Mallorca","og_description":"Al n\u00ba 101 de la Revista Independiente De Informaci\u00f3n Local de Lloseta, corresponent a octubre de l&#8217;any 1991, es mostra en portada la not\u00edcia de l&#8217;estrena de l&#8217;Himne de Lloseta. Aquesta va acompanyada per una fotografia de la Coral Llosetina juntament amb els autors de l&#8217;obra. A m\u00e9s, al cos de la not\u00edcia es pot [&hellip;]","og_url":"https:\/\/cartasonorademallorca.com\/es\/listing\/estrena-de-lhimne-al-poble-de-lloseta\/","og_site_name":"Carta Sonora de Mallorca","article_modified_time":"2023-05-12T05:36:29+00:00","og_image":[{"width":641,"height":441,"url":"https:\/\/cartasonorademallorca.com\/wp-content\/uploads\/2023\/02\/himne-lloseta.png","type":"image\/png"}],"twitter_card":"summary_large_image","twitter_misc":{"Est. reading time":"1 minute"},"schema":{"@context":"https:\/\/schema.org","@graph":[{"@type":"WebPage","@id":"https:\/\/cartasonorademallorca.com\/es\/listing\/estrena-de-lhimne-al-poble-de-lloseta\/","url":"https:\/\/cartasonorademallorca.com\/es\/listing\/estrena-de-lhimne-al-poble-de-lloseta\/","name":"Estrena de l'Himne al poble de Lloseta - Carta Sonora de Mallorca","isPartOf":{"@id":"https:\/\/cartasonorademallorca.com\/es\/#website"},"primaryImageOfPage":{"@id":"https:\/\/cartasonorademallorca.com\/es\/listing\/estrena-de-lhimne-al-poble-de-lloseta\/#primaryimage"},"image":{"@id":"https:\/\/cartasonorademallorca.com\/es\/listing\/estrena-de-lhimne-al-poble-de-lloseta\/#primaryimage"},"thumbnailUrl":"https:\/\/cartasonorademallorca.com\/wp-content\/uploads\/2023\/02\/himne-lloseta.png","datePublished":"2023-03-14T08:37:51+00:00","dateModified":"2023-05-12T05:36:29+00:00","breadcrumb":{"@id":"https:\/\/cartasonorademallorca.com\/es\/listing\/estrena-de-lhimne-al-poble-de-lloseta\/#breadcrumb"},"inLanguage":"es-ES","potentialAction":[{"@type":"ReadAction","target":["https:\/\/cartasonorademallorca.com\/es\/listing\/estrena-de-lhimne-al-poble-de-lloseta\/"]}]},{"@type":"ImageObject","inLanguage":"es-ES","@id":"https:\/\/cartasonorademallorca.com\/es\/listing\/estrena-de-lhimne-al-poble-de-lloseta\/#primaryimage","url":"https:\/\/cartasonorademallorca.com\/wp-content\/uploads\/2023\/02\/himne-lloseta.png","contentUrl":"https:\/\/cartasonorademallorca.com\/wp-content\/uploads\/2023\/02\/himne-lloseta.png","width":641,"height":441},{"@type":"BreadcrumbList","@id":"https:\/\/cartasonorademallorca.com\/es\/listing\/estrena-de-lhimne-al-poble-de-lloseta\/#breadcrumb","itemListElement":[{"@type":"ListItem","position":1,"name":"Portada","item":"https:\/\/cartasonorademallorca.com\/es\/"},{"@type":"ListItem","position":2,"name":"Llistats","item":"https:\/\/cartasonorademallorca.com\/es\/arxiu\/"},{"@type":"ListItem","position":3,"name":"Estrena de l&#8217;Himne al poble de Lloseta"}]},{"@type":"WebSite","@id":"https:\/\/cartasonorademallorca.com\/es\/#website","url":"https:\/\/cartasonorademallorca.com\/es\/","name":"Carta Sonora de Mallorca","description":"","potentialAction":[{"@type":"SearchAction","target":{"@type":"EntryPoint","urlTemplate":"https:\/\/cartasonorademallorca.com\/es\/?s={search_term_string}"},"query-input":{"@type":"PropertyValueSpecification","valueRequired":true,"valueName":"search_term_string"}}],"inLanguage":"es-ES"}]}},"_links":{"self":[{"href":"https:\/\/cartasonorademallorca.com\/es\/wp-json\/wp\/v2\/listing\/3027","targetHints":{"allow":["GET"]}}],"collection":[{"href":"https:\/\/cartasonorademallorca.com\/es\/wp-json\/wp\/v2\/listing"}],"about":[{"href":"https:\/\/cartasonorademallorca.com\/es\/wp-json\/wp\/v2\/types\/listing"}],"replies":[{"embeddable":true,"href":"https:\/\/cartasonorademallorca.com\/es\/wp-json\/wp\/v2\/comments?post=3027"}],"wp:featuredmedia":[{"embeddable":true,"href":"https:\/\/cartasonorademallorca.com\/es\/wp-json\/wp\/v2\/media\/2983"}],"wp:attachment":[{"href":"https:\/\/cartasonorademallorca.com\/es\/wp-json\/wp\/v2\/media?parent=3027"}],"wp:term":[{"taxonomy":"post_tag","embeddable":true,"href":"https:\/\/cartasonorademallorca.com\/es\/wp-json\/wp\/v2\/tags?post=3027"},{"taxonomy":"listing_category","embeddable":true,"href":"https:\/\/cartasonorademallorca.com\/es\/wp-json\/wp\/v2\/listing_category?post=3027"},{"taxonomy":"listing_location","embeddable":true,"href":"https:\/\/cartasonorademallorca.com\/es\/wp-json\/wp\/v2\/listing_location?post=3027"},{"taxonomy":"listing_feature","embeddable":true,"href":"https:\/\/cartasonorademallorca.com\/es\/wp-json\/wp\/v2\/listing_feature?post=3027"}],"curies":[{"name":"wp","href":"https:\/\/api.w.org\/{rel}","templated":true}]}}

<p>Al nº 101 de la <em>Revista Independiente De Información Local</em> de Lloseta, corresponent a octubre de l&#8217;any 1991, es mostra en portada la notícia de l&#8217;estrena de l&#8217;Himne de Lloseta. Aquesta va acompanyada per una fotografia de la Coral Llosetina juntament amb els autors de l&#8217;obra. A més, al cos de la notícia es pot veure una descripció detallada de l&#8217;acte, acompanyada per dues pàgines d&#8217;opinions sobre aquest.</p>
<p><img fetchpriority="high" decoding="async" class="alignnone size-medium wp-image-2981" src="https://cartasonorademallorca.com/wp-content/uploads/2023/02/himne-lloseta-300x206.png" alt="" width="300" height="206" srcset="https://cartasonorademallorca.com/wp-content/uploads/2023/02/himne-lloseta-300x206.png 300w, https://cartasonorademallorca.com/wp-content/uploads/2023/02/himne-lloseta.png 641w" sizes="(max-width: 300px) 100vw, 300px" /></p>
<p>Per a més informació: <a href="https://bit.ly/3Tq6DvW">https://bit.ly/3Tq6DvW</a></p>

<!-- This site is optimized with the Yoast SEO plugin v27.4 - https://yoast.com/product/yoast-seo-wordpress/ -->
<title>Estrena de l&#039;Himne al poble de Lloseta - Carta Sonora de Mallorca</title>
<meta name="robots" content="index, follow, max-snippet:-1, max-image-preview:large, max-video-preview:-1" />
<link rel="canonical" href="https://cartasonorademallorca.com/es/listing/estrena-de-lhimne-al-poble-de-lloseta/" />
<meta property="og:locale" content="es_ES" />
<meta property="og:type" content="article" />
<meta property="og:title" content="Estrena de l&#039;Himne al poble de Lloseta - Carta Sonora de Mallorca" />
<meta property="og:description" content="Al nº 101 de la Revista Independiente De Información Local de Lloseta, corresponent a octubre de l&#8217;any 1991, es mostra en portada la notícia de l&#8217;estrena de l&#8217;Himne de Lloseta. Aquesta va acompanyada per una fotografia de la Coral Llosetina juntament amb els autors de l&#8217;obra. A més, al cos de la notícia es pot [&hellip;]" />
<meta property="og:url" content="https://cartasonorademallorca.com/es/listing/estrena-de-lhimne-al-poble-de-lloseta/" />
<meta property="og:site_name" content="Carta Sonora de Mallorca" />
<meta property="article:modified_time" content="2023-05-12T05:36:29+00:00" />
<meta property="og:image" content="https://cartasonorademallorca.com/wp-content/uploads/2023/02/himne-lloseta.png" />
	<meta property="og:image:width" content="641" />
	<meta property="og:image:height" content="441" />
	<meta property="og:image:type" content="image/png" />
<meta name="twitter:card" content="summary_large_image" />
<meta name="twitter:label1" content="Est. reading time" />
	<meta name="twitter:data1" content="1 minute" />
<script type="application/ld+json" class="yoast-schema-graph">{"@context":"https:\/\/schema.org","@graph":[{"@type":"WebPage","@id":"https:\/\/cartasonorademallorca.com\/es\/listing\/estrena-de-lhimne-al-poble-de-lloseta\/","url":"https:\/\/cartasonorademallorca.com\/es\/listing\/estrena-de-lhimne-al-poble-de-lloseta\/","name":"Estrena de l'Himne al poble de Lloseta - Carta Sonora de Mallorca","isPartOf":{"@id":"https:\/\/cartasonorademallorca.com\/es\/#website"},"primaryImageOfPage":{"@id":"https:\/\/cartasonorademallorca.com\/es\/listing\/estrena-de-lhimne-al-poble-de-lloseta\/#primaryimage"},"image":{"@id":"https:\/\/cartasonorademallorca.com\/es\/listing\/estrena-de-lhimne-al-poble-de-lloseta\/#primaryimage"},"thumbnailUrl":"https:\/\/cartasonorademallorca.com\/wp-content\/uploads\/2023\/02\/himne-lloseta.png","datePublished":"2023-03-14T08:37:51+00:00","dateModified":"2023-05-12T05:36:29+00:00","breadcrumb":{"@id":"https:\/\/cartasonorademallorca.com\/es\/listing\/estrena-de-lhimne-al-poble-de-lloseta\/#breadcrumb"},"inLanguage":"es-ES","potentialAction":[{"@type":"ReadAction","target":["https:\/\/cartasonorademallorca.com\/es\/listing\/estrena-de-lhimne-al-poble-de-lloseta\/"]}]},{"@type":"ImageObject","inLanguage":"es-ES","@id":"https:\/\/cartasonorademallorca.com\/es\/listing\/estrena-de-lhimne-al-poble-de-lloseta\/#primaryimage","url":"https:\/\/cartasonorademallorca.com\/wp-content\/uploads\/2023\/02\/himne-lloseta.png","contentUrl":"https:\/\/cartasonorademallorca.com\/wp-content\/uploads\/2023\/02\/himne-lloseta.png","width":641,"height":441},{"@type":"BreadcrumbList","@id":"https:\/\/cartasonorademallorca.com\/es\/listing\/estrena-de-lhimne-al-poble-de-lloseta\/#breadcrumb","itemListElement":[{"@type":"ListItem","position":1,"name":"Portada","item":"https:\/\/cartasonorademallorca.com\/es\/"},{"@type":"ListItem","position":2,"name":"Llistats","item":"https:\/\/cartasonorademallorca.com\/es\/arxiu\/"},{"@type":"ListItem","position":3,"name":"Estrena de l&#8217;Himne al poble de Lloseta"}]},{"@type":"WebSite","@id":"https:\/\/cartasonorademallorca.com\/es\/#website","url":"https:\/\/cartasonorademallorca.com\/es\/","name":"Carta Sonora de Mallorca","description":"","potentialAction":[{"@type":"SearchAction","target":{"@type":"EntryPoint","urlTemplate":"https:\/\/cartasonorademallorca.com\/es\/?s={search_term_string}"},"query-input":{"@type":"PropertyValueSpecification","valueRequired":true,"valueName":"search_term_string"}}],"inLanguage":"es-ES"}]}</script>
<!-- / Yoast SEO plugin. -->

Al nº 101 de la Revista Independiente De Información Local de Lloseta, corresponent a octubre de l&#8217;any 1991, es mostra en portada la notícia de l&#8217;estrena de l&#8217;Himne de Lloseta. Aquesta va acompanyada per una fotografia de la Coral Llosetina juntament amb els autors de l&#8217;obra. A més, al cos de la notícia es pot [&hellip;]
