{"id":3565,"date":"2023-06-01T08:29:35","date_gmt":"2023-06-01T08:29:35","guid":{"rendered":"https:\/\/cartasonorademallorca.com\/listing\/transvestisme-a-mallorca-durant-la-transicio\/"},"modified":"2023-06-04T17:10:49","modified_gmt":"2023-06-04T17:10:49","slug":"transvestisme-a-mallorca-durant-la-transicio","status":"publish","type":"listing","link":"https:\/\/cartasonorademallorca.com\/es\/listing\/transvestisme-a-mallorca-durant-la-transicio\/","title":{"rendered":"Transvestisme a Mallorca durant la Transici\u00f3"},"content":{"rendered":"<p>Els inicis del transvestisme tal com el coneixem avui es poden remuntar en el transformisme esc\u00e8nic d&#8217;entre finals del segle XIX i principis del segle XX. Es tracta d&#8217;espectacles integrats dins l&#8217;escena de les varietats. En ells, l&#8217;actor es transforma r\u00e0pidament en diversos personatges, tant masculins com femenins, imitant les seves veus i gestos a trav\u00e9s de breus n\u00fameros musicals. L&#8217;inter\u00e8s no recau tant en la precisi\u00f3 de les imitacions, sin\u00f3 en la velocitat i varietat dels canvis seguint els gustos del moment, influ\u00efts per la modernitat de canvi de segle. El transformista itali\u00e0\u00a0Leopoldo\u00a0Fregoli\u00a0(1867\u20131936) \u00e9s tal vegada la figura m\u00e9s important del moment, aconseguint gran \u00e8xit entre les masses populars de les principals ciutats del territori espanyol. Palma, amb una destacada vida teatral, programa el seu debut al Teatre-Circ Balear el 9 de juny de 1854 \u2013 el mateix any que debuta a Barcelona \u2013, amb un considerable \u00e8xit. La passada de\u00a0Fregoli\u00a0per Palma contribueix a fer que els espectacles de transformisme i transvestisme continu\u00efn programant-se als principals teatres de l&#8217;illa durant el primer ter\u00e7 del segle XX.<\/p>\n<p>En el diari Baleares podem trobar anuncis com aquests, un del <a href=\"https:\/\/prensahistorica.mcu.es\/es\/consulta\/registro.do?id=11000778308\">gener<\/a> i un del <a href=\"https:\/\/prensahistorica.mcu.es\/es\/consulta\/registro.do?id=11000778347\">mar\u00e7<\/a> de 1977, i <a href=\"https:\/\/prensahistorica.mcu.es\/es\/consulta\/registro.do?id=11000778317\">textos d&#8217;opini\u00f3<\/a> que exemplifiquen la relaci\u00f3 del p\u00fablic amb aquests espectacles.<\/p>\n<blockquote><p>Si el hombre fuera un simple animal sin raz\u00f3n ni alma tal vez<\/p>\n<p>dar\u00eda lo mismo \u201ccambiarle el men\u00fa sexual&#8221;, a invitarle a un<\/p>\n<p>\u201cErot\u00edssimo Show, con strip-tease a tiempo, de jota y los travest\u00eds<\/p>\n<p>de Madam Arthur, de Par\u00eds&#8221;. Pero, a poco que uno emplee<\/p>\n<p>el cerebro, se dar\u00e1 cuenta del absoluto vac\u00edo que rodea espect\u00e1culos<\/p>\n<p>propios de deficientes mentales o enfermos. (\u00abLa dignidad del pueblo\u00bb, 1977: 13)<\/p><\/blockquote>\n","protected":false},"featured_media":3552,"comment_status":"open","ping_status":"open","template":"","tags":[621,2130,2131,587,2132,2133,2045,2048,2134,2058,1121,2049],"listing_category":[444,396],"listing_location":[2135,446],"listing_feature":[59,196,1171,178,1272],"class_list":["post-3565","listing","type-listing","status-publish","has-post-thumbnail","hentry","tag-ball-es","tag-destape-es","tag-erotisme-es","tag-festa-es","tag-kalkuta-es","tag-moviment-lgbt-es","tag-musicologia-de-genere-es","tag-transformisme-es","tag-transicio-espanyola-es","tag-transvestisme-es","tag-turisme-es","tag-varietats-es","listing_category-imatge-es","listing_category-text-es","listing_location-cala-major-es","listing_location-palma-es","listing_feature-ambit-public","listing_feature-censura-prohibicio","listing_feature-exhibicio-mostra","listing_feature-festa","listing_feature-publicitat"],"acf":[],"yoast_head":"<!-- This site is optimized with the Yoast SEO plugin v27.4 - https:\/\/yoast.com\/product\/yoast-seo-wordpress\/ -->\n<title>Transvestisme a Mallorca durant la Transici\u00f3 - Carta Sonora de Mallorca<\/title>\n<meta name=\"robots\" content=\"index, follow, max-snippet:-1, max-image-preview:large, max-video-preview:-1\" \/>\n<link rel=\"canonical\" href=\"https:\/\/cartasonorademallorca.com\/es\/listing\/transvestisme-a-mallorca-durant-la-transicio\/\" \/>\n<meta property=\"og:locale\" content=\"es_ES\" \/>\n<meta property=\"og:type\" content=\"article\" \/>\n<meta property=\"og:title\" content=\"Transvestisme a Mallorca durant la Transici\u00f3 - Carta Sonora de Mallorca\" \/>\n<meta property=\"og:description\" content=\"Els inicis del transvestisme tal com el coneixem avui es poden remuntar en el transformisme esc\u00e8nic d&#8217;entre finals del segle XIX i principis del segle XX. Es tracta d&#8217;espectacles integrats dins l&#8217;escena de les varietats. En ells, l&#8217;actor es transforma r\u00e0pidament en diversos personatges, tant masculins com femenins, imitant les seves veus i gestos a [&hellip;]\" \/>\n<meta property=\"og:url\" content=\"https:\/\/cartasonorademallorca.com\/es\/listing\/transvestisme-a-mallorca-durant-la-transicio\/\" \/>\n<meta property=\"og:site_name\" content=\"Carta Sonora de Mallorca\" \/>\n<meta property=\"article:modified_time\" content=\"2023-06-04T17:10:49+00:00\" \/>\n<meta property=\"og:image\" content=\"https:\/\/cartasonorademallorca.com\/wp-content\/uploads\/2023\/06\/kalkuta2.gif\" \/>\n\t<meta property=\"og:image:width\" content=\"992\" \/>\n\t<meta property=\"og:image:height\" content=\"1403\" \/>\n\t<meta property=\"og:image:type\" content=\"image\/gif\" \/>\n<meta name=\"twitter:card\" content=\"summary_large_image\" \/>\n<meta name=\"twitter:label1\" content=\"Est. reading time\" \/>\n\t<meta name=\"twitter:data1\" content=\"2 minutes\" \/>\n<script type=\"application\/ld+json\" class=\"yoast-schema-graph\">{\"@context\":\"https:\\\/\\\/schema.org\",\"@graph\":[{\"@type\":\"WebPage\",\"@id\":\"https:\\\/\\\/cartasonorademallorca.com\\\/es\\\/listing\\\/transvestisme-a-mallorca-durant-la-transicio\\\/\",\"url\":\"https:\\\/\\\/cartasonorademallorca.com\\\/es\\\/listing\\\/transvestisme-a-mallorca-durant-la-transicio\\\/\",\"name\":\"Transvestisme a Mallorca durant la Transici\u00f3 - Carta Sonora de Mallorca\",\"isPartOf\":{\"@id\":\"https:\\\/\\\/cartasonorademallorca.com\\\/es\\\/#website\"},\"primaryImageOfPage\":{\"@id\":\"https:\\\/\\\/cartasonorademallorca.com\\\/es\\\/listing\\\/transvestisme-a-mallorca-durant-la-transicio\\\/#primaryimage\"},\"image\":{\"@id\":\"https:\\\/\\\/cartasonorademallorca.com\\\/es\\\/listing\\\/transvestisme-a-mallorca-durant-la-transicio\\\/#primaryimage\"},\"thumbnailUrl\":\"https:\\\/\\\/cartasonorademallorca.com\\\/wp-content\\\/uploads\\\/2023\\\/06\\\/kalkuta2.gif\",\"datePublished\":\"2023-06-01T08:29:35+00:00\",\"dateModified\":\"2023-06-04T17:10:49+00:00\",\"breadcrumb\":{\"@id\":\"https:\\\/\\\/cartasonorademallorca.com\\\/es\\\/listing\\\/transvestisme-a-mallorca-durant-la-transicio\\\/#breadcrumb\"},\"inLanguage\":\"es-ES\",\"potentialAction\":[{\"@type\":\"ReadAction\",\"target\":[\"https:\\\/\\\/cartasonorademallorca.com\\\/es\\\/listing\\\/transvestisme-a-mallorca-durant-la-transicio\\\/\"]}]},{\"@type\":\"ImageObject\",\"inLanguage\":\"es-ES\",\"@id\":\"https:\\\/\\\/cartasonorademallorca.com\\\/es\\\/listing\\\/transvestisme-a-mallorca-durant-la-transicio\\\/#primaryimage\",\"url\":\"https:\\\/\\\/cartasonorademallorca.com\\\/wp-content\\\/uploads\\\/2023\\\/06\\\/kalkuta2.gif\",\"contentUrl\":\"https:\\\/\\\/cartasonorademallorca.com\\\/wp-content\\\/uploads\\\/2023\\\/06\\\/kalkuta2.gif\",\"width\":992,\"height\":1403,\"caption\":\"Autor: Club Kalkuta, Diari Baleares, 1976\"},{\"@type\":\"BreadcrumbList\",\"@id\":\"https:\\\/\\\/cartasonorademallorca.com\\\/es\\\/listing\\\/transvestisme-a-mallorca-durant-la-transicio\\\/#breadcrumb\",\"itemListElement\":[{\"@type\":\"ListItem\",\"position\":1,\"name\":\"Portada\",\"item\":\"https:\\\/\\\/cartasonorademallorca.com\\\/es\\\/\"},{\"@type\":\"ListItem\",\"position\":2,\"name\":\"Llistats\",\"item\":\"https:\\\/\\\/cartasonorademallorca.com\\\/es\\\/arxiu\\\/\"},{\"@type\":\"ListItem\",\"position\":3,\"name\":\"Transvestisme a Mallorca durant la Transici\u00f3\"}]},{\"@type\":\"WebSite\",\"@id\":\"https:\\\/\\\/cartasonorademallorca.com\\\/es\\\/#website\",\"url\":\"https:\\\/\\\/cartasonorademallorca.com\\\/es\\\/\",\"name\":\"Carta Sonora de Mallorca\",\"description\":\"\",\"potentialAction\":[{\"@type\":\"SearchAction\",\"target\":{\"@type\":\"EntryPoint\",\"urlTemplate\":\"https:\\\/\\\/cartasonorademallorca.com\\\/es\\\/?s={search_term_string}\"},\"query-input\":{\"@type\":\"PropertyValueSpecification\",\"valueRequired\":true,\"valueName\":\"search_term_string\"}}],\"inLanguage\":\"es-ES\"}]}<\/script>\n<!-- \/ Yoast SEO plugin. -->","yoast_head_json":{"title":"Transvestisme a Mallorca durant la Transici\u00f3 - Carta Sonora de Mallorca","robots":{"index":"index","follow":"follow","max-snippet":"max-snippet:-1","max-image-preview":"max-image-preview:large","max-video-preview":"max-video-preview:-1"},"canonical":"https:\/\/cartasonorademallorca.com\/es\/listing\/transvestisme-a-mallorca-durant-la-transicio\/","og_locale":"es_ES","og_type":"article","og_title":"Transvestisme a Mallorca durant la Transici\u00f3 - Carta Sonora de Mallorca","og_description":"Els inicis del transvestisme tal com el coneixem avui es poden remuntar en el transformisme esc\u00e8nic d&#8217;entre finals del segle XIX i principis del segle XX. Es tracta d&#8217;espectacles integrats dins l&#8217;escena de les varietats. En ells, l&#8217;actor es transforma r\u00e0pidament en diversos personatges, tant masculins com femenins, imitant les seves veus i gestos a [&hellip;]","og_url":"https:\/\/cartasonorademallorca.com\/es\/listing\/transvestisme-a-mallorca-durant-la-transicio\/","og_site_name":"Carta Sonora de Mallorca","article_modified_time":"2023-06-04T17:10:49+00:00","og_image":[{"width":992,"height":1403,"url":"https:\/\/cartasonorademallorca.com\/wp-content\/uploads\/2023\/06\/kalkuta2.gif","type":"image\/gif"}],"twitter_card":"summary_large_image","twitter_misc":{"Est. reading time":"2 minutes"},"schema":{"@context":"https:\/\/schema.org","@graph":[{"@type":"WebPage","@id":"https:\/\/cartasonorademallorca.com\/es\/listing\/transvestisme-a-mallorca-durant-la-transicio\/","url":"https:\/\/cartasonorademallorca.com\/es\/listing\/transvestisme-a-mallorca-durant-la-transicio\/","name":"Transvestisme a Mallorca durant la Transici\u00f3 - Carta Sonora de Mallorca","isPartOf":{"@id":"https:\/\/cartasonorademallorca.com\/es\/#website"},"primaryImageOfPage":{"@id":"https:\/\/cartasonorademallorca.com\/es\/listing\/transvestisme-a-mallorca-durant-la-transicio\/#primaryimage"},"image":{"@id":"https:\/\/cartasonorademallorca.com\/es\/listing\/transvestisme-a-mallorca-durant-la-transicio\/#primaryimage"},"thumbnailUrl":"https:\/\/cartasonorademallorca.com\/wp-content\/uploads\/2023\/06\/kalkuta2.gif","datePublished":"2023-06-01T08:29:35+00:00","dateModified":"2023-06-04T17:10:49+00:00","breadcrumb":{"@id":"https:\/\/cartasonorademallorca.com\/es\/listing\/transvestisme-a-mallorca-durant-la-transicio\/#breadcrumb"},"inLanguage":"es-ES","potentialAction":[{"@type":"ReadAction","target":["https:\/\/cartasonorademallorca.com\/es\/listing\/transvestisme-a-mallorca-durant-la-transicio\/"]}]},{"@type":"ImageObject","inLanguage":"es-ES","@id":"https:\/\/cartasonorademallorca.com\/es\/listing\/transvestisme-a-mallorca-durant-la-transicio\/#primaryimage","url":"https:\/\/cartasonorademallorca.com\/wp-content\/uploads\/2023\/06\/kalkuta2.gif","contentUrl":"https:\/\/cartasonorademallorca.com\/wp-content\/uploads\/2023\/06\/kalkuta2.gif","width":992,"height":1403,"caption":"Autor: Club Kalkuta, Diari Baleares, 1976"},{"@type":"BreadcrumbList","@id":"https:\/\/cartasonorademallorca.com\/es\/listing\/transvestisme-a-mallorca-durant-la-transicio\/#breadcrumb","itemListElement":[{"@type":"ListItem","position":1,"name":"Portada","item":"https:\/\/cartasonorademallorca.com\/es\/"},{"@type":"ListItem","position":2,"name":"Llistats","item":"https:\/\/cartasonorademallorca.com\/es\/arxiu\/"},{"@type":"ListItem","position":3,"name":"Transvestisme a Mallorca durant la Transici\u00f3"}]},{"@type":"WebSite","@id":"https:\/\/cartasonorademallorca.com\/es\/#website","url":"https:\/\/cartasonorademallorca.com\/es\/","name":"Carta Sonora de Mallorca","description":"","potentialAction":[{"@type":"SearchAction","target":{"@type":"EntryPoint","urlTemplate":"https:\/\/cartasonorademallorca.com\/es\/?s={search_term_string}"},"query-input":{"@type":"PropertyValueSpecification","valueRequired":true,"valueName":"search_term_string"}}],"inLanguage":"es-ES"}]}},"_links":{"self":[{"href":"https:\/\/cartasonorademallorca.com\/es\/wp-json\/wp\/v2\/listing\/3565","targetHints":{"allow":["GET"]}}],"collection":[{"href":"https:\/\/cartasonorademallorca.com\/es\/wp-json\/wp\/v2\/listing"}],"about":[{"href":"https:\/\/cartasonorademallorca.com\/es\/wp-json\/wp\/v2\/types\/listing"}],"replies":[{"embeddable":true,"href":"https:\/\/cartasonorademallorca.com\/es\/wp-json\/wp\/v2\/comments?post=3565"}],"wp:featuredmedia":[{"embeddable":true,"href":"https:\/\/cartasonorademallorca.com\/es\/wp-json\/wp\/v2\/media\/3552"}],"wp:attachment":[{"href":"https:\/\/cartasonorademallorca.com\/es\/wp-json\/wp\/v2\/media?parent=3565"}],"wp:term":[{"taxonomy":"post_tag","embeddable":true,"href":"https:\/\/cartasonorademallorca.com\/es\/wp-json\/wp\/v2\/tags?post=3565"},{"taxonomy":"listing_category","embeddable":true,"href":"https:\/\/cartasonorademallorca.com\/es\/wp-json\/wp\/v2\/listing_category?post=3565"},{"taxonomy":"listing_location","embeddable":true,"href":"https:\/\/cartasonorademallorca.com\/es\/wp-json\/wp\/v2\/listing_location?post=3565"},{"taxonomy":"listing_feature","embeddable":true,"href":"https:\/\/cartasonorademallorca.com\/es\/wp-json\/wp\/v2\/listing_feature?post=3565"}],"curies":[{"name":"wp","href":"https:\/\/api.w.org\/{rel}","templated":true}]}}

Transvestisme a Mallorca durant la Transició

<p>Els inicis del transvestisme tal com el coneixem avui es poden remuntar en el transformisme escènic d&#8217;entre finals del segle XIX i principis del segle XX. Es tracta d&#8217;espectacles integrats dins l&#8217;escena de les varietats. En ells, l&#8217;actor es transforma ràpidament en diversos personatges, tant masculins com femenins, imitant les seves veus i gestos a través de breus números musicals. L&#8217;interès no recau tant en la precisió de les imitacions, sinó en la velocitat i varietat dels canvis seguint els gustos del moment, influïts per la modernitat de canvi de segle. El transformista italià Leopoldo Fregoli (1867–1936) és tal vegada la figura més important del moment, aconseguint gran èxit entre les masses populars de les principals ciutats del territori espanyol. Palma, amb una destacada vida teatral, programa el seu debut al Teatre-Circ Balear el 9 de juny de 1854 – el mateix any que debuta a Barcelona –, amb un considerable èxit. La passada de Fregoli per Palma contribueix a fer que els espectacles de transformisme i transvestisme continuïn programant-se als principals teatres de l&#8217;illa durant el primer terç del segle XX.</p>
<p>En el diari Baleares podem trobar anuncis com aquests, un del <a href="https://prensahistorica.mcu.es/es/consulta/registro.do?id=11000778308">gener</a> i un del <a href="https://prensahistorica.mcu.es/es/consulta/registro.do?id=11000778347">març</a> de 1977, i <a href="https://prensahistorica.mcu.es/es/consulta/registro.do?id=11000778317">textos d&#8217;opinió</a> que exemplifiquen la relació del públic amb aquests espectacles.</p>
<blockquote><p>Si el hombre fuera un simple animal sin razón ni alma tal vez</p>
<p>daría lo mismo “cambiarle el menú sexual&#8221;, a invitarle a un</p>
<p>“Erotíssimo Show, con strip-tease a tiempo, de jota y los travestís</p>
<p>de Madam Arthur, de París&#8221;. Pero, a poco que uno emplee</p>
<p>el cerebro, se dará cuenta del absoluto vacío que rodea espectáculos</p>
<p>propios de deficientes mentales o enfermos. («La dignidad del pueblo», 1977: 13)</p></blockquote>

<!-- This site is optimized with the Yoast SEO plugin v27.4 - https://yoast.com/product/yoast-seo-wordpress/ -->
<title>Transvestisme a Mallorca durant la Transició - Carta Sonora de Mallorca</title>
<meta name="robots" content="index, follow, max-snippet:-1, max-image-preview:large, max-video-preview:-1" />
<link rel="canonical" href="https://cartasonorademallorca.com/es/listing/transvestisme-a-mallorca-durant-la-transicio/" />
<meta property="og:locale" content="es_ES" />
<meta property="og:type" content="article" />
<meta property="og:title" content="Transvestisme a Mallorca durant la Transició - Carta Sonora de Mallorca" />
<meta property="og:description" content="Els inicis del transvestisme tal com el coneixem avui es poden remuntar en el transformisme escènic d&#8217;entre finals del segle XIX i principis del segle XX. Es tracta d&#8217;espectacles integrats dins l&#8217;escena de les varietats. En ells, l&#8217;actor es transforma ràpidament en diversos personatges, tant masculins com femenins, imitant les seves veus i gestos a [&hellip;]" />
<meta property="og:url" content="https://cartasonorademallorca.com/es/listing/transvestisme-a-mallorca-durant-la-transicio/" />
<meta property="og:site_name" content="Carta Sonora de Mallorca" />
<meta property="article:modified_time" content="2023-06-04T17:10:49+00:00" />
<meta property="og:image" content="https://cartasonorademallorca.com/wp-content/uploads/2023/06/kalkuta2.gif" />
	<meta property="og:image:width" content="992" />
	<meta property="og:image:height" content="1403" />
	<meta property="og:image:type" content="image/gif" />
<meta name="twitter:card" content="summary_large_image" />
<meta name="twitter:label1" content="Est. reading time" />
	<meta name="twitter:data1" content="2 minutes" />
<script type="application/ld+json" class="yoast-schema-graph">{"@context":"https:\/\/schema.org","@graph":[{"@type":"WebPage","@id":"https:\/\/cartasonorademallorca.com\/es\/listing\/transvestisme-a-mallorca-durant-la-transicio\/","url":"https:\/\/cartasonorademallorca.com\/es\/listing\/transvestisme-a-mallorca-durant-la-transicio\/","name":"Transvestisme a Mallorca durant la Transició - Carta Sonora de Mallorca","isPartOf":{"@id":"https:\/\/cartasonorademallorca.com\/es\/#website"},"primaryImageOfPage":{"@id":"https:\/\/cartasonorademallorca.com\/es\/listing\/transvestisme-a-mallorca-durant-la-transicio\/#primaryimage"},"image":{"@id":"https:\/\/cartasonorademallorca.com\/es\/listing\/transvestisme-a-mallorca-durant-la-transicio\/#primaryimage"},"thumbnailUrl":"https:\/\/cartasonorademallorca.com\/wp-content\/uploads\/2023\/06\/kalkuta2.gif","datePublished":"2023-06-01T08:29:35+00:00","dateModified":"2023-06-04T17:10:49+00:00","breadcrumb":{"@id":"https:\/\/cartasonorademallorca.com\/es\/listing\/transvestisme-a-mallorca-durant-la-transicio\/#breadcrumb"},"inLanguage":"es-ES","potentialAction":[{"@type":"ReadAction","target":["https:\/\/cartasonorademallorca.com\/es\/listing\/transvestisme-a-mallorca-durant-la-transicio\/"]}]},{"@type":"ImageObject","inLanguage":"es-ES","@id":"https:\/\/cartasonorademallorca.com\/es\/listing\/transvestisme-a-mallorca-durant-la-transicio\/#primaryimage","url":"https:\/\/cartasonorademallorca.com\/wp-content\/uploads\/2023\/06\/kalkuta2.gif","contentUrl":"https:\/\/cartasonorademallorca.com\/wp-content\/uploads\/2023\/06\/kalkuta2.gif","width":992,"height":1403,"caption":"Autor: Club Kalkuta, Diari Baleares, 1976"},{"@type":"BreadcrumbList","@id":"https:\/\/cartasonorademallorca.com\/es\/listing\/transvestisme-a-mallorca-durant-la-transicio\/#breadcrumb","itemListElement":[{"@type":"ListItem","position":1,"name":"Portada","item":"https:\/\/cartasonorademallorca.com\/es\/"},{"@type":"ListItem","position":2,"name":"Llistats","item":"https:\/\/cartasonorademallorca.com\/es\/arxiu\/"},{"@type":"ListItem","position":3,"name":"Transvestisme a Mallorca durant la Transició"}]},{"@type":"WebSite","@id":"https:\/\/cartasonorademallorca.com\/es\/#website","url":"https:\/\/cartasonorademallorca.com\/es\/","name":"Carta Sonora de Mallorca","description":"","potentialAction":[{"@type":"SearchAction","target":{"@type":"EntryPoint","urlTemplate":"https:\/\/cartasonorademallorca.com\/es\/?s={search_term_string}"},"query-input":{"@type":"PropertyValueSpecification","valueRequired":true,"valueName":"search_term_string"}}],"inLanguage":"es-ES"}]}</script>
<!-- / Yoast SEO plugin. -->

Transvestisme a Mallorca durant la Transició - Carta Sonora de Mallorca

Els inicis del transvestisme tal com el coneixem avui es poden remuntar en el transformisme escènic d&#8217;entre finals del segle XIX i principis del segle XX. Es tracta d&#8217;espectacles integrats dins l&#8217;escena de les varietats. En ells, l&#8217;actor es transforma ràpidament en diversos personatges, tant masculins com femenins, imitant les seves veus i gestos a [&hellip;]
