{"id":3646,"date":"2023-06-13T07:32:35","date_gmt":"2023-06-13T07:32:35","guid":{"rendered":"https:\/\/cartasonorademallorca.com\/?post_type=listing&#038;p=3646"},"modified":"2023-06-13T07:47:26","modified_gmt":"2023-06-13T07:47:26","slug":"the-beatless-tribute","status":"publish","type":"listing","link":"https:\/\/cartasonorademallorca.com\/es\/listing\/the-beatless-tribute\/","title":{"rendered":"The Beatless Tribute"},"content":{"rendered":"<p>The Beatless Tribute \u00e9s un conjunt de quatre joves que interpreten la m\u00fasica del llegendari grup <em>The Beatles<\/em>. Aquest conjunt va ser un grup de m\u00fasica rock i pop brit\u00e0nic de la d\u00e8cada dels seixanta del segle passat format per John Lennon, Paul McCartney, George Harrison i Ringo Starr.<\/p>\n<p>The Beatless Tribute est\u00e0 format per Rafel Bestard (25 anys) com John Lennon al piano, Toni Albert\u00ed (21 anys) com George Harrison a la guitarra, Cristian Britos (31 anys) com Paul McCartney amb el baix i Mario Ram\u00edrez (22 anys) com Ringo Starr a la bateria. Tots ells tamb\u00e9 canten a part de tocar els seus instruments.<\/p>\n<p><img fetchpriority=\"high\" decoding=\"async\" class=\"size-medium wp-image-3627 aligncenter\" src=\"https:\/\/cartasonorademallorca.com\/wp-content\/uploads\/2023\/06\/Beatless-FINAL-cuadrado-300x300.png\" alt=\"\" width=\"300\" height=\"300\" srcset=\"https:\/\/cartasonorademallorca.com\/wp-content\/uploads\/2023\/06\/Beatless-FINAL-cuadrado-300x300.png 300w, https:\/\/cartasonorademallorca.com\/wp-content\/uploads\/2023\/06\/Beatless-FINAL-cuadrado-150x150.png 150w, https:\/\/cartasonorademallorca.com\/wp-content\/uploads\/2023\/06\/Beatless-FINAL-cuadrado-768x768.png 768w, https:\/\/cartasonorademallorca.com\/wp-content\/uploads\/2023\/06\/Beatless-FINAL-cuadrado.png 1000w\" sizes=\"(max-width: 300px) 100vw, 300px\" \/><\/p>\n<p>Actualment, en Rafel Bestard i en Mario Ram\u00edrez estudien el grau superior de m\u00fasica en l&#8217;especialitat de Piano i Bateria jazz al Conservatori Superior de les Illes Balears. En Cristian s&#8217;ha anat formant des de ben petit amb diferents mestres de cant, guitarra, baix el\u00e8ctric i piano. En Toni, ara com ara, est\u00e0 estudiant el doble grau d&#8217;ADE i Dret a la UIB, i la formaci\u00f3 que t\u00e9 sobre la guitarra ho ha apr\u00e8s de forma autodid\u00e0ctica.<\/p>\n<p>Aquest tribut va sorgir d&#8217;una oferta de treball que se&#8217;ls va proposar a en Mario i en Cristian, que tot d&#8217;una es varen posar a cercar dos integrants m\u00e9s per completar la formaci\u00f3 del grup; i varen concloure que seria una bona idea consultar-ho a en Toni i en Rafel, que varen acceptar la proposta molt contents.<\/p>\n<p>La seva estrena damunt els escenaris va ser el 7 d&#8217;abril del 2023 a un hotel d&#8217;Andratx, i com a primera actuaci\u00f3 els integrants del grup varen quedar satisfets.<\/p>\n<p>&nbsp;<\/p>\n<p>&nbsp;<\/p>\n","protected":false},"featured_media":3629,"comment_status":"open","ping_status":"open","template":"","tags":[2354,1205,2355,2356,2357,2358,2359],"listing_category":[445],"listing_location":[2368,2366],"listing_feature":[1188,28,59,1273],"class_list":["post-3646","listing","type-listing","status-publish","has-post-thumbnail","hentry","tag-decada-1960-es","tag-pop-es","tag-revival-es","tag-rock-es","tag-the-beatles-es","tag-the-beatless-tribute-es","tag-tribut-es","custom_tags_1-cristian-britos-es","custom_tags_1-mario-ramirez-es","custom_tags_1-rafel-bestard-es","custom_tags_1-the-beatles-es","custom_tags_1-the-beatless-es","custom_tags_1-toni-alberti-es","listing_category-video-es","listing_location-cala-romantica-es","listing_location-manacor-es","listing_feature-acte-social","listing_feature-ambit-profa","listing_feature-ambit-public","listing_feature-concert"],"acf":[],"yoast_head":"<!-- This site is optimized with the Yoast SEO plugin v27.4 - https:\/\/yoast.com\/product\/yoast-seo-wordpress\/ -->\n<title>The Beatless Tribute - Carta Sonora de Mallorca<\/title>\n<meta name=\"robots\" content=\"index, follow, max-snippet:-1, max-image-preview:large, max-video-preview:-1\" \/>\n<link rel=\"canonical\" href=\"https:\/\/cartasonorademallorca.com\/es\/listing\/the-beatless-tribute\/\" \/>\n<meta property=\"og:locale\" content=\"es_ES\" \/>\n<meta property=\"og:type\" content=\"article\" \/>\n<meta property=\"og:title\" content=\"The Beatless Tribute - Carta Sonora de Mallorca\" \/>\n<meta property=\"og:description\" content=\"The Beatless Tribute \u00e9s un conjunt de quatre joves que interpreten la m\u00fasica del llegendari grup The Beatles. Aquest conjunt va ser un grup de m\u00fasica rock i pop brit\u00e0nic de la d\u00e8cada dels seixanta del segle passat format per John Lennon, Paul McCartney, George Harrison i Ringo Starr. The Beatless Tribute est\u00e0 format per [&hellip;]\" \/>\n<meta property=\"og:url\" content=\"https:\/\/cartasonorademallorca.com\/es\/listing\/the-beatless-tribute\/\" \/>\n<meta property=\"og:site_name\" content=\"Carta Sonora de Mallorca\" \/>\n<meta property=\"article:modified_time\" content=\"2023-06-13T07:47:26+00:00\" \/>\n<meta property=\"og:image\" content=\"https:\/\/cartasonorademallorca.com\/wp-content\/uploads\/2023\/06\/Beatless-FINAL-cuadrado.png\" \/>\n\t<meta property=\"og:image:width\" content=\"1000\" \/>\n\t<meta property=\"og:image:height\" content=\"1000\" \/>\n\t<meta property=\"og:image:type\" content=\"image\/png\" \/>\n<meta name=\"twitter:card\" content=\"summary_large_image\" \/>\n<meta name=\"twitter:label1\" content=\"Est. reading time\" \/>\n\t<meta name=\"twitter:data1\" content=\"2 minutes\" \/>\n<script type=\"application\/ld+json\" class=\"yoast-schema-graph\">{\"@context\":\"https:\\\/\\\/schema.org\",\"@graph\":[{\"@type\":\"WebPage\",\"@id\":\"https:\\\/\\\/cartasonorademallorca.com\\\/es\\\/listing\\\/the-beatless-tribute\\\/\",\"url\":\"https:\\\/\\\/cartasonorademallorca.com\\\/es\\\/listing\\\/the-beatless-tribute\\\/\",\"name\":\"The Beatless Tribute - Carta Sonora de Mallorca\",\"isPartOf\":{\"@id\":\"https:\\\/\\\/cartasonorademallorca.com\\\/es\\\/#website\"},\"primaryImageOfPage\":{\"@id\":\"https:\\\/\\\/cartasonorademallorca.com\\\/es\\\/listing\\\/the-beatless-tribute\\\/#primaryimage\"},\"image\":{\"@id\":\"https:\\\/\\\/cartasonorademallorca.com\\\/es\\\/listing\\\/the-beatless-tribute\\\/#primaryimage\"},\"thumbnailUrl\":\"https:\\\/\\\/cartasonorademallorca.com\\\/wp-content\\\/uploads\\\/2023\\\/06\\\/Beatless-FINAL-cuadrado.png\",\"datePublished\":\"2023-06-13T07:32:35+00:00\",\"dateModified\":\"2023-06-13T07:47:26+00:00\",\"breadcrumb\":{\"@id\":\"https:\\\/\\\/cartasonorademallorca.com\\\/es\\\/listing\\\/the-beatless-tribute\\\/#breadcrumb\"},\"inLanguage\":\"es-ES\",\"potentialAction\":[{\"@type\":\"ReadAction\",\"target\":[\"https:\\\/\\\/cartasonorademallorca.com\\\/es\\\/listing\\\/the-beatless-tribute\\\/\"]}]},{\"@type\":\"ImageObject\",\"inLanguage\":\"es-ES\",\"@id\":\"https:\\\/\\\/cartasonorademallorca.com\\\/es\\\/listing\\\/the-beatless-tribute\\\/#primaryimage\",\"url\":\"https:\\\/\\\/cartasonorademallorca.com\\\/wp-content\\\/uploads\\\/2023\\\/06\\\/Beatless-FINAL-cuadrado.png\",\"contentUrl\":\"https:\\\/\\\/cartasonorademallorca.com\\\/wp-content\\\/uploads\\\/2023\\\/06\\\/Beatless-FINAL-cuadrado.png\",\"width\":1000,\"height\":1000},{\"@type\":\"BreadcrumbList\",\"@id\":\"https:\\\/\\\/cartasonorademallorca.com\\\/es\\\/listing\\\/the-beatless-tribute\\\/#breadcrumb\",\"itemListElement\":[{\"@type\":\"ListItem\",\"position\":1,\"name\":\"Portada\",\"item\":\"https:\\\/\\\/cartasonorademallorca.com\\\/es\\\/\"},{\"@type\":\"ListItem\",\"position\":2,\"name\":\"Llistats\",\"item\":\"https:\\\/\\\/cartasonorademallorca.com\\\/es\\\/arxiu\\\/\"},{\"@type\":\"ListItem\",\"position\":3,\"name\":\"The Beatless Tribute\"}]},{\"@type\":\"WebSite\",\"@id\":\"https:\\\/\\\/cartasonorademallorca.com\\\/es\\\/#website\",\"url\":\"https:\\\/\\\/cartasonorademallorca.com\\\/es\\\/\",\"name\":\"Carta Sonora de Mallorca\",\"description\":\"\",\"potentialAction\":[{\"@type\":\"SearchAction\",\"target\":{\"@type\":\"EntryPoint\",\"urlTemplate\":\"https:\\\/\\\/cartasonorademallorca.com\\\/es\\\/?s={search_term_string}\"},\"query-input\":{\"@type\":\"PropertyValueSpecification\",\"valueRequired\":true,\"valueName\":\"search_term_string\"}}],\"inLanguage\":\"es-ES\"}]}<\/script>\n<!-- \/ Yoast SEO plugin. -->","yoast_head_json":{"title":"The Beatless Tribute - Carta Sonora de Mallorca","robots":{"index":"index","follow":"follow","max-snippet":"max-snippet:-1","max-image-preview":"max-image-preview:large","max-video-preview":"max-video-preview:-1"},"canonical":"https:\/\/cartasonorademallorca.com\/es\/listing\/the-beatless-tribute\/","og_locale":"es_ES","og_type":"article","og_title":"The Beatless Tribute - Carta Sonora de Mallorca","og_description":"The Beatless Tribute \u00e9s un conjunt de quatre joves que interpreten la m\u00fasica del llegendari grup The Beatles. Aquest conjunt va ser un grup de m\u00fasica rock i pop brit\u00e0nic de la d\u00e8cada dels seixanta del segle passat format per John Lennon, Paul McCartney, George Harrison i Ringo Starr. The Beatless Tribute est\u00e0 format per [&hellip;]","og_url":"https:\/\/cartasonorademallorca.com\/es\/listing\/the-beatless-tribute\/","og_site_name":"Carta Sonora de Mallorca","article_modified_time":"2023-06-13T07:47:26+00:00","og_image":[{"width":1000,"height":1000,"url":"https:\/\/cartasonorademallorca.com\/wp-content\/uploads\/2023\/06\/Beatless-FINAL-cuadrado.png","type":"image\/png"}],"twitter_card":"summary_large_image","twitter_misc":{"Est. reading time":"2 minutes"},"schema":{"@context":"https:\/\/schema.org","@graph":[{"@type":"WebPage","@id":"https:\/\/cartasonorademallorca.com\/es\/listing\/the-beatless-tribute\/","url":"https:\/\/cartasonorademallorca.com\/es\/listing\/the-beatless-tribute\/","name":"The Beatless Tribute - Carta Sonora de Mallorca","isPartOf":{"@id":"https:\/\/cartasonorademallorca.com\/es\/#website"},"primaryImageOfPage":{"@id":"https:\/\/cartasonorademallorca.com\/es\/listing\/the-beatless-tribute\/#primaryimage"},"image":{"@id":"https:\/\/cartasonorademallorca.com\/es\/listing\/the-beatless-tribute\/#primaryimage"},"thumbnailUrl":"https:\/\/cartasonorademallorca.com\/wp-content\/uploads\/2023\/06\/Beatless-FINAL-cuadrado.png","datePublished":"2023-06-13T07:32:35+00:00","dateModified":"2023-06-13T07:47:26+00:00","breadcrumb":{"@id":"https:\/\/cartasonorademallorca.com\/es\/listing\/the-beatless-tribute\/#breadcrumb"},"inLanguage":"es-ES","potentialAction":[{"@type":"ReadAction","target":["https:\/\/cartasonorademallorca.com\/es\/listing\/the-beatless-tribute\/"]}]},{"@type":"ImageObject","inLanguage":"es-ES","@id":"https:\/\/cartasonorademallorca.com\/es\/listing\/the-beatless-tribute\/#primaryimage","url":"https:\/\/cartasonorademallorca.com\/wp-content\/uploads\/2023\/06\/Beatless-FINAL-cuadrado.png","contentUrl":"https:\/\/cartasonorademallorca.com\/wp-content\/uploads\/2023\/06\/Beatless-FINAL-cuadrado.png","width":1000,"height":1000},{"@type":"BreadcrumbList","@id":"https:\/\/cartasonorademallorca.com\/es\/listing\/the-beatless-tribute\/#breadcrumb","itemListElement":[{"@type":"ListItem","position":1,"name":"Portada","item":"https:\/\/cartasonorademallorca.com\/es\/"},{"@type":"ListItem","position":2,"name":"Llistats","item":"https:\/\/cartasonorademallorca.com\/es\/arxiu\/"},{"@type":"ListItem","position":3,"name":"The Beatless Tribute"}]},{"@type":"WebSite","@id":"https:\/\/cartasonorademallorca.com\/es\/#website","url":"https:\/\/cartasonorademallorca.com\/es\/","name":"Carta Sonora de Mallorca","description":"","potentialAction":[{"@type":"SearchAction","target":{"@type":"EntryPoint","urlTemplate":"https:\/\/cartasonorademallorca.com\/es\/?s={search_term_string}"},"query-input":{"@type":"PropertyValueSpecification","valueRequired":true,"valueName":"search_term_string"}}],"inLanguage":"es-ES"}]}},"_links":{"self":[{"href":"https:\/\/cartasonorademallorca.com\/es\/wp-json\/wp\/v2\/listing\/3646","targetHints":{"allow":["GET"]}}],"collection":[{"href":"https:\/\/cartasonorademallorca.com\/es\/wp-json\/wp\/v2\/listing"}],"about":[{"href":"https:\/\/cartasonorademallorca.com\/es\/wp-json\/wp\/v2\/types\/listing"}],"replies":[{"embeddable":true,"href":"https:\/\/cartasonorademallorca.com\/es\/wp-json\/wp\/v2\/comments?post=3646"}],"wp:featuredmedia":[{"embeddable":true,"href":"https:\/\/cartasonorademallorca.com\/es\/wp-json\/wp\/v2\/media\/3629"}],"wp:attachment":[{"href":"https:\/\/cartasonorademallorca.com\/es\/wp-json\/wp\/v2\/media?parent=3646"}],"wp:term":[{"taxonomy":"post_tag","embeddable":true,"href":"https:\/\/cartasonorademallorca.com\/es\/wp-json\/wp\/v2\/tags?post=3646"},{"taxonomy":"listing_category","embeddable":true,"href":"https:\/\/cartasonorademallorca.com\/es\/wp-json\/wp\/v2\/listing_category?post=3646"},{"taxonomy":"listing_location","embeddable":true,"href":"https:\/\/cartasonorademallorca.com\/es\/wp-json\/wp\/v2\/listing_location?post=3646"},{"taxonomy":"listing_feature","embeddable":true,"href":"https:\/\/cartasonorademallorca.com\/es\/wp-json\/wp\/v2\/listing_feature?post=3646"}],"curies":[{"name":"wp","href":"https:\/\/api.w.org\/{rel}","templated":true}]}}

<p>The Beatless Tribute és un conjunt de quatre joves que interpreten la música del llegendari grup <em>The Beatles</em>. Aquest conjunt va ser un grup de música rock i pop britànic de la dècada dels seixanta del segle passat format per John Lennon, Paul McCartney, George Harrison i Ringo Starr.</p>
<p>The Beatless Tribute està format per Rafel Bestard (25 anys) com John Lennon al piano, Toni Albertí (21 anys) com George Harrison a la guitarra, Cristian Britos (31 anys) com Paul McCartney amb el baix i Mario Ramírez (22 anys) com Ringo Starr a la bateria. Tots ells també canten a part de tocar els seus instruments.</p>
<p><img fetchpriority="high" decoding="async" class="size-medium wp-image-3627 aligncenter" src="https://cartasonorademallorca.com/wp-content/uploads/2023/06/Beatless-FINAL-cuadrado-300x300.png" alt="" width="300" height="300" srcset="https://cartasonorademallorca.com/wp-content/uploads/2023/06/Beatless-FINAL-cuadrado-300x300.png 300w, https://cartasonorademallorca.com/wp-content/uploads/2023/06/Beatless-FINAL-cuadrado-150x150.png 150w, https://cartasonorademallorca.com/wp-content/uploads/2023/06/Beatless-FINAL-cuadrado-768x768.png 768w, https://cartasonorademallorca.com/wp-content/uploads/2023/06/Beatless-FINAL-cuadrado.png 1000w" sizes="(max-width: 300px) 100vw, 300px" /></p>
<p>Actualment, en Rafel Bestard i en Mario Ramírez estudien el grau superior de música en l&#8217;especialitat de Piano i Bateria jazz al Conservatori Superior de les Illes Balears. En Cristian s&#8217;ha anat formant des de ben petit amb diferents mestres de cant, guitarra, baix elèctric i piano. En Toni, ara com ara, està estudiant el doble grau d&#8217;ADE i Dret a la UIB, i la formació que té sobre la guitarra ho ha après de forma autodidàctica.</p>
<p>Aquest tribut va sorgir d&#8217;una oferta de treball que se&#8217;ls va proposar a en Mario i en Cristian, que tot d&#8217;una es varen posar a cercar dos integrants més per completar la formació del grup; i varen concloure que seria una bona idea consultar-ho a en Toni i en Rafel, que varen acceptar la proposta molt contents.</p>
<p>La seva estrena damunt els escenaris va ser el 7 d&#8217;abril del 2023 a un hotel d&#8217;Andratx, i com a primera actuació els integrants del grup varen quedar satisfets.</p>
<p>&nbsp;</p>
<p>&nbsp;</p>

<!-- This site is optimized with the Yoast SEO plugin v27.4 - https://yoast.com/product/yoast-seo-wordpress/ -->
<title>The Beatless Tribute - Carta Sonora de Mallorca</title>
<meta name="robots" content="index, follow, max-snippet:-1, max-image-preview:large, max-video-preview:-1" />
<link rel="canonical" href="https://cartasonorademallorca.com/es/listing/the-beatless-tribute/" />
<meta property="og:locale" content="es_ES" />
<meta property="og:type" content="article" />
<meta property="og:title" content="The Beatless Tribute - Carta Sonora de Mallorca" />
<meta property="og:description" content="The Beatless Tribute és un conjunt de quatre joves que interpreten la música del llegendari grup The Beatles. Aquest conjunt va ser un grup de música rock i pop britànic de la dècada dels seixanta del segle passat format per John Lennon, Paul McCartney, George Harrison i Ringo Starr. The Beatless Tribute està format per [&hellip;]" />
<meta property="og:url" content="https://cartasonorademallorca.com/es/listing/the-beatless-tribute/" />
<meta property="og:site_name" content="Carta Sonora de Mallorca" />
<meta property="article:modified_time" content="2023-06-13T07:47:26+00:00" />
<meta property="og:image" content="https://cartasonorademallorca.com/wp-content/uploads/2023/06/Beatless-FINAL-cuadrado.png" />
	<meta property="og:image:width" content="1000" />
	<meta property="og:image:height" content="1000" />
	<meta property="og:image:type" content="image/png" />
<meta name="twitter:card" content="summary_large_image" />
<meta name="twitter:label1" content="Est. reading time" />
	<meta name="twitter:data1" content="2 minutes" />
<script type="application/ld+json" class="yoast-schema-graph">{"@context":"https:\/\/schema.org","@graph":[{"@type":"WebPage","@id":"https:\/\/cartasonorademallorca.com\/es\/listing\/the-beatless-tribute\/","url":"https:\/\/cartasonorademallorca.com\/es\/listing\/the-beatless-tribute\/","name":"The Beatless Tribute - Carta Sonora de Mallorca","isPartOf":{"@id":"https:\/\/cartasonorademallorca.com\/es\/#website"},"primaryImageOfPage":{"@id":"https:\/\/cartasonorademallorca.com\/es\/listing\/the-beatless-tribute\/#primaryimage"},"image":{"@id":"https:\/\/cartasonorademallorca.com\/es\/listing\/the-beatless-tribute\/#primaryimage"},"thumbnailUrl":"https:\/\/cartasonorademallorca.com\/wp-content\/uploads\/2023\/06\/Beatless-FINAL-cuadrado.png","datePublished":"2023-06-13T07:32:35+00:00","dateModified":"2023-06-13T07:47:26+00:00","breadcrumb":{"@id":"https:\/\/cartasonorademallorca.com\/es\/listing\/the-beatless-tribute\/#breadcrumb"},"inLanguage":"es-ES","potentialAction":[{"@type":"ReadAction","target":["https:\/\/cartasonorademallorca.com\/es\/listing\/the-beatless-tribute\/"]}]},{"@type":"ImageObject","inLanguage":"es-ES","@id":"https:\/\/cartasonorademallorca.com\/es\/listing\/the-beatless-tribute\/#primaryimage","url":"https:\/\/cartasonorademallorca.com\/wp-content\/uploads\/2023\/06\/Beatless-FINAL-cuadrado.png","contentUrl":"https:\/\/cartasonorademallorca.com\/wp-content\/uploads\/2023\/06\/Beatless-FINAL-cuadrado.png","width":1000,"height":1000},{"@type":"BreadcrumbList","@id":"https:\/\/cartasonorademallorca.com\/es\/listing\/the-beatless-tribute\/#breadcrumb","itemListElement":[{"@type":"ListItem","position":1,"name":"Portada","item":"https:\/\/cartasonorademallorca.com\/es\/"},{"@type":"ListItem","position":2,"name":"Llistats","item":"https:\/\/cartasonorademallorca.com\/es\/arxiu\/"},{"@type":"ListItem","position":3,"name":"The Beatless Tribute"}]},{"@type":"WebSite","@id":"https:\/\/cartasonorademallorca.com\/es\/#website","url":"https:\/\/cartasonorademallorca.com\/es\/","name":"Carta Sonora de Mallorca","description":"","potentialAction":[{"@type":"SearchAction","target":{"@type":"EntryPoint","urlTemplate":"https:\/\/cartasonorademallorca.com\/es\/?s={search_term_string}"},"query-input":{"@type":"PropertyValueSpecification","valueRequired":true,"valueName":"search_term_string"}}],"inLanguage":"es-ES"}]}</script>
<!-- / Yoast SEO plugin. -->

The Beatless Tribute és un conjunt de quatre joves que interpreten la música del llegendari grup The Beatles. Aquest conjunt va ser un grup de música rock i pop britànic de la dècada dels seixanta del segle passat format per John Lennon, Paul McCartney, George Harrison i Ringo Starr. The Beatless Tribute està format per [&hellip;]
