{"id":3935,"date":"2023-09-16T22:54:51","date_gmt":"2023-09-16T22:54:51","guid":{"rendered":"https:\/\/cartasonorademallorca.com\/listing\/inauguracio-de-lestacio-del-servei-de-telegraf\/"},"modified":"2023-09-16T22:55:23","modified_gmt":"2023-09-16T22:55:23","slug":"inauguracio-de-lestacio-del-servei-de-telegraf","status":"publish","type":"listing","link":"https:\/\/cartasonorademallorca.com\/es\/listing\/inauguracio-de-lestacio-del-servei-de-telegraf\/","title":{"rendered":"Inauguraci\u00f3 de l\u2019estaci\u00f3 del servei de tel\u00e8graf"},"content":{"rendered":"<p><span style=\"font-weight: 400;\">El diari <em>El Isle\u00f1o<\/em> de dia 12 d&#8217;abril de 1890 inform\u00e0 que la banda de Rub\u00ed i la de Verdera s\u2019uniren per solemnitzar conjuntament la inauguraci\u00f3 de l\u2019estaci\u00f3 del servei de tel\u00e8graf dia 8 d\u2019abril,8. [&#8230;] Els esperava a l\u2019entrada del poble una multitud de <\/span><span style=\"font-weight: 400;\">gent; a continuaci\u00f3, al comp\u00e0s de la m\u00fasica que els obria pas, la comitiva arribava al <\/span><span style=\"font-weight: 400;\">lloc on s\u2019havia de produir la recepci\u00f3: la casa de la vila, l\u2019esgl\u00e9sia o el casino o local <\/span><span style=\"font-weight: 400;\">on es reunien els correligionaris, en cas que es tract\u00e0s de pol\u00edtics. En aquesta ocasi\u00f3, <\/span><span style=\"font-weight: 400;\">la destinaci\u00f3 del seguici era l\u2019estaci\u00f3 de Tel\u00e8grafs i els homenatjats, el director de <\/span><span style=\"font-weight: 400;\">Tel\u00e8grafs i alguns t\u00e8cnics. Hi eren el batle de Llucmajor, Joan Verdera, els batles <\/span><span style=\"font-weight: 400;\">d\u2019Algaida i de Porreres, el rector i les forces vives del poble. En acabat la benedicci\u00f3 <\/span><span style=\"font-weight: 400;\">del local, se\u2019ls ofer\u00ed un banquet, brindaren amb \u00abchampagne\u00bb pel progr\u00e9s del poble <\/span><span style=\"font-weight: 400;\">de Llucmajor i es don\u00e0 per tancat l\u2019acte.<\/span><\/p>\n<p><span style=\"font-weight: 400;\">El fet qued\u00e0 recollit tamb\u00e9 en l\u2019acta de la sessi\u00f3 <\/span><span style=\"font-weight: 400;\">plen\u00e0ria de dia 11 d\u2019abril de 1890, en la qual s\u2019explicita que les bandes eren les <\/span><span style=\"font-weight: 400;\">de Rub\u00ed i Verdera i que aquest darrer les dirigia aquell dia.<\/span><\/p>\n<p><br style=\"font-weight: 400;\" \/><br style=\"font-weight: 400;\" \/><\/p>\n<p><br style=\"font-weight: 400;\" \/><br style=\"font-weight: 400;\" \/><\/p>\n","protected":false},"featured_media":1994,"comment_status":"open","ping_status":"open","template":"","tags":[557,669,1301],"listing_category":[396],"listing_location":[549],"listing_feature":[28,157],"class_list":["post-3935","listing","type-listing","status-publish","has-post-thumbnail","hentry","tag-banda-de-musica-es","tag-banda-de-musica-de-llucmajor-es","tag-inauguracio-es","custom_tags_1-banda-de-musica-de-llucmajor-es","custom_tags_1-gabriel-verdera-es","custom_tags_1-rafel-rubi-es","listing_category-text-es","listing_location-llucmajor-es","listing_feature-ambit-profa","listing_feature-documentacio-musics"],"acf":[],"yoast_head":"<!-- This site is optimized with the Yoast SEO plugin v27.4 - https:\/\/yoast.com\/product\/yoast-seo-wordpress\/ -->\n<title>Inauguraci\u00f3 de l\u2019estaci\u00f3 del servei de tel\u00e8graf - Carta Sonora de Mallorca<\/title>\n<meta name=\"robots\" content=\"index, follow, max-snippet:-1, max-image-preview:large, max-video-preview:-1\" \/>\n<link rel=\"canonical\" href=\"https:\/\/cartasonorademallorca.com\/es\/listing\/inauguracio-de-lestacio-del-servei-de-telegraf\/\" \/>\n<meta property=\"og:locale\" content=\"es_ES\" \/>\n<meta property=\"og:type\" content=\"article\" \/>\n<meta property=\"og:title\" content=\"Inauguraci\u00f3 de l\u2019estaci\u00f3 del servei de tel\u00e8graf - Carta Sonora de Mallorca\" \/>\n<meta property=\"og:description\" content=\"El diari El Isle\u00f1o de dia 12 d&#8217;abril de 1890 inform\u00e0 que la banda de Rub\u00ed i la de Verdera s\u2019uniren per solemnitzar conjuntament la inauguraci\u00f3 de l\u2019estaci\u00f3 del servei de tel\u00e8graf dia 8 d\u2019abril,8. [&#8230;] Els esperava a l\u2019entrada del poble una multitud de gent; a continuaci\u00f3, al comp\u00e0s de la m\u00fasica que els [&hellip;]\" \/>\n<meta property=\"og:url\" content=\"https:\/\/cartasonorademallorca.com\/es\/listing\/inauguracio-de-lestacio-del-servei-de-telegraf\/\" \/>\n<meta property=\"og:site_name\" content=\"Carta Sonora de Mallorca\" \/>\n<meta property=\"article:modified_time\" content=\"2023-09-16T22:55:23+00:00\" \/>\n<meta property=\"og:image\" content=\"https:\/\/cartasonorademallorca.com\/wp-content\/uploads\/2022\/08\/empty-1-1.jpg\" \/>\n\t<meta property=\"og:image:width\" content=\"400\" \/>\n\t<meta property=\"og:image:height\" content=\"234\" \/>\n\t<meta property=\"og:image:type\" content=\"image\/jpeg\" \/>\n<meta name=\"twitter:card\" content=\"summary_large_image\" \/>\n<meta name=\"twitter:label1\" content=\"Est. reading time\" \/>\n\t<meta name=\"twitter:data1\" content=\"2 minutes\" \/>\n<script type=\"application\/ld+json\" class=\"yoast-schema-graph\">{\"@context\":\"https:\\\/\\\/schema.org\",\"@graph\":[{\"@type\":\"WebPage\",\"@id\":\"https:\\\/\\\/cartasonorademallorca.com\\\/es\\\/listing\\\/inauguracio-de-lestacio-del-servei-de-telegraf\\\/\",\"url\":\"https:\\\/\\\/cartasonorademallorca.com\\\/es\\\/listing\\\/inauguracio-de-lestacio-del-servei-de-telegraf\\\/\",\"name\":\"Inauguraci\u00f3 de l\u2019estaci\u00f3 del servei de tel\u00e8graf - Carta Sonora de Mallorca\",\"isPartOf\":{\"@id\":\"https:\\\/\\\/cartasonorademallorca.com\\\/es\\\/#website\"},\"primaryImageOfPage\":{\"@id\":\"https:\\\/\\\/cartasonorademallorca.com\\\/es\\\/listing\\\/inauguracio-de-lestacio-del-servei-de-telegraf\\\/#primaryimage\"},\"image\":{\"@id\":\"https:\\\/\\\/cartasonorademallorca.com\\\/es\\\/listing\\\/inauguracio-de-lestacio-del-servei-de-telegraf\\\/#primaryimage\"},\"thumbnailUrl\":\"https:\\\/\\\/cartasonorademallorca.com\\\/wp-content\\\/uploads\\\/2022\\\/08\\\/empty-1-1.jpg\",\"datePublished\":\"2023-09-16T22:54:51+00:00\",\"dateModified\":\"2023-09-16T22:55:23+00:00\",\"breadcrumb\":{\"@id\":\"https:\\\/\\\/cartasonorademallorca.com\\\/es\\\/listing\\\/inauguracio-de-lestacio-del-servei-de-telegraf\\\/#breadcrumb\"},\"inLanguage\":\"es-ES\",\"potentialAction\":[{\"@type\":\"ReadAction\",\"target\":[\"https:\\\/\\\/cartasonorademallorca.com\\\/es\\\/listing\\\/inauguracio-de-lestacio-del-servei-de-telegraf\\\/\"]}]},{\"@type\":\"ImageObject\",\"inLanguage\":\"es-ES\",\"@id\":\"https:\\\/\\\/cartasonorademallorca.com\\\/es\\\/listing\\\/inauguracio-de-lestacio-del-servei-de-telegraf\\\/#primaryimage\",\"url\":\"https:\\\/\\\/cartasonorademallorca.com\\\/wp-content\\\/uploads\\\/2022\\\/08\\\/empty-1-1.jpg\",\"contentUrl\":\"https:\\\/\\\/cartasonorademallorca.com\\\/wp-content\\\/uploads\\\/2022\\\/08\\\/empty-1-1.jpg\",\"width\":400,\"height\":234},{\"@type\":\"BreadcrumbList\",\"@id\":\"https:\\\/\\\/cartasonorademallorca.com\\\/es\\\/listing\\\/inauguracio-de-lestacio-del-servei-de-telegraf\\\/#breadcrumb\",\"itemListElement\":[{\"@type\":\"ListItem\",\"position\":1,\"name\":\"Portada\",\"item\":\"https:\\\/\\\/cartasonorademallorca.com\\\/es\\\/\"},{\"@type\":\"ListItem\",\"position\":2,\"name\":\"Llistats\",\"item\":\"https:\\\/\\\/cartasonorademallorca.com\\\/es\\\/arxiu\\\/\"},{\"@type\":\"ListItem\",\"position\":3,\"name\":\"Inauguraci\u00f3 de l\u2019estaci\u00f3 del servei de tel\u00e8graf\"}]},{\"@type\":\"WebSite\",\"@id\":\"https:\\\/\\\/cartasonorademallorca.com\\\/es\\\/#website\",\"url\":\"https:\\\/\\\/cartasonorademallorca.com\\\/es\\\/\",\"name\":\"Carta Sonora de Mallorca\",\"description\":\"\",\"potentialAction\":[{\"@type\":\"SearchAction\",\"target\":{\"@type\":\"EntryPoint\",\"urlTemplate\":\"https:\\\/\\\/cartasonorademallorca.com\\\/es\\\/?s={search_term_string}\"},\"query-input\":{\"@type\":\"PropertyValueSpecification\",\"valueRequired\":true,\"valueName\":\"search_term_string\"}}],\"inLanguage\":\"es-ES\"}]}<\/script>\n<!-- \/ Yoast SEO plugin. -->","yoast_head_json":{"title":"Inauguraci\u00f3 de l\u2019estaci\u00f3 del servei de tel\u00e8graf - Carta Sonora de Mallorca","robots":{"index":"index","follow":"follow","max-snippet":"max-snippet:-1","max-image-preview":"max-image-preview:large","max-video-preview":"max-video-preview:-1"},"canonical":"https:\/\/cartasonorademallorca.com\/es\/listing\/inauguracio-de-lestacio-del-servei-de-telegraf\/","og_locale":"es_ES","og_type":"article","og_title":"Inauguraci\u00f3 de l\u2019estaci\u00f3 del servei de tel\u00e8graf - Carta Sonora de Mallorca","og_description":"El diari El Isle\u00f1o de dia 12 d&#8217;abril de 1890 inform\u00e0 que la banda de Rub\u00ed i la de Verdera s\u2019uniren per solemnitzar conjuntament la inauguraci\u00f3 de l\u2019estaci\u00f3 del servei de tel\u00e8graf dia 8 d\u2019abril,8. [&#8230;] Els esperava a l\u2019entrada del poble una multitud de gent; a continuaci\u00f3, al comp\u00e0s de la m\u00fasica que els [&hellip;]","og_url":"https:\/\/cartasonorademallorca.com\/es\/listing\/inauguracio-de-lestacio-del-servei-de-telegraf\/","og_site_name":"Carta Sonora de Mallorca","article_modified_time":"2023-09-16T22:55:23+00:00","og_image":[{"width":400,"height":234,"url":"https:\/\/cartasonorademallorca.com\/wp-content\/uploads\/2022\/08\/empty-1-1.jpg","type":"image\/jpeg"}],"twitter_card":"summary_large_image","twitter_misc":{"Est. reading time":"2 minutes"},"schema":{"@context":"https:\/\/schema.org","@graph":[{"@type":"WebPage","@id":"https:\/\/cartasonorademallorca.com\/es\/listing\/inauguracio-de-lestacio-del-servei-de-telegraf\/","url":"https:\/\/cartasonorademallorca.com\/es\/listing\/inauguracio-de-lestacio-del-servei-de-telegraf\/","name":"Inauguraci\u00f3 de l\u2019estaci\u00f3 del servei de tel\u00e8graf - Carta Sonora de Mallorca","isPartOf":{"@id":"https:\/\/cartasonorademallorca.com\/es\/#website"},"primaryImageOfPage":{"@id":"https:\/\/cartasonorademallorca.com\/es\/listing\/inauguracio-de-lestacio-del-servei-de-telegraf\/#primaryimage"},"image":{"@id":"https:\/\/cartasonorademallorca.com\/es\/listing\/inauguracio-de-lestacio-del-servei-de-telegraf\/#primaryimage"},"thumbnailUrl":"https:\/\/cartasonorademallorca.com\/wp-content\/uploads\/2022\/08\/empty-1-1.jpg","datePublished":"2023-09-16T22:54:51+00:00","dateModified":"2023-09-16T22:55:23+00:00","breadcrumb":{"@id":"https:\/\/cartasonorademallorca.com\/es\/listing\/inauguracio-de-lestacio-del-servei-de-telegraf\/#breadcrumb"},"inLanguage":"es-ES","potentialAction":[{"@type":"ReadAction","target":["https:\/\/cartasonorademallorca.com\/es\/listing\/inauguracio-de-lestacio-del-servei-de-telegraf\/"]}]},{"@type":"ImageObject","inLanguage":"es-ES","@id":"https:\/\/cartasonorademallorca.com\/es\/listing\/inauguracio-de-lestacio-del-servei-de-telegraf\/#primaryimage","url":"https:\/\/cartasonorademallorca.com\/wp-content\/uploads\/2022\/08\/empty-1-1.jpg","contentUrl":"https:\/\/cartasonorademallorca.com\/wp-content\/uploads\/2022\/08\/empty-1-1.jpg","width":400,"height":234},{"@type":"BreadcrumbList","@id":"https:\/\/cartasonorademallorca.com\/es\/listing\/inauguracio-de-lestacio-del-servei-de-telegraf\/#breadcrumb","itemListElement":[{"@type":"ListItem","position":1,"name":"Portada","item":"https:\/\/cartasonorademallorca.com\/es\/"},{"@type":"ListItem","position":2,"name":"Llistats","item":"https:\/\/cartasonorademallorca.com\/es\/arxiu\/"},{"@type":"ListItem","position":3,"name":"Inauguraci\u00f3 de l\u2019estaci\u00f3 del servei de tel\u00e8graf"}]},{"@type":"WebSite","@id":"https:\/\/cartasonorademallorca.com\/es\/#website","url":"https:\/\/cartasonorademallorca.com\/es\/","name":"Carta Sonora de Mallorca","description":"","potentialAction":[{"@type":"SearchAction","target":{"@type":"EntryPoint","urlTemplate":"https:\/\/cartasonorademallorca.com\/es\/?s={search_term_string}"},"query-input":{"@type":"PropertyValueSpecification","valueRequired":true,"valueName":"search_term_string"}}],"inLanguage":"es-ES"}]}},"_links":{"self":[{"href":"https:\/\/cartasonorademallorca.com\/es\/wp-json\/wp\/v2\/listing\/3935","targetHints":{"allow":["GET"]}}],"collection":[{"href":"https:\/\/cartasonorademallorca.com\/es\/wp-json\/wp\/v2\/listing"}],"about":[{"href":"https:\/\/cartasonorademallorca.com\/es\/wp-json\/wp\/v2\/types\/listing"}],"replies":[{"embeddable":true,"href":"https:\/\/cartasonorademallorca.com\/es\/wp-json\/wp\/v2\/comments?post=3935"}],"wp:featuredmedia":[{"embeddable":true,"href":"https:\/\/cartasonorademallorca.com\/es\/wp-json\/wp\/v2\/media\/1994"}],"wp:attachment":[{"href":"https:\/\/cartasonorademallorca.com\/es\/wp-json\/wp\/v2\/media?parent=3935"}],"wp:term":[{"taxonomy":"post_tag","embeddable":true,"href":"https:\/\/cartasonorademallorca.com\/es\/wp-json\/wp\/v2\/tags?post=3935"},{"taxonomy":"listing_category","embeddable":true,"href":"https:\/\/cartasonorademallorca.com\/es\/wp-json\/wp\/v2\/listing_category?post=3935"},{"taxonomy":"listing_location","embeddable":true,"href":"https:\/\/cartasonorademallorca.com\/es\/wp-json\/wp\/v2\/listing_location?post=3935"},{"taxonomy":"listing_feature","embeddable":true,"href":"https:\/\/cartasonorademallorca.com\/es\/wp-json\/wp\/v2\/listing_feature?post=3935"}],"curies":[{"name":"wp","href":"https:\/\/api.w.org\/{rel}","templated":true}]}}

Inauguració de l’estació del servei de telègraf

<p><span style="font-weight: 400;">El diari <em>El Isleño</em> de dia 12 d&#8217;abril de 1890 informà que la banda de Rubí i la de Verdera s’uniren per solemnitzar conjuntament la inauguració de l’estació del servei de telègraf dia 8 d’abril,8. [&#8230;] Els esperava a l’entrada del poble una multitud de </span><span style="font-weight: 400;">gent; a continuació, al compàs de la música que els obria pas, la comitiva arribava al </span><span style="font-weight: 400;">lloc on s’havia de produir la recepció: la casa de la vila, l’església o el casino o local </span><span style="font-weight: 400;">on es reunien els correligionaris, en cas que es tractàs de polítics. En aquesta ocasió, </span><span style="font-weight: 400;">la destinació del seguici era l’estació de Telègrafs i els homenatjats, el director de </span><span style="font-weight: 400;">Telègrafs i alguns tècnics. Hi eren el batle de Llucmajor, Joan Verdera, els batles </span><span style="font-weight: 400;">d’Algaida i de Porreres, el rector i les forces vives del poble. En acabat la benedicció </span><span style="font-weight: 400;">del local, se’ls oferí un banquet, brindaren amb «champagne» pel progrés del poble </span><span style="font-weight: 400;">de Llucmajor i es donà per tancat l’acte.</span></p>
<p><span style="font-weight: 400;">El fet quedà recollit també en l’acta de la sessió </span><span style="font-weight: 400;">plenària de dia 11 d’abril de 1890, en la qual s’explicita que les bandes eren les </span><span style="font-weight: 400;">de Rubí i Verdera i que aquest darrer les dirigia aquell dia.</span></p>
<p><br style="font-weight: 400;" /><br style="font-weight: 400;" /></p>
<p><br style="font-weight: 400;" /><br style="font-weight: 400;" /></p>

<!-- This site is optimized with the Yoast SEO plugin v27.4 - https://yoast.com/product/yoast-seo-wordpress/ -->
<title>Inauguració de l’estació del servei de telègraf - Carta Sonora de Mallorca</title>
<meta name="robots" content="index, follow, max-snippet:-1, max-image-preview:large, max-video-preview:-1" />
<link rel="canonical" href="https://cartasonorademallorca.com/es/listing/inauguracio-de-lestacio-del-servei-de-telegraf/" />
<meta property="og:locale" content="es_ES" />
<meta property="og:type" content="article" />
<meta property="og:title" content="Inauguració de l’estació del servei de telègraf - Carta Sonora de Mallorca" />
<meta property="og:description" content="El diari El Isleño de dia 12 d&#8217;abril de 1890 informà que la banda de Rubí i la de Verdera s’uniren per solemnitzar conjuntament la inauguració de l’estació del servei de telègraf dia 8 d’abril,8. [&#8230;] Els esperava a l’entrada del poble una multitud de gent; a continuació, al compàs de la música que els [&hellip;]" />
<meta property="og:url" content="https://cartasonorademallorca.com/es/listing/inauguracio-de-lestacio-del-servei-de-telegraf/" />
<meta property="og:site_name" content="Carta Sonora de Mallorca" />
<meta property="article:modified_time" content="2023-09-16T22:55:23+00:00" />
<meta property="og:image" content="https://cartasonorademallorca.com/wp-content/uploads/2022/08/empty-1-1.jpg" />
	<meta property="og:image:width" content="400" />
	<meta property="og:image:height" content="234" />
	<meta property="og:image:type" content="image/jpeg" />
<meta name="twitter:card" content="summary_large_image" />
<meta name="twitter:label1" content="Est. reading time" />
	<meta name="twitter:data1" content="2 minutes" />
<script type="application/ld+json" class="yoast-schema-graph">{"@context":"https:\/\/schema.org","@graph":[{"@type":"WebPage","@id":"https:\/\/cartasonorademallorca.com\/es\/listing\/inauguracio-de-lestacio-del-servei-de-telegraf\/","url":"https:\/\/cartasonorademallorca.com\/es\/listing\/inauguracio-de-lestacio-del-servei-de-telegraf\/","name":"Inauguració de l’estació del servei de telègraf - Carta Sonora de Mallorca","isPartOf":{"@id":"https:\/\/cartasonorademallorca.com\/es\/#website"},"primaryImageOfPage":{"@id":"https:\/\/cartasonorademallorca.com\/es\/listing\/inauguracio-de-lestacio-del-servei-de-telegraf\/#primaryimage"},"image":{"@id":"https:\/\/cartasonorademallorca.com\/es\/listing\/inauguracio-de-lestacio-del-servei-de-telegraf\/#primaryimage"},"thumbnailUrl":"https:\/\/cartasonorademallorca.com\/wp-content\/uploads\/2022\/08\/empty-1-1.jpg","datePublished":"2023-09-16T22:54:51+00:00","dateModified":"2023-09-16T22:55:23+00:00","breadcrumb":{"@id":"https:\/\/cartasonorademallorca.com\/es\/listing\/inauguracio-de-lestacio-del-servei-de-telegraf\/#breadcrumb"},"inLanguage":"es-ES","potentialAction":[{"@type":"ReadAction","target":["https:\/\/cartasonorademallorca.com\/es\/listing\/inauguracio-de-lestacio-del-servei-de-telegraf\/"]}]},{"@type":"ImageObject","inLanguage":"es-ES","@id":"https:\/\/cartasonorademallorca.com\/es\/listing\/inauguracio-de-lestacio-del-servei-de-telegraf\/#primaryimage","url":"https:\/\/cartasonorademallorca.com\/wp-content\/uploads\/2022\/08\/empty-1-1.jpg","contentUrl":"https:\/\/cartasonorademallorca.com\/wp-content\/uploads\/2022\/08\/empty-1-1.jpg","width":400,"height":234},{"@type":"BreadcrumbList","@id":"https:\/\/cartasonorademallorca.com\/es\/listing\/inauguracio-de-lestacio-del-servei-de-telegraf\/#breadcrumb","itemListElement":[{"@type":"ListItem","position":1,"name":"Portada","item":"https:\/\/cartasonorademallorca.com\/es\/"},{"@type":"ListItem","position":2,"name":"Llistats","item":"https:\/\/cartasonorademallorca.com\/es\/arxiu\/"},{"@type":"ListItem","position":3,"name":"Inauguració de l’estació del servei de telègraf"}]},{"@type":"WebSite","@id":"https:\/\/cartasonorademallorca.com\/es\/#website","url":"https:\/\/cartasonorademallorca.com\/es\/","name":"Carta Sonora de Mallorca","description":"","potentialAction":[{"@type":"SearchAction","target":{"@type":"EntryPoint","urlTemplate":"https:\/\/cartasonorademallorca.com\/es\/?s={search_term_string}"},"query-input":{"@type":"PropertyValueSpecification","valueRequired":true,"valueName":"search_term_string"}}],"inLanguage":"es-ES"}]}</script>
<!-- / Yoast SEO plugin. -->

Inauguració de l’estació del servei de telègraf - Carta Sonora de Mallorca

El diari El Isleño de dia 12 d&#8217;abril de 1890 informà que la banda de Rubí i la de Verdera s’uniren per solemnitzar conjuntament la inauguració de l’estació del servei de telègraf dia 8 d’abril,8. [&#8230;] Els esperava a l’entrada del poble una multitud de gent; a continuació, al compàs de la música que els [&hellip;]
